deformed-offering

NOAA-style climate reports

2018: Jan | Feb | Mar | Apr | May | Jun | Jul | Aug | Sep | Oct | Nov | Dec 
2017: Jan | Feb | Mar | Apr | May | Jun | Jul | Aug | Sep | Oct | Nov | Dec 
2016: Jan | Feb | Mar | Apr | May | Jun | Jul | Aug | Sep | Oct | Nov | Dec 
2015: Jan | Feb | Mar | Apr | May | Jun | Jul | Aug | Sep | Oct | Nov | Dec 
2014: Jan | Feb | Mar | Apr | May | Jun | Jul | Aug | Sep | Oct | Nov | Dec 
2013: Jan | Feb | Mar | Apr | May | Jun | Jul | Aug | Sep | Oct | Nov | Dec 
2012: Jan | Feb | Mar | Apr | May | Jun | Jul | Aug | Sep | Oct | Nov | Dec 
2011: Jan | Feb | Mar | Apr | May | Jun | Jul | Aug | Sep | Oct | Nov | Dec 
2010: Jan | Feb | Mar | Apr | May | Jun | Jul | Aug | Sep | Oct | Nov | Dec 
2009: Jan | Feb | Mar | Apr | May | Jun | Jul | Aug | Sep | Oct | Nov | Dec 
2008: Jan | Feb | Mar | Apr | May | Jun | Jul | Aug | Sep | Oct | Nov | Dec 
2007: Jan | Feb | Mar | Apr | May | Jun | Jul | Aug | Sep | Oct | Nov | Dec 
2006: Jan | Feb | Mar | Apr | May | Jun | Jul | Aug | Sep | Oct | Nov | Dec 
2005: Jan | Feb | Mar | Apr | May | Jun | Jul | Aug | Sep | Oct | Nov | Dec 
2004: Jan | Feb | Mar | Apr | May | Jun | Jul | Aug | Sep | Oct | Nov | Dec 

Report for 2015 04
MONTHLY CLIMATOLOGICAL SUMMARY for APR. 2015 NAME: KCASARAT1 CITY: Saratoga STATE: CA ELEV: 375 ft LAT: 37 16' 28" N LONG: 122 01' 23" W TEMPERATURE (F), RAIN (in), WIND SPEED (mph) HEAT COOL AVG MEAN DEG DEG WIND DOM DAY TEMP HIGH TIME LOW TIME DAYS DAYS RAIN SPEED HIGH TIME DIR ------------------------------------------------------------------------------------ 1 54.7 70.8 3:10p 41.2 7:20a 10.8 0.5 0.00 1.0 17.0 4:45p W 2 56.0 73.2 4:50p 41.1 6:50a 10.6 1.7 0.00 0.9 16.0 4:10p NNW 3 58.0 77.7 2:00p 40.9 7:05a 9.9 2.9 0.00 0.6 13.0 4:05p N 4 54.1 73.0 3:50p 39.6 6:15a 12.1 1.2 0.00 0.7 12.0 12:25p W 5 51.0 64.5 4:05p 40.8 6:50a 14.0 0.0 0.00 0.6 13.0 4:20p W 6 52.5 67.1 3:25p 38.8 6:10a 12.6 0.1 0.00 1.1 18.0 10:30p S 7 52.6 62.1 12:35p 45.1 11:10p 12.4 0.0 1.07 1.0 18.0 2:05a W 8 55.0 68.3 3:50p 46.1 12:05a 10.3 0.3 0.02 0.5 12.0 4:30p N 9 56.9 75.8 4:15p 41.6 6:55a 10.0 1.9 0.00 0.3 10.0 5:00p NNW 10 58.2 76.1 1:55p 42.8 6:55a 9.1 2.3 0.00 0.5 12.0 2:15p N 11 58.4 76.5 3:50p 42.8 6:50a 9.1 2.6 0.00 0.8 17.0 3:25p N 12 63.1 83.0 4:15p 45.5 6:50a 7.1 5.2 0.00 0.5 10.0 3:05p NNW 13 58.3 69.9 4:25p 47.7 6:00a 7.6 0.9 0.00 0.8 14.0 5:45p N 14 56.3 68.3 3:05p 46.7 6:25a 9.1 0.4 0.00 1.5 14.0 10:15a NNW 15 59.3 76.0 3:20p 43.1 6:05a 8.5 2.8 0.00 0.9 13.0 4:10p NNW 16 65.4 86.3 3:45p 47.0 6:30a 6.1 6.5 0.00 0.4 10.0 9:25a NNW 17 65.2 85.7 2:25p 46.7 6:55a 6.2 6.4 0.00 0.6 14.0 4:35p NNE 18 62.5 81.8 2:45p 45.7 5:05a 7.0 4.4 0.00 0.4 11.0 3:50p NNE 19 60.8 78.8 3:00p 49.4 3:05a 6.6 2.4 0.00 0.5 10.0 3:40p N 20 60.8 74.9 1:40p 54.7 6:30a 5.8 1.6 0.00 0.6 13.0 3:00p N 21 59.6 72.3 4:15p 51.4 4:30a 6.6 1.2 0.00 0.5 13.0 11:45a ESE 22 58.9 74.9 3:15p 46.7 6:50a 7.7 1.6 0.00 0.8 13.0 4:55p NNE 23 60.1 73.5 4:15p 49.4 4:30a 6.7 1.7 0.00 0.7 13.0 12:55p ESE 24 59.2 73.2 3:25p 46.4 6:30a 7.5 1.6 0.00 0.8 16.0 12:45p NNW 25 58.1 69.4 2:45p 50.2 11:35p 7.2 0.3 0.39 0.7 14.0 2:50p W 26 60.8 77.4 3:25p 44.6 6:40a 7.3 3.1 0.00 0.9 13.0 12:15p NNW 27 67.2 88.6 3:25p 49.6 5:50a 5.5 7.7 0.00 0.7 13.0 5:30p N 28 62.6 76.5 4:25p 53.2 12:00m 5.2 2.8 0.00 0.6 12.0 3:20p N 29 61.9 78.1 2:10p 47.3 6:20a 6.8 3.7 0.00 0.5 11.0 3:30p N 30 70.9 93.8 4:15p 47.7 6:15a 5.4 11.4 0.00 0.4 10.0 9:05a NNW ------------------------------------------------------------------------------------- 59.3 93.8 30 38.8 6 250.8 79.2 1.48 0.7 18.0 6 NNW Max >= 90.0: 1 Max <= 32.0: 0 Min <= 32.0: 0 Min <= 0.0: 0 Max Rain: 1.07 ON 04/07/15 Days of Rain: 3 (>.01 in) 2 (>.1 in) 1 (>1 in) Heat Base: 65.0 Cool Base: 65.0 Method: Integration

These reports are produced by WeatherLink V6.0.3.

deformed-offering