deformed-offering

NOAA-style climate reports

2018: Jan | Feb | Mar | Apr | May | Jun | Jul | Aug | Sep | Oct | Nov | Dec 
2017: Jan | Feb | Mar | Apr | May | Jun | Jul | Aug | Sep | Oct | Nov | Dec 
2016: Jan | Feb | Mar | Apr | May | Jun | Jul | Aug | Sep | Oct | Nov | Dec 
2015: Jan | Feb | Mar | Apr | May | Jun | Jul | Aug | Sep | Oct | Nov | Dec 
2014: Jan | Feb | Mar | Apr | May | Jun | Jul | Aug | Sep | Oct | Nov | Dec 
2013: Jan | Feb | Mar | Apr | May | Jun | Jul | Aug | Sep | Oct | Nov | Dec 
2012: Jan | Feb | Mar | Apr | May | Jun | Jul | Aug | Sep | Oct | Nov | Dec 
2011: Jan | Feb | Mar | Apr | May | Jun | Jul | Aug | Sep | Oct | Nov | Dec 
2010: Jan | Feb | Mar | Apr | May | Jun | Jul | Aug | Sep | Oct | Nov | Dec 
2009: Jan | Feb | Mar | Apr | May | Jun | Jul | Aug | Sep | Oct | Nov | Dec 
2008: Jan | Feb | Mar | Apr | May | Jun | Jul | Aug | Sep | Oct | Nov | Dec 
2007: Jan | Feb | Mar | Apr | May | Jun | Jul | Aug | Sep | Oct | Nov | Dec 
2006: Jan | Feb | Mar | Apr | May | Jun | Jul | Aug | Sep | Oct | Nov | Dec 
2005: Jan | Feb | Mar | Apr | May | Jun | Jul | Aug | Sep | Oct | Nov | Dec 
2004: Jan | Feb | Mar | Apr | May | Jun | Jul | Aug | Sep | Oct | Nov | Dec 

Report for 2015
ANNUAL CLIMATOLOGICAL SUMMARY NAME: KCASARAT1 CITY: Saratoga STATE: CA ELEV: 375 ft LAT: 37 16' 28" N LONG: 122 01' 23" W TEMPERATURE (F), HEAT BASE 65.0, COOL BASE 65.0 DEP. HEAT COOL MEAN MEAN FROM DEG DEG MAX MAX MIN MIN YR MO MAX MIN MEAN NORM DAYS DAYS HI DATE LOW DATE >=90 <=32 <=32 <=0 ------------------------------------------------------------------------------------ 15 1 65.1 40.8 51.0 1.5 441 8 74.4 31 30.7 1 0 0 3 0 15 2 69.9 46.0 56.4 5.3 267 26 79.6 13 36.2 24 0 0 0 0 15 3 76.8 46.3 59.8 4.4 249 86 93.2 14 39.1 4 1 0 0 0 15 4 75.6 45.8 59.3 3.3 251 79 93.8 30 38.8 6 1 0 0 0 15 5 74.9 50.8 60.6 0.5 202 65 91.4 1 43.6 6 1 0 0 0 15 6 87.4 55.1 69.4 4.4 88 220 103.8 8 49.2 3 10 0 0 0 15 7 87.3 58.7 71.1 3.8 50 238 99.9 1 50.7 24 9 0 0 0 15 8 87.3 58.4 71.3 4.0 48 244 103.8 16 52.5 9 7 0 0 0 15 9 88.0 55.8 70.1 3.6 83 236 103.1 8 47.3 4 12 0 0 0 15 10 82.8 53.6 65.7 5.2 129 152 98.2 13 46.7 26 3 0 0 0 15 11 64.8 41.5 51.5 -2.5 418 14 75.8 1 30.7 29 0 0 2 0 15 12 58.2 40.4 48.7 -1.6 507 2 72.1 9 29.1 27 0 0 1 0 ------------------------------------------------------------------------------------ 76.5 49.5 61.3 2.7 2731 1371 103.8 JUN 29.1 DEC 44 0 6 0 PRECIPITATION (in) DEP. MAX DAYS OF RAIN FROM OBS. OVER YR MO TOTAL NORM DAY DATE .01 .1 1 --------------------------------------------- 15 1 0.07 -1.53 0.01 5 0 0 0 15 2 4.90 1.60 2.85 6 5 3 2 15 3 0.22 -1.08 0.08 11 4 0 0 15 4 1.48 -0.22 1.07 7 3 2 1 15 5 0.07 -0.43 0.05 7 2 0 0 15 6 0.11 0.11 0.10 10 1 0 0 15 7 0.00 0.00 0.00 1 0 0 0 15 8 0.00 0.00 0.00 1 0 0 0 15 9 0.01 0.01 0.01 30 0 0 0 15 10 0.11 0.11 0.03 27 2 0 0 15 11 2.64 0.14 1.45 2 6 4 1 15 12 2.86 -6.54 0.50 21 11 8 0 --------------------------------------------- 12.47 -7.83 2.85 FEB 34 17 4 WIND SPEED (mph) DOM YR MO AVG. HI DATE DIR --------------------------------- 15 1 0.3 30.0 27 NNW 15 2 0.8 34.0 6 NNW 15 3 0.5 19.0 31 NNW 15 4 0.7 18.0 6 NNW 15 5 0.6 16.0 12 N 15 6 0.6 17.0 27 N 15 7 0.7 16.0 12 N 15 8 0.7 16.0 14 N 15 9 0.4 18.0 14 N 15 10 0.3 17.0 29 N 15 11 0.5 25.0 15 NNW 15 12 0.7 31.0 3 NW --------------------------------- 0.6 34.0 FEB N

These reports are produced by WeatherLink V6.0.3.

deformed-offering