deformed-offering

NOAA-style climate reports

2018: Jan | Feb | Mar | Apr | May | Jun | Jul | Aug | Sep | Oct | Nov | Dec 
2017: Jan | Feb | Mar | Apr | May | Jun | Jul | Aug | Sep | Oct | Nov | Dec 
2016: Jan | Feb | Mar | Apr | May | Jun | Jul | Aug | Sep | Oct | Nov | Dec 
2015: Jan | Feb | Mar | Apr | May | Jun | Jul | Aug | Sep | Oct | Nov | Dec 
2014: Jan | Feb | Mar | Apr | May | Jun | Jul | Aug | Sep | Oct | Nov | Dec 
2013: Jan | Feb | Mar | Apr | May | Jun | Jul | Aug | Sep | Oct | Nov | Dec 
2012: Jan | Feb | Mar | Apr | May | Jun | Jul | Aug | Sep | Oct | Nov | Dec 
2011: Jan | Feb | Mar | Apr | May | Jun | Jul | Aug | Sep | Oct | Nov | Dec 
2010: Jan | Feb | Mar | Apr | May | Jun | Jul | Aug | Sep | Oct | Nov | Dec 
2009: Jan | Feb | Mar | Apr | May | Jun | Jul | Aug | Sep | Oct | Nov | Dec 
2008: Jan | Feb | Mar | Apr | May | Jun | Jul | Aug | Sep | Oct | Nov | Dec 
2007: Jan | Feb | Mar | Apr | May | Jun | Jul | Aug | Sep | Oct | Nov | Dec 
2006: Jan | Feb | Mar | Apr | May | Jun | Jul | Aug | Sep | Oct | Nov | Dec 
2005: Jan | Feb | Mar | Apr | May | Jun | Jul | Aug | Sep | Oct | Nov | Dec 
2004: Jan | Feb | Mar | Apr | May | Jun | Jul | Aug | Sep | Oct | Nov | Dec 

Report for 2014 10
MONTHLY CLIMATOLOGICAL SUMMARY for OCT. 2014 NAME: KCASARAT1 CITY: Saratoga STATE: CA ELEV: 375 ft LAT: 37 16' 28" N LONG: 122 01' 23" W TEMPERATURE (F), RAIN (in), WIND SPEED (mph) HEAT COOL AVG MEAN DEG DEG WIND DOM DAY TEMP HIGH TIME LOW TIME DAYS DAYS RAIN SPEED HIGH TIME DIR ------------------------------------------------------------------------------------ 1 68.8 88.0 3:05p 53.5 6:55a 3.8 7.6 0.01 0.6 11.0 2:20p N 2 72.0 94.0 4:45p 52.3 6:55a 3.6 10.6 0.00 0.2 10.0 3:00p NNW 3 75.2 97.3 4:30p 56.6 7:20a 1.9 12.1 0.00 0.2 8.0 2:10p NW 4 75.9 98.0 3:35p 57.6 7:30a 1.4 12.3 0.00 0.2 8.0 1:35p NNW 5 74.4 97.1 2:45p 57.2 7:30a 2.0 11.4 0.00 0.2 7.0 1:05p NNE 6 71.9 94.5 3:20p 53.2 6:20a 2.9 9.8 0.00 0.2 7.0 2:15p N 7 67.7 89.9 3:10p 53.9 5:20a 3.9 6.6 0.00 0.2 8.0 5:20p N 8 69.1 92.7 4:00p 53.3 7:00a 4.1 8.1 0.00 0.4 14.0 2:30p N 9 64.9 83.2 3:00p 52.9 5:05a 4.5 4.4 0.00 0.2 7.0 4:10p N 10 63.5 76.8 2:35p 56.2 12:35a 4.2 2.6 0.00 0.3 10.0 3:35p NNW 11 64.7 83.0 3:00p 51.4 3:40a 4.9 4.7 0.00 0.2 8.0 3:35p N 12 71.0 91.4 3:55p 54.1 2:40a 3.2 9.2 0.00 0.5 11.0 2:10p NNW 13 71.9 93.4 12:50p 56.7 5:10a 2.2 9.1 0.00 0.3 10.0 2:50p SSW 14 63.0 70.4 1:40p 53.5 7:25a 3.2 1.2 0.00 1.6 22.0 10:25p S 15 65.2 76.7 12:10p 56.7 12:00m 2.3 2.5 0.00 1.3 19.0 12:05a SSW 16 61.6 75.8 3:15p 52.5 7:45a 5.8 2.4 0.00 0.2 10.0 3:30p NNW 17 62.0 78.1 12:45p 49.1 3:45a 6.4 3.4 0.00 0.4 11.0 1:30p S 18 65.6 81.4 2:55p 53.2 6:45a 4.2 4.8 0.00 0.4 12.0 2:55p N 19 64.9 82.2 2:20p 53.3 7:45a 3.9 3.8 0.00 0.4 12.0 3:15p N 20 60.8 73.9 10:45a 52.0 11:40p 4.9 0.7 0.04 0.3 14.0 12:15p E 21 58.8 73.3 3:35p 49.2 7:10a 7.8 1.6 0.00 0.7 13.0 4:05p NNW 22 61.2 75.8 2:25p 48.6 7:25a 6.8 2.9 0.00 0.4 10.0 1:40p NNW 23 63.4 77.6 2:20p 53.5 7:40a 4.9 3.4 0.00 0.4 10.0 2:45p NNE 24 63.8 84.3 2:30p 50.7 7:20a 5.1 3.9 0.00 0.6 12.0 1:05p ESE 25 63.1 71.3 3:40p 54.4 12:00m 3.0 1.1 0.12 0.8 14.0 4:30a ESE 26 57.8 70.4 3:10p 49.9 7:10a 8.0 0.7 0.01 1.0 18.0 11:40a NNW 27 57.5 74.2 2:35p 45.7 7:45a 9.0 1.6 0.00 0.3 10.0 5:55p N 28 59.4 77.4 3:30p 45.5 6:55a 8.4 2.8 0.00 0.4 11.0 3:45p NNW 29 63.7 84.0 3:40p 49.2 4:35a 6.3 4.9 0.00 0.2 8.0 1:20p NNW 30 64.2 81.6 1:30p 55.4 3:20a 4.1 3.4 0.00 0.2 12.0 2:05p S 31 58.4 62.7 11:55a 52.3 11:50p 6.6 0.0 0.37 0.5 16.0 9:45a ESE ------------------------------------------------------------------------------------- 65.3 98.0 4 45.5 28 143.3 153.6 0.55 0.4 22.0 14 NNW Max >= 90.0: 8 Max <= 32.0: 0 Min <= 32.0: 0 Min <= 0.0: 0 Max Rain: 0.37 ON 10/31/14 Days of Rain: 3 (>.01 in) 2 (>.1 in) 0 (>1 in) Heat Base: 65.0 Cool Base: 65.0 Method: Integration

These reports are produced by WeatherLink V6.0.3.

deformed-offering