deformed-offering

NOAA-style climate reports

2018: Jan | Feb | Mar | Apr | May | Jun | Jul | Aug | Sep | Oct | Nov | Dec 
2017: Jan | Feb | Mar | Apr | May | Jun | Jul | Aug | Sep | Oct | Nov | Dec 
2016: Jan | Feb | Mar | Apr | May | Jun | Jul | Aug | Sep | Oct | Nov | Dec 
2015: Jan | Feb | Mar | Apr | May | Jun | Jul | Aug | Sep | Oct | Nov | Dec 
2014: Jan | Feb | Mar | Apr | May | Jun | Jul | Aug | Sep | Oct | Nov | Dec 
2013: Jan | Feb | Mar | Apr | May | Jun | Jul | Aug | Sep | Oct | Nov | Dec 
2012: Jan | Feb | Mar | Apr | May | Jun | Jul | Aug | Sep | Oct | Nov | Dec 
2011: Jan | Feb | Mar | Apr | May | Jun | Jul | Aug | Sep | Oct | Nov | Dec 
2010: Jan | Feb | Mar | Apr | May | Jun | Jul | Aug | Sep | Oct | Nov | Dec 
2009: Jan | Feb | Mar | Apr | May | Jun | Jul | Aug | Sep | Oct | Nov | Dec 
2008: Jan | Feb | Mar | Apr | May | Jun | Jul | Aug | Sep | Oct | Nov | Dec 
2007: Jan | Feb | Mar | Apr | May | Jun | Jul | Aug | Sep | Oct | Nov | Dec 
2006: Jan | Feb | Mar | Apr | May | Jun | Jul | Aug | Sep | Oct | Nov | Dec 
2005: Jan | Feb | Mar | Apr | May | Jun | Jul | Aug | Sep | Oct | Nov | Dec 
2004: Jan | Feb | Mar | Apr | May | Jun | Jul | Aug | Sep | Oct | Nov | Dec 

Report for 2014 09
MONTHLY CLIMATOLOGICAL SUMMARY for SEP. 2014 NAME: KCASARAT1 CITY: Saratoga STATE: CA ELEV: 375 ft LAT: 37 16' 28" N LONG: 122 01' 23" W TEMPERATURE (F), RAIN (in), WIND SPEED (mph) HEAT COOL AVG MEAN DEG DEG WIND DOM DAY TEMP HIGH TIME LOW TIME DAYS DAYS RAIN SPEED HIGH TIME DIR ------------------------------------------------------------------------------------ 1 73.6 93.8 1:35p 55.6 7:05a 2.5 11.1 0.00 0.5 11.0 2:10p N 2 69.4 84.3 1:25p 57.8 5:55a 1.6 5.9 0.00 0.7 11.0 1:00p NNE 3 68.8 87.2 4:15p 58.0 3:20a 2.4 6.2 0.00 0.6 11.0 5:15p N 4 69.0 87.4 2:40p 58.3 2:35a 2.1 6.1 0.00 0.5 11.0 5:45p N 5 67.5 82.0 3:30p 57.0 4:30a 2.3 4.8 0.00 0.7 11.0 3:45p NNW 6 67.3 83.4 3:00p 59.2 12:20a 2.3 4.6 0.00 0.6 11.0 3:30p N 7 66.3 81.1 2:10p 58.1 7:20a 2.8 4.1 0.00 0.7 11.0 3:45p N 8 64.5 76.3 12:55p 56.3 11:00p 3.2 2.7 0.00 0.8 12.0 12:45p N 9 66.2 83.4 3:30p 53.1 6:30a 3.9 5.1 0.00 0.4 10.0 3:30p N 10 71.1 97.8 4:10p 52.3 4:35a 3.7 9.9 0.00 0.3 8.0 3:45p N 11 73.1 95.9 2:30p 55.4 7:20a 2.3 10.4 0.00 0.4 10.0 3:15p N 12 72.5 92.5 3:10p 55.7 6:50a 2.3 9.8 0.00 0.3 8.0 2:20p N 13 70.6 89.3 3:20p 58.4 5:25a 1.5 7.0 0.00 0.4 8.0 2:45p N 14 71.1 86.1 1:10p 58.4 4:25a 1.7 7.8 0.00 0.4 11.0 2:05p NNE 15 68.1 83.6 2:05p 57.0 6:10a 2.2 5.4 0.00 0.6 11.0 2:35p N 16 68.8 86.7 2:55p 53.3 7:05a 3.4 7.2 0.00 0.4 11.0 2:35p N 17 71.7 92.9 2:15p 56.5 4:35a 2.1 8.8 0.00 0.9 17.0 1:55p ESE 18 72.1 85.9 4:35p 64.5 10:40p 0.0 7.1 0.00 0.8 13.0 1:20p SSW 19 69.8 83.8 2:15p 59.6 7:35a 1.2 6.0 0.00 0.6 10.0 3:15p N 20 68.8 84.1 1:40p 60.7 3:00a 1.1 4.9 0.00 0.6 12.0 2:40p NNE 21 68.3 80.7 12:55p 63.1 7:30a 0.6 3.8 0.00 0.8 14.0 2:25p N 22 69.3 84.7 3:25p 61.3 11:55p 0.7 4.9 0.00 0.6 12.0 4:20p N 23 68.0 85.3 2:50p 56.2 7:15a 2.6 5.5 0.00 0.5 12.0 5:25p N 24 70.5 85.7 2:00p 59.0 5:45a 1.0 6.6 0.00 0.5 14.0 3:50p N 25 64.7 75.6 3:10p 56.7 12:00m 2.4 2.1 0.47 0.5 11.0 4:20p NNW 26 62.8 74.6 4:20p 54.1 4:55a 4.3 2.1 0.02 0.6 16.0 5:20p W 27 65.6 80.9 4:05p 56.7 7:40a 3.4 4.0 0.00 0.5 10.0 1:35p SW 28 64.4 81.1 3:20p 53.2 7:10a 4.2 3.5 0.00 0.6 12.0 4:50p N 29 64.8 78.1 3:25p 55.3 7:20a 3.3 3.2 0.00 0.6 11.0 4:05p NNE 30 64.9 79.8 2:30p 52.2 7:15a 4.2 4.1 0.00 0.5 12.0 4:40p N ------------------------------------------------------------------------------------- 68.5 97.8 10 52.2 30 71.3 174.7 0.49 0.6 17.0 17 N Max >= 90.0: 5 Max <= 32.0: 0 Min <= 32.0: 0 Min <= 0.0: 0 Max Rain: 0.47 ON 09/25/14 Days of Rain: 2 (>.01 in) 1 (>.1 in) 0 (>1 in) Heat Base: 65.0 Cool Base: 65.0 Method: Integration

These reports are produced by WeatherLink V6.0.3.

deformed-offering