deformed-offering

NOAA-style climate reports

2018: Jan | Feb | Mar | Apr | May | Jun | Jul | Aug | Sep | Oct | Nov | Dec 
2017: Jan | Feb | Mar | Apr | May | Jun | Jul | Aug | Sep | Oct | Nov | Dec 
2016: Jan | Feb | Mar | Apr | May | Jun | Jul | Aug | Sep | Oct | Nov | Dec 
2015: Jan | Feb | Mar | Apr | May | Jun | Jul | Aug | Sep | Oct | Nov | Dec 
2014: Jan | Feb | Mar | Apr | May | Jun | Jul | Aug | Sep | Oct | Nov | Dec 
2013: Jan | Feb | Mar | Apr | May | Jun | Jul | Aug | Sep | Oct | Nov | Dec 
2012: Jan | Feb | Mar | Apr | May | Jun | Jul | Aug | Sep | Oct | Nov | Dec 
2011: Jan | Feb | Mar | Apr | May | Jun | Jul | Aug | Sep | Oct | Nov | Dec 
2010: Jan | Feb | Mar | Apr | May | Jun | Jul | Aug | Sep | Oct | Nov | Dec 
2009: Jan | Feb | Mar | Apr | May | Jun | Jul | Aug | Sep | Oct | Nov | Dec 
2008: Jan | Feb | Mar | Apr | May | Jun | Jul | Aug | Sep | Oct | Nov | Dec 
2007: Jan | Feb | Mar | Apr | May | Jun | Jul | Aug | Sep | Oct | Nov | Dec 
2006: Jan | Feb | Mar | Apr | May | Jun | Jul | Aug | Sep | Oct | Nov | Dec 
2005: Jan | Feb | Mar | Apr | May | Jun | Jul | Aug | Sep | Oct | Nov | Dec 
2004: Jan | Feb | Mar | Apr | May | Jun | Jul | Aug | Sep | Oct | Nov | Dec 

Report for 2014 08
MONTHLY CLIMATOLOGICAL SUMMARY for AUG. 2014 NAME: KCASARAT1 CITY: Saratoga STATE: CA ELEV: 375 ft LAT: 37 16' 28" N LONG: 122 01' 23" W TEMPERATURE (F), RAIN (in), WIND SPEED (mph) HEAT COOL AVG MEAN DEG DEG WIND DOM DAY TEMP HIGH TIME LOW TIME DAYS DAYS RAIN SPEED HIGH TIME DIR ------------------------------------------------------------------------------------ 1 74.3 93.2 3:50p 56.6 6:25a 1.3 10.6 0.00 0.5 10.0 4:45p N 2 69.4 83.4 1:20p 60.2 3:35a 1.5 5.9 0.00 0.9 11.0 1:35p N 3 67.8 82.4 1:30p 59.8 4:50a 1.8 4.7 0.00 0.8 11.0 2:40p N 4 69.6 85.9 2:45p 59.8 7:45a 1.4 6.0 0.00 0.9 13.0 4:20p N 5 70.2 88.2 3:50p 61.0 6:05a 0.9 6.0 0.00 0.7 17.0 3:55p N 6 73.9 89.9 1:20p 64.7 2:05a 0.0 8.9 0.00 0.8 14.0 3:25p N 7 70.4 86.1 1:20p 61.3 12:00m 1.0 6.4 0.00 0.7 11.0 3:45p N 8 69.6 86.7 2:25p 55.7 5:10a 2.7 7.2 0.00 0.6 11.0 2:00p NNE 9 66.4 83.2 1:10p 54.4 6:40a 3.4 4.9 0.00 0.9 12.0 1:55p N 10 68.5 87.0 1:55p 58.6 6:15a 2.3 5.8 0.00 0.7 11.0 2:45p NNW 11 69.5 84.0 1:40p 56.9 4:45a 2.1 6.5 0.00 0.8 12.0 2:50p N 12 67.6 85.1 1:15p 54.4 6:35a 3.0 5.6 0.01 1.0 14.0 2:45p N 13 70.3 85.3 2:45p 57.8 7:10a 1.4 6.6 0.00 0.9 14.0 3:30p N 14 70.1 85.1 3:15p 58.0 6:30a 1.8 6.9 0.00 0.8 12.0 1:35p N 15 70.0 86.7 3:25p 55.0 5:15a 2.5 7.5 0.00 0.7 11.0 3:15p N 16 70.7 87.8 1:30p 58.6 1:25a 1.8 7.4 0.00 0.6 11.0 3:10p N 17 68.3 87.2 2:25p 54.1 5:25a 3.0 6.3 0.00 0.7 12.0 2:35p N 18 67.8 83.8 1:10p 59.0 7:10a 2.1 4.8 0.00 0.9 11.0 1:55p N 19 69.4 84.9 3:00p 61.5 2:50a 1.3 5.7 0.00 0.7 14.0 11:35a N 20 68.8 85.1 4:45p 57.6 4:30a 2.2 6.1 0.00 1.1 18.0 1:00p ESE 21 69.8 86.3 3:35p 55.9 6:45a 2.4 7.2 0.00 0.8 12.0 2:30p N 22 69.3 87.6 1:40p 56.7 6:20a 2.4 6.7 0.00 0.7 13.0 5:10p N 23 67.8 86.3 1:40p 53.5 7:20a 3.3 6.1 0.00 0.8 12.0 2:00p N 24 68.4 82.2 12:40p 57.3 5:05a 2.0 5.4 0.00 0.8 12.0 2:05p N 25 67.1 85.3 3:10p 55.6 6:50a 2.7 4.8 0.00 0.8 14.0 3:45p N 26 67.1 83.8 2:55p 53.3 6:55a 3.6 5.7 0.00 0.7 11.0 1:25p N 27 71.0 88.6 3:25p 56.6 6:45a 2.3 8.3 0.00 0.6 12.0 2:30p N 28 69.9 89.7 3:50p 57.0 4:00a 2.2 7.0 0.00 0.5 11.0 5:40p N 29 69.9 90.5 2:00p 60.1 1:45a 1.4 6.3 0.00 0.5 16.0 3:00p N 30 72.9 90.7 2:50p 57.5 6:55a 1.6 9.5 0.00 0.5 13.0 3:10p N 31 70.6 88.0 3:30p 54.2 6:05a 2.5 8.1 0.00 0.6 11.0 4:50p N ------------------------------------------------------------------------------------- 69.6 93.2 1 53.3 26 63.9 204.9 0.01 0.7 18.0 20 N Max >= 90.0: 3 Max <= 32.0: 0 Min <= 32.0: 0 Min <= 0.0: 0 Max Rain: 0.01 ON 08/12/14 Days of Rain: 0 (>.01 in) 0 (>.1 in) 0 (>1 in) Heat Base: 65.0 Cool Base: 65.0 Method: Integration

These reports are produced by WeatherLink V6.0.3.

deformed-offering