deformed-offering

NOAA-style climate reports

2018: Jan | Feb | Mar | Apr | May | Jun | Jul | Aug | Sep | Oct | Nov | Dec 
2017: Jan | Feb | Mar | Apr | May | Jun | Jul | Aug | Sep | Oct | Nov | Dec 
2016: Jan | Feb | Mar | Apr | May | Jun | Jul | Aug | Sep | Oct | Nov | Dec 
2015: Jan | Feb | Mar | Apr | May | Jun | Jul | Aug | Sep | Oct | Nov | Dec 
2014: Jan | Feb | Mar | Apr | May | Jun | Jul | Aug | Sep | Oct | Nov | Dec 
2013: Jan | Feb | Mar | Apr | May | Jun | Jul | Aug | Sep | Oct | Nov | Dec 
2012: Jan | Feb | Mar | Apr | May | Jun | Jul | Aug | Sep | Oct | Nov | Dec 
2011: Jan | Feb | Mar | Apr | May | Jun | Jul | Aug | Sep | Oct | Nov | Dec 
2010: Jan | Feb | Mar | Apr | May | Jun | Jul | Aug | Sep | Oct | Nov | Dec 
2009: Jan | Feb | Mar | Apr | May | Jun | Jul | Aug | Sep | Oct | Nov | Dec 
2008: Jan | Feb | Mar | Apr | May | Jun | Jul | Aug | Sep | Oct | Nov | Dec 
2007: Jan | Feb | Mar | Apr | May | Jun | Jul | Aug | Sep | Oct | Nov | Dec 
2006: Jan | Feb | Mar | Apr | May | Jun | Jul | Aug | Sep | Oct | Nov | Dec 
2005: Jan | Feb | Mar | Apr | May | Jun | Jul | Aug | Sep | Oct | Nov | Dec 
2004: Jan | Feb | Mar | Apr | May | Jun | Jul | Aug | Sep | Oct | Nov | Dec 

Report for 2014 06
MONTHLY CLIMATOLOGICAL SUMMARY for JUN. 2014 NAME: KCASARAT1 CITY: Saratoga STATE: CA ELEV: 375 ft LAT: 37 16' 28" N LONG: 122 01' 23" W TEMPERATURE (F), RAIN (in), WIND SPEED (mph) HEAT COOL AVG MEAN DEG DEG WIND DOM DAY TEMP HIGH TIME LOW TIME DAYS DAYS RAIN SPEED HIGH TIME DIR ------------------------------------------------------------------------------------ 1 67.3 87.4 1:30p 49.8 5:10a 4.8 7.1 0.00 0.6 11.0 3:00p N 2 64.1 81.1 3:15p 52.3 5:45a 5.0 4.1 0.00 0.8 13.0 3:00p ESE 3 64.5 84.0 2:50p 50.4 4:55a 5.4 4.8 0.00 0.7 12.0 3:10p N 4 68.0 89.3 2:20p 50.2 4:40a 4.5 7.5 0.00 0.5 12.0 4:05p N 5 69.1 89.3 1:25p 52.8 5:45a 3.4 7.5 0.00 0.6 11.0 2:20p N 6 66.2 84.0 2:50p 51.6 5:40a 4.2 5.4 0.00 0.8 14.0 3:55p N 7 69.4 87.8 1:40p 53.9 6:05a 3.4 7.8 0.00 0.5 13.0 5:15p N 8 78.6 103.1 3:10p 55.1 5:55a 2.3 15.9 0.00 0.5 11.0 3:20p N 9 77.9 99.4 2:50p 59.8 6:00a 0.7 13.5 0.00 0.5 11.0 12:45p N 10 69.5 82.6 12:25p 57.5 6:10a 1.9 6.4 0.00 0.9 11.0 2:15p N 11 66.8 84.5 3:30p 53.5 6:20a 3.5 5.3 0.00 1.1 14.0 11:25a ESE 12 64.3 76.3 3:55p 53.2 3:50a 4.2 3.5 0.00 1.0 13.0 3:10p N 13 66.5 84.9 3:00p 47.7 6:20a 5.1 6.6 0.00 0.9 12.0 2:35p NNE 14 69.9 91.0 3:25p 52.8 4:55a 3.8 8.7 0.00 0.8 14.0 4:05p N 15 64.7 80.1 2:25p 51.3 6:05a 4.6 4.3 0.00 0.8 11.0 1:35p N 16 63.0 80.7 2:30p 52.2 3:30a 5.4 3.5 0.00 0.8 14.0 11:55a NNW 17 64.5 83.0 4:55p 46.0 4:55a 6.1 5.7 0.00 1.0 16.0 4:15p NNW 18 71.8 92.5 2:55p 50.8 5:55a 4.0 10.8 0.00 0.8 17.0 4:25p NNW 19 67.2 85.7 1:45p 50.4 6:00a 4.1 6.3 0.00 0.7 11.0 2:10p N 20 69.8 90.1 3:20p 51.1 4:35a 4.0 8.9 0.00 1.1 19.0 3:30p N 21 64.3 80.7 12:05p 51.1 6:15a 4.4 3.7 0.00 0.6 12.0 5:55p N 22 63.4 82.0 12:20p 47.9 5:50a 6.0 4.4 0.00 0.8 12.0 1:35p N 23 67.7 84.7 2:30p 51.9 6:35a 3.7 6.4 0.00 0.7 12.0 4:00p N 24 69.3 82.4 11:45a 52.8 5:40a 3.2 7.4 0.00 0.6 12.0 3:10p NNE 25 66.7 80.3 2:30p 56.0 3:55a 2.6 4.3 0.00 1.1 18.0 4:15p N 26 68.6 79.8 2:40p 59.6 12:00m 1.5 5.1 0.00 1.2 16.0 3:25p N 27 68.5 82.6 1:45p 55.3 5:35a 2.5 6.0 0.00 1.0 14.0 1:50p N 28 69.5 82.6 1:35p 55.7 6:25a 2.1 6.6 0.00 0.7 12.0 2:15p N 29 73.2 93.2 3:05p 53.1 6:15a 2.9 11.1 0.00 0.7 11.0 12:50p N 30 76.7 102.0 1:55p 58.0 6:15a 1.3 13.0 0.00 0.5 10.0 4:35p N ------------------------------------------------------------------------------------- 68.4 103.1 8 46.0 17 110.6 211.6 0.00 0.8 19.0 20 N Max >= 90.0: 7 Max <= 32.0: 0 Min <= 32.0: 0 Min <= 0.0: 0 Max Rain: 0.00 ON 06/01/14 Days of Rain: 0 (>.01 in) 0 (>.1 in) 0 (>1 in) Heat Base: 65.0 Cool Base: 65.0 Method: Integration

These reports are produced by WeatherLink V6.0.3.

deformed-offering