deformed-offering

NOAA-style climate reports

2018: Jan | Feb | Mar | Apr | May | Jun | Jul | Aug | Sep | Oct | Nov | Dec 
2017: Jan | Feb | Mar | Apr | May | Jun | Jul | Aug | Sep | Oct | Nov | Dec 
2016: Jan | Feb | Mar | Apr | May | Jun | Jul | Aug | Sep | Oct | Nov | Dec 
2015: Jan | Feb | Mar | Apr | May | Jun | Jul | Aug | Sep | Oct | Nov | Dec 
2014: Jan | Feb | Mar | Apr | May | Jun | Jul | Aug | Sep | Oct | Nov | Dec 
2013: Jan | Feb | Mar | Apr | May | Jun | Jul | Aug | Sep | Oct | Nov | Dec 
2012: Jan | Feb | Mar | Apr | May | Jun | Jul | Aug | Sep | Oct | Nov | Dec 
2011: Jan | Feb | Mar | Apr | May | Jun | Jul | Aug | Sep | Oct | Nov | Dec 
2010: Jan | Feb | Mar | Apr | May | Jun | Jul | Aug | Sep | Oct | Nov | Dec 
2009: Jan | Feb | Mar | Apr | May | Jun | Jul | Aug | Sep | Oct | Nov | Dec 
2008: Jan | Feb | Mar | Apr | May | Jun | Jul | Aug | Sep | Oct | Nov | Dec 
2007: Jan | Feb | Mar | Apr | May | Jun | Jul | Aug | Sep | Oct | Nov | Dec 
2006: Jan | Feb | Mar | Apr | May | Jun | Jul | Aug | Sep | Oct | Nov | Dec 
2005: Jan | Feb | Mar | Apr | May | Jun | Jul | Aug | Sep | Oct | Nov | Dec 
2004: Jan | Feb | Mar | Apr | May | Jun | Jul | Aug | Sep | Oct | Nov | Dec 

Report for 2014 05
MONTHLY CLIMATOLOGICAL SUMMARY for MAY. 2014 NAME: KCASARAT1 CITY: Saratoga STATE: CA ELEV: 375 ft LAT: 37 16' 28" N LONG: 122 01' 23" W TEMPERATURE (F), RAIN (in), WIND SPEED (mph) HEAT COOL AVG MEAN DEG DEG WIND DOM DAY TEMP HIGH TIME LOW TIME DAYS DAYS RAIN SPEED HIGH TIME DIR ------------------------------------------------------------------------------------ 1 75.0 95.4 2:40p 57.3 5:50a 1.9 11.9 0.00 0.6 12.0 3:30p N 2 68.7 86.7 2:50p 53.2 5:30a 3.8 7.5 0.00 0.6 11.0 2:45p N 3 61.0 72.1 1:55p 52.3 11:55p 5.7 1.7 0.00 0.9 13.0 3:20p N 4 60.3 74.0 3:05p 48.6 3:20a 6.9 2.2 0.00 1.0 16.0 2:15p NNW 5 58.6 73.9 2:55p 49.8 6:40a 7.6 1.1 0.00 0.9 19.0 4:20p NNW 6 59.5 76.3 3:20p 47.4 3:00a 7.6 2.1 0.00 1.0 14.0 3:25a SW 7 58.5 76.1 2:45p 48.6 6:40a 8.2 1.7 0.00 0.9 16.0 5:40p WSW 8 60.9 74.2 2:00p 48.3 6:30a 5.7 1.6 0.00 0.4 16.0 5:05p SSW 9 62.4 74.4 4:20p 50.5 12:00m 4.5 1.9 0.00 1.1 17.0 1:50p NNW 10 58.3 75.3 2:45p 44.5 6:25a 8.1 1.4 0.00 1.7 18.0 6:20p NNW 11 63.6 80.9 3:55p 45.8 5:45a 6.3 4.9 0.00 1.7 17.0 2:55p NNW 12 69.7 91.6 3:55p 48.0 6:15a 5.0 9.7 0.00 0.8 13.0 6:15p NNW 13 76.7 100.2 3:15p 55.0 6:35a 2.4 14.0 0.00 0.4 12.0 3:20p N 14 78.5 99.0 2:35p 59.5 5:15a 1.3 14.8 0.00 0.7 13.0 3:35p N 15 76.2 95.4 1:25p 57.5 5:55a 1.5 12.6 0.00 0.7 13.0 3:50p N 16 68.0 84.1 12:55p 51.7 6:45a 3.6 6.6 0.00 0.7 12.0 3:20p N 17 63.5 77.6 2:45p 49.8 6:20a 4.8 3.3 0.00 0.8 11.0 2:05p N 18 62.7 79.8 2:40p 50.7 5:30a 5.6 3.3 0.00 1.0 14.0 12:35p W 19 61.3 76.0 2:30p 49.6 6:30a 5.9 2.2 0.00 0.6 17.0 1:30p NNW 20 62.1 77.4 5:00p 50.1 5:20a 5.7 2.8 0.00 0.5 11.0 3:25p WNW 21 64.4 83.6 2:10p 49.4 6:00a 5.4 4.8 0.00 0.8 17.0 3:20p N 22 65.2 82.6 3:10p 53.8 6:15a 4.0 4.2 0.00 0.7 11.0 4:10p NE 23 66.0 81.4 2:05p 55.0 2:50a 3.7 4.8 0.00 0.6 10.0 4:10p N 24 66.2 80.5 12:25p 54.1 6:05a 3.7 4.9 0.00 0.7 12.0 2:05p N 25 69.2 89.5 12:50p 51.0 5:50a 4.2 8.4 0.00 0.7 13.0 6:10p N 26 69.5 87.8 2:55p 50.7 6:05a 3.9 8.4 0.00 0.9 14.0 5:15p N 27 65.1 80.7 1:45p 48.5 6:15a 4.9 5.0 0.00 0.7 12.0 2:40p N 28 64.9 84.5 3:40p 45.8 6:20a 5.6 5.5 0.00 1.3 14.0 5:25p NNW 29 68.5 89.9 4:50p 49.5 6:10a 4.8 8.3 0.00 0.7 16.0 3:40p NNW 30 60.4 75.1 12:10p 46.4 6:05a 7.0 2.4 0.00 0.8 12.0 12:20p N 31 64.8 84.7 1:40p 49.6 5:35a 5.3 5.2 0.00 0.7 12.0 3:25p N ------------------------------------------------------------------------------------- 65.5 100.2 13 44.5 10 154.6 169.2 0.00 0.8 19.0 5 N Max >= 90.0: 5 Max <= 32.0: 0 Min <= 32.0: 0 Min <= 0.0: 0 Max Rain: 0.00 ON 05/01/14 Days of Rain: 0 (>.01 in) 0 (>.1 in) 0 (>1 in) Heat Base: 65.0 Cool Base: 65.0 Method: Integration

These reports are produced by WeatherLink V6.0.3.

deformed-offering