deformed-offering

NOAA-style climate reports

2018: Jan | Feb | Mar | Apr | May | Jun | Jul | Aug | Sep | Oct | Nov | Dec 
2017: Jan | Feb | Mar | Apr | May | Jun | Jul | Aug | Sep | Oct | Nov | Dec 
2016: Jan | Feb | Mar | Apr | May | Jun | Jul | Aug | Sep | Oct | Nov | Dec 
2015: Jan | Feb | Mar | Apr | May | Jun | Jul | Aug | Sep | Oct | Nov | Dec 
2014: Jan | Feb | Mar | Apr | May | Jun | Jul | Aug | Sep | Oct | Nov | Dec 
2013: Jan | Feb | Mar | Apr | May | Jun | Jul | Aug | Sep | Oct | Nov | Dec 
2012: Jan | Feb | Mar | Apr | May | Jun | Jul | Aug | Sep | Oct | Nov | Dec 
2011: Jan | Feb | Mar | Apr | May | Jun | Jul | Aug | Sep | Oct | Nov | Dec 
2010: Jan | Feb | Mar | Apr | May | Jun | Jul | Aug | Sep | Oct | Nov | Dec 
2009: Jan | Feb | Mar | Apr | May | Jun | Jul | Aug | Sep | Oct | Nov | Dec 
2008: Jan | Feb | Mar | Apr | May | Jun | Jul | Aug | Sep | Oct | Nov | Dec 
2007: Jan | Feb | Mar | Apr | May | Jun | Jul | Aug | Sep | Oct | Nov | Dec 
2006: Jan | Feb | Mar | Apr | May | Jun | Jul | Aug | Sep | Oct | Nov | Dec 
2005: Jan | Feb | Mar | Apr | May | Jun | Jul | Aug | Sep | Oct | Nov | Dec 
2004: Jan | Feb | Mar | Apr | May | Jun | Jul | Aug | Sep | Oct | Nov | Dec 

Report for 2014 04
MONTHLY CLIMATOLOGICAL SUMMARY for APR. 2014 NAME: KCASARAT1 CITY: Saratoga STATE: CA ELEV: 375 ft LAT: 37 16' 28" N LONG: 122 01' 23" W TEMPERATURE (F), RAIN (in), WIND SPEED (mph) HEAT COOL AVG MEAN DEG DEG WIND DOM DAY TEMP HIGH TIME LOW TIME DAYS DAYS RAIN SPEED HIGH TIME DIR ------------------------------------------------------------------------------------ 1 46.6 57.6 2:30p 39.6 1:15a 18.4 0.0 0.65 0.8 18.0 5:15p S 2 50.4 64.0 4:15p 39.8 6:45a 14.6 0.0 0.01 0.6 11.0 1:50p NNW 3 53.7 70.1 4:05p 41.5 6:10a 11.9 0.7 0.00 0.7 13.0 5:10p S 4 52.9 60.9 3:15p 46.2 12:00m 12.1 0.0 0.09 1.2 16.0 3:05p W 5 55.1 68.9 1:50p 42.9 7:25a 10.6 0.6 0.01 1.1 14.0 4:15p NNW 6 60.9 79.4 2:50p 43.8 6:40a 8.2 4.1 0.00 0.7 11.0 4:00p NNW 7 67.8 87.2 3:45p 49.9 7:10a 4.7 7.5 0.00 0.4 10.0 1:15p NNW 8 69.5 92.3 3:15p 53.3 7:05a 3.7 8.1 0.00 0.3 13.0 5:25p NE 9 63.9 80.9 2:45p 50.5 5:25a 5.3 4.2 0.00 0.4 8.0 1:55p N 10 63.7 85.3 2:20p 47.4 7:00a 6.9 5.5 0.00 0.3 8.0 3:25p NW 11 61.6 76.1 3:50p 52.5 5:15a 5.5 2.0 0.00 0.5 10.0 4:25p N 12 60.0 75.3 2:05p 48.3 7:25a 7.0 2.0 0.00 0.7 12.0 2:30p ESE 13 61.6 80.7 4:05p 50.8 12:05a 6.4 3.0 0.00 0.5 11.0 5:30p NNE 14 61.6 79.9 3:40p 47.0 5:20a 7.2 3.8 0.00 0.4 10.0 3:10p N 15 62.4 78.5 3:20p 52.0 2:45a 5.9 3.3 0.00 0.6 11.0 12:45p N 16 63.6 85.1 3:05p 46.1 6:25a 6.9 5.4 0.00 0.7 12.0 1:10p N 17 62.1 81.4 1:35p 48.9 6:10a 6.1 3.3 0.00 0.5 13.0 3:40p NE 18 60.5 77.4 1:15p 47.1 6:35a 7.0 2.5 0.00 0.7 13.0 2:10p N 19 58.9 74.2 1:30p 47.0 5:00a 7.8 1.7 0.00 1.0 14.0 5:05p NNW 20 63.8 84.7 3:50p 46.5 6:35a 6.8 5.6 0.00 0.7 12.0 3:05p NNW 21 61.2 78.6 12:55p 45.2 6:55a 7.2 3.4 0.00 0.5 16.0 4:05p N 22 56.7 68.9 3:30p 46.4 12:00m 8.6 0.2 0.00 1.7 18.0 1:10p NNW 23 56.2 69.8 3:50p 41.8 6:30a 9.7 1.0 0.00 1.5 17.0 1:55p NNW 24 59.1 72.0 3:05p 47.0 6:35a 7.3 1.4 0.00 0.9 16.0 5:20p N 25 55.1 61.3 1:50p 49.5 10:45p 9.9 0.0 0.19 0.6 14.0 4:50p W 26 54.8 67.8 2:45p 43.5 5:45a 10.3 0.1 0.00 1.0 17.0 5:15p W 27 57.5 71.6 2:05p 46.7 2:40a 8.4 0.9 0.00 1.4 18.0 5:00p NNW 28 60.0 77.0 4:25p 42.9 6:30a 8.0 3.1 0.00 1.3 17.0 3:25p NNW 29 69.6 89.5 2:45p 48.0 6:30a 5.0 9.5 0.00 0.6 12.0 2:50p NNE 30 75.5 96.3 3:35p 54.8 6:35a 2.0 12.5 0.00 0.4 12.0 5:50p NNW ------------------------------------------------------------------------------------- 60.2 96.3 30 39.6 1 239.4 95.4 0.95 0.8 18.0 1 NNW Max >= 90.0: 2 Max <= 32.0: 0 Min <= 32.0: 0 Min <= 0.0: 0 Max Rain: 0.65 ON 04/01/14 Days of Rain: 3 (>.01 in) 2 (>.1 in) 0 (>1 in) Heat Base: 65.0 Cool Base: 65.0 Method: Integration

These reports are produced by WeatherLink V6.0.3.

deformed-offering