deformed-offering

NOAA-style climate reports

2018: Jan | Feb | Mar | Apr | May | Jun | Jul | Aug | Sep | Oct | Nov | Dec 
2017: Jan | Feb | Mar | Apr | May | Jun | Jul | Aug | Sep | Oct | Nov | Dec 
2016: Jan | Feb | Mar | Apr | May | Jun | Jul | Aug | Sep | Oct | Nov | Dec 
2015: Jan | Feb | Mar | Apr | May | Jun | Jul | Aug | Sep | Oct | Nov | Dec 
2014: Jan | Feb | Mar | Apr | May | Jun | Jul | Aug | Sep | Oct | Nov | Dec 
2013: Jan | Feb | Mar | Apr | May | Jun | Jul | Aug | Sep | Oct | Nov | Dec 
2012: Jan | Feb | Mar | Apr | May | Jun | Jul | Aug | Sep | Oct | Nov | Dec 
2011: Jan | Feb | Mar | Apr | May | Jun | Jul | Aug | Sep | Oct | Nov | Dec 
2010: Jan | Feb | Mar | Apr | May | Jun | Jul | Aug | Sep | Oct | Nov | Dec 
2009: Jan | Feb | Mar | Apr | May | Jun | Jul | Aug | Sep | Oct | Nov | Dec 
2008: Jan | Feb | Mar | Apr | May | Jun | Jul | Aug | Sep | Oct | Nov | Dec 
2007: Jan | Feb | Mar | Apr | May | Jun | Jul | Aug | Sep | Oct | Nov | Dec 
2006: Jan | Feb | Mar | Apr | May | Jun | Jul | Aug | Sep | Oct | Nov | Dec 
2005: Jan | Feb | Mar | Apr | May | Jun | Jul | Aug | Sep | Oct | Nov | Dec 
2004: Jan | Feb | Mar | Apr | May | Jun | Jul | Aug | Sep | Oct | Nov | Dec 

Report for 2014 03
MONTHLY CLIMATOLOGICAL SUMMARY for MAR. 2014 NAME: KCASARAT1 CITY: Saratoga STATE: CA ELEV: 375 ft LAT: 37 16' 28" N LONG: 122 01' 23" W TEMPERATURE (F), RAIN (in), WIND SPEED (mph) HEAT COOL AVG MEAN DEG DEG WIND DOM DAY TEMP HIGH TIME LOW TIME DAYS DAYS RAIN SPEED HIGH TIME DIR ------------------------------------------------------------------------------------ 1 55.5 63.9 3:50p 49.9 12:00m 9.4 0.0 0.55 1.7 20.0 11:30a ESE 2 55.1 63.4 4:30p 48.3 2:10a 9.9 0.0 0.02 1.1 16.0 3:25a ESE 3 53.0 61.8 1:45p 45.7 6:25a 12.0 0.0 0.05 0.6 18.0 11:50p ESE 4 58.7 69.9 2:50p 52.3 6:30a 6.8 0.6 0.00 0.6 13.0 1:35a ESE 5 60.3 72.7 12:45p 51.4 7:05a 6.0 1.3 0.01 1.0 17.0 9:50p ESE 6 58.7 66.9 12:40p 47.6 12:00m 6.5 0.2 0.03 0.6 12.0 12:55p N 7 55.0 70.3 3:05p 42.8 6:20a 10.7 0.8 0.01 0.8 11.0 1:50p NNW 8 59.0 75.6 3:05p 42.9 6:35a 8.5 2.6 0.00 0.4 10.0 1:15p NNW 9 65.1 81.1 2:40p 54.1 7:40a 4.0 4.1 0.00 0.5 13.0 3:25p S 10 59.7 70.6 4:20p 50.5 12:00m 6.1 0.8 0.00 1.2 14.0 12:10p NW 11 58.0 68.9 4:50p 48.2 2:10a 7.6 0.6 0.00 1.6 18.0 12:30p NW 12 62.4 76.5 4:05p 48.3 7:40a 5.4 2.8 0.00 1.4 14.0 3:40a NW 13 60.4 79.4 3:45p 43.9 7:20a 8.4 3.8 0.00 0.8 13.0 1:50p NNW 14 57.3 74.7 3:55p 42.9 3:15a 9.4 1.8 0.00 0.6 10.0 1:30p NW 15 62.3 82.6 3:45p 45.4 6:55a 7.7 5.1 0.00 0.7 11.0 11:55a NW 16 61.2 82.6 3:20p 46.0 7:35a 8.0 4.2 0.00 0.5 10.0 4:00p NW 17 55.8 69.8 4:25p 44.2 4:55a 9.9 0.6 0.00 1.1 14.0 3:45p NNW 18 56.6 72.3 4:05p 41.2 6:05a 10.0 1.7 0.00 0.9 12.0 10:40a NNW 19 59.2 78.8 3:10p 42.3 6:05a 9.1 3.3 0.00 0.4 11.0 3:25p NNW 20 60.7 77.4 4:10p 46.4 7:10a 7.5 3.1 0.00 0.7 12.0 3:55p N 21 55.7 74.7 2:45p 40.9 7:05a 10.6 1.3 0.00 0.5 10.0 3:30p NE 22 55.8 73.9 2:50p 40.3 5:00a 10.8 1.6 0.00 0.5 12.0 4:40p NNW 23 57.2 74.9 4:05p 45.4 3:35a 9.3 1.6 0.00 0.4 10.0 4:50p N 24 59.6 78.8 3:50p 41.5 7:35a 9.2 3.8 0.00 0.5 12.0 4:35p N 25 54.4 67.3 1:35p 41.5 7:15a 10.8 0.2 0.03 0.3 11.0 2:20p W 26 54.6 64.8 3:25p 49.1 4:55a 10.4 0.0 0.12 0.5 13.0 2:05p W 27 55.7 70.6 1:50p 45.4 4:55a 9.6 0.3 0.00 0.3 11.0 12:35p ESE 28 59.6 75.4 2:45p 46.5 7:25a 7.1 1.8 0.00 0.7 11.0 12:40p ESE 29 55.8 61.2 1:05p 49.6 12:00m 9.2 0.0 0.40 1.4 14.0 6:45a ESE 30 52.8 66.8 5:25p 43.3 7:00a 12.2 0.0 0.01 0.6 13.0 4:25p N 31 47.0 55.6 12:30p 39.8 11:30p 18.0 0.0 0.85 1.1 21.0 12:10p ESE ------------------------------------------------------------------------------------- 57.5 82.6 15 39.8 31 280.1 48.0 2.08 0.8 21.0 31 NNW Max >= 90.0: 0 Max <= 32.0: 0 Min <= 32.0: 0 Min <= 0.0: 0 Max Rain: 0.85 ON 03/31/14 Days of Rain: 8 (>.01 in) 4 (>.1 in) 0 (>1 in) Heat Base: 65.0 Cool Base: 65.0 Method: Integration

These reports are produced by WeatherLink V6.0.3.

deformed-offering