deformed-offering

NOAA-style climate reports

2018: Jan | Feb | Mar | Apr | May | Jun | Jul | Aug | Sep | Oct | Nov | Dec 
2017: Jan | Feb | Mar | Apr | May | Jun | Jul | Aug | Sep | Oct | Nov | Dec 
2016: Jan | Feb | Mar | Apr | May | Jun | Jul | Aug | Sep | Oct | Nov | Dec 
2015: Jan | Feb | Mar | Apr | May | Jun | Jul | Aug | Sep | Oct | Nov | Dec 
2014: Jan | Feb | Mar | Apr | May | Jun | Jul | Aug | Sep | Oct | Nov | Dec 
2013: Jan | Feb | Mar | Apr | May | Jun | Jul | Aug | Sep | Oct | Nov | Dec 
2012: Jan | Feb | Mar | Apr | May | Jun | Jul | Aug | Sep | Oct | Nov | Dec 
2011: Jan | Feb | Mar | Apr | May | Jun | Jul | Aug | Sep | Oct | Nov | Dec 
2010: Jan | Feb | Mar | Apr | May | Jun | Jul | Aug | Sep | Oct | Nov | Dec 
2009: Jan | Feb | Mar | Apr | May | Jun | Jul | Aug | Sep | Oct | Nov | Dec 
2008: Jan | Feb | Mar | Apr | May | Jun | Jul | Aug | Sep | Oct | Nov | Dec 
2007: Jan | Feb | Mar | Apr | May | Jun | Jul | Aug | Sep | Oct | Nov | Dec 
2006: Jan | Feb | Mar | Apr | May | Jun | Jul | Aug | Sep | Oct | Nov | Dec 
2005: Jan | Feb | Mar | Apr | May | Jun | Jul | Aug | Sep | Oct | Nov | Dec 
2004: Jan | Feb | Mar | Apr | May | Jun | Jul | Aug | Sep | Oct | Nov | Dec 

Report for 2014 01
MONTHLY CLIMATOLOGICAL SUMMARY for JAN. 2014 NAME: KCASARAT1 CITY: Saratoga STATE: CA ELEV: 375 ft LAT: 37 16' 28" N LONG: 122 01' 23" W TEMPERATURE (F), RAIN (in), WIND SPEED (mph) HEAT COOL AVG MEAN DEG DEG WIND DOM DAY TEMP HIGH TIME LOW TIME DAYS DAYS RAIN SPEED HIGH TIME DIR ------------------------------------------------------------------------------------ 1 47.9 65.5 1:40p 35.0 7:45a 17.1 0.0 0.00 0.2 8.0 1:20p NNW 2 49.4 66.4 3:15p 37.6 7:25a 15.6 0.1 0.00 0.3 11.0 11:40a NW 3 51.1 67.6 1:55p 40.6 5:40a 14.1 0.2 0.00 0.2 7.0 1:05p NW 4 50.4 66.9 2:55p 38.3 7:40a 14.7 0.1 0.00 0.7 13.0 12:55p NW 5 50.7 67.3 3:00p 37.8 7:10a 14.5 0.2 0.00 0.3 10.0 11:45a WSW 6 49.3 63.7 2:35p 38.6 5:00a 15.7 0.0 0.00 0.1 7.0 2:10p WNW 7 49.8 64.2 3:05p 42.3 7:15a 15.2 0.0 0.00 0.1 7.0 10:30a NW 8 50.4 58.3 1:50p 42.2 12:20a 14.6 0.0 0.00 0.5 11.0 2:15p NW 9 49.5 60.7 3:00p 42.1 11:55p 15.5 0.0 0.00 0.7 13.0 3:40p NW 10 49.2 64.2 2:45p 39.3 6:05a 15.8 0.0 0.00 0.4 8.0 3:15p NW 11 48.9 58.4 3:35p 41.5 2:00a 16.1 0.0 0.00 0.4 20.0 11:15a E 12 47.8 59.0 3:20p 40.8 2:45a 17.2 0.0 0.00 1.1 12.0 11:15a NW 13 53.9 68.6 3:05p 41.9 1:05a 11.5 0.4 0.00 0.5 10.0 6:10a NW 14 59.1 72.8 3:10p 46.0 12:05a 7.3 1.4 0.00 1.2 16.0 3:25p W 15 54.9 71.6 2:30p 41.8 7:35a 11.3 1.2 0.00 0.4 8.0 1:40p WSW 16 54.0 74.2 3:00p 40.2 6:55a 12.4 1.5 0.00 0.3 8.0 11:50a WNW 17 52.5 71.6 4:05p 38.2 7:40a 13.7 1.2 0.00 0.2 7.0 2:05p WNW 18 52.3 73.3 3:40p 37.9 7:40a 14.0 1.3 0.00 0.2 8.0 12:45p NW 19 51.0 71.1 3:00p 36.6 7:35a 14.8 0.8 0.00 0.2 7.0 2:05p NW 20 51.2 71.1 3:30p 37.6 7:35a 14.7 0.9 0.00 0.3 7.0 11:55a NW 21 50.1 69.4 3:45p 37.2 7:20a 15.3 0.4 0.00 0.4 12.0 1:15p NW 22 53.4 75.1 3:25p 37.2 7:00a 13.5 2.0 0.00 0.3 11.0 2:35p WNW 23 50.7 66.9 3:05p 38.5 6:20a 14.4 0.1 0.00 0.7 12.0 2:15p NW 24 50.2 65.8 4:05p 39.1 6:50a 14.8 0.0 0.00 0.2 6.0 1:05p NW 25 55.8 73.2 3:30p 43.9 8:05a 10.7 1.5 0.00 0.3 8.0 12:25p NW 26 55.2 73.2 3:30p 43.9 12:00m 11.0 1.2 0.00 0.3 7.0 11:20a NW 27 50.3 64.2 2:50p 39.1 4:45a 14.7 0.0 0.00 0.1 5.0 11:00a N 28 56.7 68.6 1:05p 45.2 4:05a 8.7 0.4 0.00 0.5 11.0 2:45p NNE 29 60.4 68.9 2:30p 55.3 11:45p 4.9 0.3 0.00 0.4 11.0 5:55p NW 30 54.2 62.4 3:15p 49.5 7:20a 10.8 0.0 0.09 0.8 12.0 1:10p W 31 49.7 61.0 3:10p 38.5 11:55p 15.3 0.0 0.00 1.0 14.0 1:35p NW ------------------------------------------------------------------------------------- 51.9 75.1 22 35.0 1 419.9 15.2 0.09 0.4 20.0 11 NW Max >= 90.0: 0 Max <= 32.0: 0 Min <= 32.0: 0 Min <= 0.0: 0 Max Rain: 0.09 ON 01/30/14 Days of Rain: 1 (>.01 in) 0 (>.1 in) 0 (>1 in) Heat Base: 65.0 Cool Base: 65.0 Method: Integration

These reports are produced by WeatherLink V6.0.3.

deformed-offering