deformed-offering

NOAA-style climate reports

2018: Jan | Feb | Mar | Apr | May | Jun | Jul | Aug | Sep | Oct | Nov | Dec 
2017: Jan | Feb | Mar | Apr | May | Jun | Jul | Aug | Sep | Oct | Nov | Dec 
2016: Jan | Feb | Mar | Apr | May | Jun | Jul | Aug | Sep | Oct | Nov | Dec 
2015: Jan | Feb | Mar | Apr | May | Jun | Jul | Aug | Sep | Oct | Nov | Dec 
2014: Jan | Feb | Mar | Apr | May | Jun | Jul | Aug | Sep | Oct | Nov | Dec 
2013: Jan | Feb | Mar | Apr | May | Jun | Jul | Aug | Sep | Oct | Nov | Dec 
2012: Jan | Feb | Mar | Apr | May | Jun | Jul | Aug | Sep | Oct | Nov | Dec 
2011: Jan | Feb | Mar | Apr | May | Jun | Jul | Aug | Sep | Oct | Nov | Dec 
2010: Jan | Feb | Mar | Apr | May | Jun | Jul | Aug | Sep | Oct | Nov | Dec 
2009: Jan | Feb | Mar | Apr | May | Jun | Jul | Aug | Sep | Oct | Nov | Dec 
2008: Jan | Feb | Mar | Apr | May | Jun | Jul | Aug | Sep | Oct | Nov | Dec 
2007: Jan | Feb | Mar | Apr | May | Jun | Jul | Aug | Sep | Oct | Nov | Dec 
2006: Jan | Feb | Mar | Apr | May | Jun | Jul | Aug | Sep | Oct | Nov | Dec 
2005: Jan | Feb | Mar | Apr | May | Jun | Jul | Aug | Sep | Oct | Nov | Dec 
2004: Jan | Feb | Mar | Apr | May | Jun | Jul | Aug | Sep | Oct | Nov | Dec 

Report for 2014
ANNUAL CLIMATOLOGICAL SUMMARY NAME: KCASARAT1 CITY: Saratoga STATE: CA ELEV: 375 ft LAT: 37 16' 28" N LONG: 122 01' 23" W TEMPERATURE (F), HEAT BASE 65.0, COOL BASE 65.0 DEP. HEAT COOL MEAN MEAN FROM DEG DEG MAX MAX MIN MIN YR MO MAX MIN MEAN NORM DAYS DAYS HI DATE LOW DATE >=90 <=32 <=32 <=0 ------------------------------------------------------------------------------------ 14 1 67.3 40.8 51.9 2.4 420 15 75.1 22 35.0 1 0 0 0 0 14 2 64.0 44.1 52.9 1.8 349 9 76.3 24 34.9 1 0 0 0 0 14 3 71.7 45.7 57.5 2.1 280 48 82.6 15 39.8 31 0 0 0 0 14 4 76.4 46.9 60.2 4.2 239 95 96.3 30 39.6 1 2 0 0 0 14 5 82.6 50.7 65.5 5.4 155 169 100.2 13 44.5 10 5 0 0 0 14 6 86.2 52.8 68.4 3.4 111 212 103.1 8 46.0 17 7 0 0 0 14 7 88.9 58.8 71.7 4.4 50 257 101.5 25 52.2 4 12 0 0 0 14 8 86.5 57.5 69.6 2.3 64 205 93.2 1 53.3 26 3 0 0 0 14 9 84.8 57.1 68.5 2.0 71 175 97.8 10 52.2 30 5 0 0 0 14 10 82.3 52.7 65.3 4.8 143 154 98.0 4 45.5 28 8 0 0 0 14 11 70.1 46.4 56.3 2.3 289 29 81.1 5 38.3 28 0 0 0 0 14 12 61.6 47.2 53.4 3.1 362 3 72.8 8 31.3 31 0 0 1 0 ------------------------------------------------------------------------------------ 76.9 50.1 61.8 3.2 2532 1370 103.1 JUN 31.3 DEC 42 0 1 0 PRECIPITATION (in) DEP. MAX DAYS OF RAIN FROM OBS. OVER YR MO TOTAL NORM DAY DATE .01 .1 1 --------------------------------------------- 14 1 0.09 -1.51 0.09 30 1 0 0 14 2 4.77 1.47 1.96 28 11 6 2 14 3 2.08 0.78 0.85 31 8 4 0 14 4 0.95 -0.75 0.65 1 3 2 0 14 5 0.00 -0.50 0.00 1 0 0 0 14 6 0.00 0.00 0.00 1 0 0 0 14 7 0.00 0.00 0.00 1 0 0 0 14 8 0.01 0.01 0.01 12 0 0 0 14 9 0.49 0.49 0.47 25 2 1 0 14 10 0.55 0.55 0.37 31 3 2 0 14 11 2.17 -0.33 0.96 30 5 4 0 14 12 10.77 1.37 4.23 11 13 8 3 --------------------------------------------- 21.88 1.58 4.23 DEC 46 27 5 WIND SPEED (mph) DOM YR MO AVG. HI DATE DIR --------------------------------- 14 1 0.4 20.0 11 NW 14 2 0.9 29.0 28 NW 14 3 0.8 21.0 31 NNW 14 4 0.8 18.0 1 NNW 14 5 0.8 19.0 5 N 14 6 0.8 19.0 20 N 14 7 0.8 22.0 14 N 14 8 0.7 18.0 20 N 14 9 0.6 17.0 17 N 14 10 0.4 22.0 14 NNW 14 11 0.3 20.0 19 NNW 14 12 0.9 35.0 3 ESE --------------------------------- 0.7 35.0 DEC N

These reports are produced by WeatherLink V6.0.3.

deformed-offering