deformed-offering

NOAA-style climate reports

2018: Jan | Feb | Mar | Apr | May | Jun | Jul | Aug | Sep | Oct | Nov | Dec 
2017: Jan | Feb | Mar | Apr | May | Jun | Jul | Aug | Sep | Oct | Nov | Dec 
2016: Jan | Feb | Mar | Apr | May | Jun | Jul | Aug | Sep | Oct | Nov | Dec 
2015: Jan | Feb | Mar | Apr | May | Jun | Jul | Aug | Sep | Oct | Nov | Dec 
2014: Jan | Feb | Mar | Apr | May | Jun | Jul | Aug | Sep | Oct | Nov | Dec 
2013: Jan | Feb | Mar | Apr | May | Jun | Jul | Aug | Sep | Oct | Nov | Dec 
2012: Jan | Feb | Mar | Apr | May | Jun | Jul | Aug | Sep | Oct | Nov | Dec 
2011: Jan | Feb | Mar | Apr | May | Jun | Jul | Aug | Sep | Oct | Nov | Dec 
2010: Jan | Feb | Mar | Apr | May | Jun | Jul | Aug | Sep | Oct | Nov | Dec 
2009: Jan | Feb | Mar | Apr | May | Jun | Jul | Aug | Sep | Oct | Nov | Dec 
2008: Jan | Feb | Mar | Apr | May | Jun | Jul | Aug | Sep | Oct | Nov | Dec 
2007: Jan | Feb | Mar | Apr | May | Jun | Jul | Aug | Sep | Oct | Nov | Dec 
2006: Jan | Feb | Mar | Apr | May | Jun | Jul | Aug | Sep | Oct | Nov | Dec 
2005: Jan | Feb | Mar | Apr | May | Jun | Jul | Aug | Sep | Oct | Nov | Dec 
2004: Jan | Feb | Mar | Apr | May | Jun | Jul | Aug | Sep | Oct | Nov | Dec 

Report for 2013 09
MONTHLY CLIMATOLOGICAL SUMMARY for SEP. 2013 NAME: KCASARAT1 CITY: Saratoga STATE: CA ELEV: 375 ft LAT: 37 16' 28" N LONG: 122 01' 23" W TEMPERATURE (F), RAIN (in), WIND SPEED (mph) HEAT COOL AVG MEAN DEG DEG WIND DOM DAY TEMP HIGH TIME LOW TIME DAYS DAYS RAIN SPEED HIGH TIME DIR ------------------------------------------------------------------------------------ 1 70.6 85.3 1:45p 59.8 7:00a 1.1 6.7 0.00 0.7 12.0 4:40p NNE 2 71.1 84.1 1:10p 64.3 4:10a 0.1 6.1 0.00 0.9 12.0 3:10p N 3 69.2 81.2 2:45p 55.9 7:15a 1.6 5.8 0.00 1.0 12.0 12:35p N 4 68.2 82.0 4:40p 54.8 7:00a 2.8 6.1 0.00 1.0 12.0 2:55p N 5 67.3 81.6 3:40p 54.8 6:45a 3.4 5.9 0.00 0.9 18.0 3:45p NNW 6 71.7 94.0 3:25p 51.9 7:00a 3.8 10.6 0.00 0.7 12.0 12:10p NNW 7 76.7 97.8 3:30p 59.3 6:50a 1.1 12.9 0.00 0.6 11.0 5:10p N 8 73.0 93.6 3:50p 56.9 6:40a 1.7 9.7 0.00 0.4 8.0 4:10p N 9 73.3 94.9 3:00p 58.3 6:05a 1.5 9.8 0.00 0.4 10.0 2:25p N 10 69.1 85.1 2:40p 57.5 4:10a 2.1 6.1 0.00 0.5 12.0 11:45a ESE 11 65.9 79.8 12:50p 53.9 6:40a 3.3 4.2 0.00 0.6 10.0 2:10p N 12 67.9 78.8 2:05p 62.6 12:05a 0.9 3.8 0.00 0.7 10.0 2:15p N 13 66.8 79.8 1:55p 59.5 10:30p 2.0 3.8 0.00 0.7 10.0 2:30p N 14 64.5 75.8 2:35p 58.4 11:00p 3.2 2.7 0.00 0.6 11.0 3:40p NNE 15 67.1 81.4 2:15p 57.3 7:10a 2.6 4.7 0.00 0.7 11.0 2:35p N 16 68.7 84.7 1:40p 57.5 7:10a 2.1 5.7 0.00 0.6 12.0 2:25p N 17 64.6 77.2 3:35p 53.9 5:25a 4.0 3.6 0.00 1.1 22.0 2:15p W 18 66.2 85.7 3:30p 51.3 7:05a 4.9 6.1 0.00 0.7 12.0 1:45p NNW 19 68.6 91.2 3:00p 49.8 7:05a 4.8 8.4 0.00 0.5 10.0 12:55p N 20 64.7 80.7 3:15p 49.4 7:05a 4.6 4.3 0.00 0.8 12.0 11:50a NNW 21 62.1 68.8 9:55a 53.1 11:55p 3.2 0.3 0.17 0.8 20.0 10:10a ESE 22 60.7 74.4 3:25p 50.2 7:10a 6.4 2.1 0.01 1.0 14.0 5:20p NNW 23 66.1 83.4 4:05p 51.4 6:55a 4.6 5.6 0.00 0.7 12.0 4:15p N 24 64.1 79.2 3:55p 54.1 7:10a 4.3 3.3 0.00 1.3 18.0 11:00a NNW 25 61.2 73.0 2:45p 51.9 12:00m 5.3 1.5 0.00 1.7 17.0 12:40p NNW 26 60.1 75.6 3:10p 46.7 7:20a 7.2 2.4 0.00 1.3 16.0 10:40a NNW 27 62.4 81.2 3:35p 47.9 6:45a 6.9 4.2 0.00 0.7 12.0 1:55p NNW 28 65.7 86.5 2:20p 49.6 6:20a 5.6 6.3 0.00 0.4 12.0 4:20p N 29 64.6 78.8 2:00p 52.3 5:35a 4.4 4.0 0.00 0.7 12.0 3:45p N 30 65.3 78.3 2:20p 55.0 4:55a 3.6 3.8 0.00 0.7 12.0 3:50p N ------------------------------------------------------------------------------------- 66.9 97.8 7 46.7 26 103.1 160.5 0.18 0.8 22.0 17 N Max >= 90.0: 5 Max <= 32.0: 0 Min <= 32.0: 0 Min <= 0.0: 0 Max Rain: 0.17 ON 09/21/13 Days of Rain: 1 (>.01 in) 1 (>.1 in) 0 (>1 in) Heat Base: 65.0 Cool Base: 65.0 Method: Integration

These reports are produced by WeatherLink V6.0.3.

deformed-offering