deformed-offering

NOAA-style climate reports

2018: Jan | Feb | Mar | Apr | May | Jun | Jul | Aug | Sep | Oct | Nov | Dec 
2017: Jan | Feb | Mar | Apr | May | Jun | Jul | Aug | Sep | Oct | Nov | Dec 
2016: Jan | Feb | Mar | Apr | May | Jun | Jul | Aug | Sep | Oct | Nov | Dec 
2015: Jan | Feb | Mar | Apr | May | Jun | Jul | Aug | Sep | Oct | Nov | Dec 
2014: Jan | Feb | Mar | Apr | May | Jun | Jul | Aug | Sep | Oct | Nov | Dec 
2013: Jan | Feb | Mar | Apr | May | Jun | Jul | Aug | Sep | Oct | Nov | Dec 
2012: Jan | Feb | Mar | Apr | May | Jun | Jul | Aug | Sep | Oct | Nov | Dec 
2011: Jan | Feb | Mar | Apr | May | Jun | Jul | Aug | Sep | Oct | Nov | Dec 
2010: Jan | Feb | Mar | Apr | May | Jun | Jul | Aug | Sep | Oct | Nov | Dec 
2009: Jan | Feb | Mar | Apr | May | Jun | Jul | Aug | Sep | Oct | Nov | Dec 
2008: Jan | Feb | Mar | Apr | May | Jun | Jul | Aug | Sep | Oct | Nov | Dec 
2007: Jan | Feb | Mar | Apr | May | Jun | Jul | Aug | Sep | Oct | Nov | Dec 
2006: Jan | Feb | Mar | Apr | May | Jun | Jul | Aug | Sep | Oct | Nov | Dec 
2005: Jan | Feb | Mar | Apr | May | Jun | Jul | Aug | Sep | Oct | Nov | Dec 
2004: Jan | Feb | Mar | Apr | May | Jun | Jul | Aug | Sep | Oct | Nov | Dec 

Report for 2013 08
MONTHLY CLIMATOLOGICAL SUMMARY for AUG. 2013 NAME: KCASARAT1 CITY: Saratoga STATE: CA ELEV: 375 ft LAT: 37 16' 28" N LONG: 122 01' 23" W TEMPERATURE (F), RAIN (in), WIND SPEED (mph) HEAT COOL AVG MEAN DEG DEG WIND DOM DAY TEMP HIGH TIME LOW TIME DAYS DAYS RAIN SPEED HIGH TIME DIR ------------------------------------------------------------------------------------ 1 63.7 77.6 2:05p 49.8 6:35a 5.0 3.8 0.00 1.0 12.0 2:20p NNW 2 64.8 83.2 1:35p 49.4 6:20a 5.3 5.1 0.00 0.8 11.0 3:05p N 3 65.9 84.5 2:20p 53.6 2:40a 4.4 5.3 0.00 0.7 10.0 3:10p N 4 65.0 80.1 2:30p 56.6 6:50a 3.5 3.5 0.00 1.0 12.0 3:45p NNW 5 65.2 79.0 1:40p 57.8 6:15a 3.4 3.5 0.00 1.0 12.0 2:55p SSW 6 64.8 77.4 1:20p 57.8 5:25a 3.2 3.0 0.00 1.0 13.0 2:30p N 7 66.5 77.0 2:30p 59.0 12:45a 2.4 3.9 0.00 1.0 12.0 2:20p NNW 8 66.0 79.2 1:45p 59.0 10:45p 2.4 3.4 0.00 1.0 13.0 1:45p NE 9 65.5 76.3 12:30p 57.8 5:50a 2.9 3.4 0.00 1.0 13.0 2:00p NNW 10 66.1 79.6 2:05p 59.0 7:05a 2.5 3.6 0.00 0.9 11.0 2:20p N 11 67.1 78.8 3:05p 59.5 6:40a 2.2 4.3 0.00 0.9 12.0 1:10p N 12 68.4 84.7 3:45p 56.5 2:30a 3.1 6.5 0.00 0.7 11.0 4:20p N 13 69.6 90.7 3:30p 53.2 4:15a 3.5 8.1 0.00 0.6 11.0 4:45p N 14 68.0 84.1 2:10p 52.2 6:20a 3.5 6.5 0.00 0.7 11.0 1:45p N 15 72.0 86.1 2:05p 61.0 1:00a 0.8 7.8 0.00 0.8 12.0 2:35p SW 16 71.6 86.7 1:55p 61.6 5:35a 0.5 7.2 0.00 0.7 11.0 2:00p N 17 66.8 81.1 12:35p 55.1 4:30a 3.0 4.8 0.00 0.4 8.0 1:50p NNE 18 73.4 94.9 4:30p 52.8 4:55a 3.2 11.6 0.00 0.4 11.0 2:55p N 19 75.7 93.4 2:30p 63.4 6:55a 0.1 10.8 0.00 0.6 10.0 1:00p N 20 72.0 86.7 1:05p 61.2 7:00a 0.6 7.7 0.00 0.8 13.0 2:20p NNW 21 67.0 81.6 2:05p 56.6 5:40a 2.5 4.5 0.00 0.9 11.0 3:20p N 22 65.7 77.4 1:40p 58.1 3:40a 2.5 3.2 0.00 0.9 12.0 2:40p N 23 66.0 76.8 1:20p 58.6 12:00m 2.4 3.4 0.00 0.8 11.0 1:55p N 24 67.2 83.4 1:10p 52.0 6:30a 3.8 6.0 0.00 0.8 12.0 2:20p NNE 25 70.8 89.5 2:50p 61.3 11:50p 0.9 6.8 0.00 0.7 12.0 2:35p NNE 26 68.5 79.9 2:20p 59.6 12:00m 1.1 4.6 0.00 0.8 12.0 3:25p NNW 27 67.7 84.1 1:25p 52.9 7:05a 3.7 6.3 0.00 0.6 11.0 1:55p NE 28 68.9 84.3 3:00p 55.9 3:50a 2.3 6.2 0.00 0.8 13.0 3:30p N 29 71.1 84.0 2:50p 63.4 6:40a 0.3 6.4 0.00 0.8 12.0 2:20p N 30 72.9 91.2 2:35p 58.7 4:25a 1.6 9.5 0.00 0.6 11.0 3:30p N 31 69.6 84.0 1:35p 56.0 7:00a 1.9 6.5 0.00 0.7 12.0 2:45p NNW ------------------------------------------------------------------------------------- 68.2 94.9 18 49.4 2 78.5 177.2 0.00 0.8 13.0 6 N Max >= 90.0: 4 Max <= 32.0: 0 Min <= 32.0: 0 Min <= 0.0: 0 Max Rain: 0.00 ON 08/01/13 Days of Rain: 0 (>.01 in) 0 (>.1 in) 0 (>1 in) Heat Base: 65.0 Cool Base: 65.0 Method: Integration

These reports are produced by WeatherLink V6.0.3.

deformed-offering