deformed-offering

NOAA-style climate reports

2018: Jan | Feb | Mar | Apr | May | Jun | Jul | Aug | Sep | Oct | Nov | Dec 
2017: Jan | Feb | Mar | Apr | May | Jun | Jul | Aug | Sep | Oct | Nov | Dec 
2016: Jan | Feb | Mar | Apr | May | Jun | Jul | Aug | Sep | Oct | Nov | Dec 
2015: Jan | Feb | Mar | Apr | May | Jun | Jul | Aug | Sep | Oct | Nov | Dec 
2014: Jan | Feb | Mar | Apr | May | Jun | Jul | Aug | Sep | Oct | Nov | Dec 
2013: Jan | Feb | Mar | Apr | May | Jun | Jul | Aug | Sep | Oct | Nov | Dec 
2012: Jan | Feb | Mar | Apr | May | Jun | Jul | Aug | Sep | Oct | Nov | Dec 
2011: Jan | Feb | Mar | Apr | May | Jun | Jul | Aug | Sep | Oct | Nov | Dec 
2010: Jan | Feb | Mar | Apr | May | Jun | Jul | Aug | Sep | Oct | Nov | Dec 
2009: Jan | Feb | Mar | Apr | May | Jun | Jul | Aug | Sep | Oct | Nov | Dec 
2008: Jan | Feb | Mar | Apr | May | Jun | Jul | Aug | Sep | Oct | Nov | Dec 
2007: Jan | Feb | Mar | Apr | May | Jun | Jul | Aug | Sep | Oct | Nov | Dec 
2006: Jan | Feb | Mar | Apr | May | Jun | Jul | Aug | Sep | Oct | Nov | Dec 
2005: Jan | Feb | Mar | Apr | May | Jun | Jul | Aug | Sep | Oct | Nov | Dec 
2004: Jan | Feb | Mar | Apr | May | Jun | Jul | Aug | Sep | Oct | Nov | Dec 

Report for 2013 06
MONTHLY CLIMATOLOGICAL SUMMARY for JUN. 2013 NAME: KCASARAT1 CITY: Saratoga STATE: CA ELEV: 375 ft LAT: 37 16' 28" N LONG: 122 01' 23" W TEMPERATURE (F), RAIN (in), WIND SPEED (mph) HEAT COOL AVG MEAN DEG DEG WIND DOM DAY TEMP HIGH TIME LOW TIME DAYS DAYS RAIN SPEED HIGH TIME DIR ------------------------------------------------------------------------------------ 1 72.8 94.7 2:55p 52.8 5:55a 3.2 10.9 0.00 0.9 14.0 4:00p NNW 2 67.0 85.9 1:35p 53.5 6:25a 3.6 5.6 0.00 0.7 11.0 1:55p N 3 65.1 83.4 1:35p 49.4 5:50a 5.2 5.3 0.00 0.8 11.0 3:25p NE 4 64.2 77.7 1:45p 53.6 5:10a 4.3 3.5 0.00 1.1 13.0 4:40p NNW 5 64.0 74.6 1:35p 56.5 4:20a 3.9 2.9 0.00 1.1 13.0 1:40p N 6 66.2 81.4 4:50p 55.9 6:10a 3.8 4.9 0.00 0.8 12.0 3:40p N 7 73.5 93.6 4:15p 56.5 6:30a 2.5 11.0 0.00 0.5 10.0 1:45p N 8 75.4 95.6 2:10p 58.9 6:15a 1.0 11.4 0.00 0.7 11.0 3:25p NNW 9 67.6 82.4 3:35p 59.0 12:00m 2.1 4.7 0.00 1.3 16.0 6:35p ESE 10 64.6 77.6 3:15p 54.8 6:05a 3.2 2.8 0.00 1.7 16.0 12:15a S 11 65.1 75.4 2:55p 57.8 12:00m 2.9 2.9 0.00 0.8 11.0 11:00a N 12 65.6 81.2 6:10p 48.6 6:10a 4.9 5.4 0.00 0.8 12.0 3:35p N 13 65.2 82.0 3:20p 47.0 5:45a 5.6 5.8 0.00 1.0 13.0 3:20p N 14 69.2 89.7 3:45p 51.6 6:20a 4.2 8.4 0.00 1.0 17.0 3:05p N 15 62.6 77.2 2:20p 49.6 4:55a 5.4 3.0 0.00 1.0 12.0 3:40p N 16 65.4 80.5 3:15p 48.5 6:00a 5.1 5.5 0.00 1.1 14.0 3:30p N 17 64.6 78.8 4:10p 51.3 5:45a 4.5 4.1 0.00 1.6 20.0 3:15p NNW 18 61.8 74.6 3:45p 51.3 6:10a 5.4 2.1 0.00 1.6 19.0 1:05p NNW 19 63.2 78.1 5:35p 48.9 6:10a 5.2 3.3 0.00 1.4 16.0 3:15p N 20 65.0 82.4 4:55p 47.7 6:00a 5.5 5.4 0.00 1.1 16.0 4:00p NNW 21 65.8 86.1 2:10p 48.6 6:00a 5.0 5.9 0.00 1.0 16.0 2:55p NNE 22 69.4 88.4 2:15p 50.4 5:50a 4.2 8.6 0.00 1.0 13.0 5:55p NE 23 65.0 75.3 4:55p 55.1 5:10a 2.9 2.9 0.00 0.4 11.0 11:25a NNE 24 64.9 71.8 3:20p 60.9 8:40a 1.3 1.2 0.04 0.7 13.0 1:25p ESE 25 68.4 79.9 4:05p 61.2 5:45a 1.0 4.4 0.00 2.5 18.0 2:15a ESE 26 73.7 87.8 1:15p 65.3 3:50a 0.0 8.7 0.00 0.8 13.0 2:15p N 27 75.0 91.0 5:15p 59.2 6:05a 1.0 11.0 0.00 0.8 14.0 2:50p N 28 79.3 99.7 2:45p 59.6 6:00a 0.8 15.2 0.00 0.5 12.0 2:55p NNW 29 81.2 101.5 1:40p 62.4 5:55a 0.3 16.4 0.00 0.6 13.0 12:05p N 30 77.0 94.3 1:35p 60.5 6:15a 0.5 12.6 0.00 0.5 10.0 2:30p N ------------------------------------------------------------------------------------- 68.3 101.5 29 47.0 13 98.5 195.8 0.04 1.0 20.0 17 N Max >= 90.0: 7 Max <= 32.0: 0 Min <= 32.0: 0 Min <= 0.0: 0 Max Rain: 0.04 ON 06/24/13 Days of Rain: 1 (>.01 in) 0 (>.1 in) 0 (>1 in) Heat Base: 65.0 Cool Base: 65.0 Method: Integration

These reports are produced by WeatherLink V6.0.3.

deformed-offering