deformed-offering

NOAA-style climate reports

2018: Jan | Feb | Mar | Apr | May | Jun | Jul | Aug | Sep | Oct | Nov | Dec 
2017: Jan | Feb | Mar | Apr | May | Jun | Jul | Aug | Sep | Oct | Nov | Dec 
2016: Jan | Feb | Mar | Apr | May | Jun | Jul | Aug | Sep | Oct | Nov | Dec 
2015: Jan | Feb | Mar | Apr | May | Jun | Jul | Aug | Sep | Oct | Nov | Dec 
2014: Jan | Feb | Mar | Apr | May | Jun | Jul | Aug | Sep | Oct | Nov | Dec 
2013: Jan | Feb | Mar | Apr | May | Jun | Jul | Aug | Sep | Oct | Nov | Dec 
2012: Jan | Feb | Mar | Apr | May | Jun | Jul | Aug | Sep | Oct | Nov | Dec 
2011: Jan | Feb | Mar | Apr | May | Jun | Jul | Aug | Sep | Oct | Nov | Dec 
2010: Jan | Feb | Mar | Apr | May | Jun | Jul | Aug | Sep | Oct | Nov | Dec 
2009: Jan | Feb | Mar | Apr | May | Jun | Jul | Aug | Sep | Oct | Nov | Dec 
2008: Jan | Feb | Mar | Apr | May | Jun | Jul | Aug | Sep | Oct | Nov | Dec 
2007: Jan | Feb | Mar | Apr | May | Jun | Jul | Aug | Sep | Oct | Nov | Dec 
2006: Jan | Feb | Mar | Apr | May | Jun | Jul | Aug | Sep | Oct | Nov | Dec 
2005: Jan | Feb | Mar | Apr | May | Jun | Jul | Aug | Sep | Oct | Nov | Dec 
2004: Jan | Feb | Mar | Apr | May | Jun | Jul | Aug | Sep | Oct | Nov | Dec 

Report for 2013 05
MONTHLY CLIMATOLOGICAL SUMMARY for MAY. 2013 NAME: KCASARAT1 CITY: Saratoga STATE: CA ELEV: 375 ft LAT: 37 16' 28" N LONG: 122 01' 23" W TEMPERATURE (F), RAIN (in), WIND SPEED (mph) HEAT COOL AVG MEAN DEG DEG WIND DOM DAY TEMP HIGH TIME LOW TIME DAYS DAYS RAIN SPEED HIGH TIME DIR ------------------------------------------------------------------------------------ 1 70.9 88.4 3:50p 53.6 5:40a 2.7 8.6 0.00 0.9 12.0 12:00p NNW 2 73.1 93.6 3:15p 52.6 6:35a 3.3 11.4 0.00 0.9 16.0 3:30p NNW 3 73.6 92.7 3:35p 55.4 6:10a 2.3 10.8 0.00 0.7 11.0 1:50p NW 4 70.4 93.2 3:00p 53.9 6:30a 3.8 9.1 0.00 0.7 19.0 11:20p ESE 5 60.6 70.8 2:00p 54.7 1:20a 5.3 0.9 0.00 3.0 22.0 2:30p S 6 61.6 73.9 3:40p 51.0 6:25a 4.7 1.3 0.00 0.7 14.0 4:05p S 7 64.1 74.9 11:30a 55.0 4:35a 3.3 2.4 0.00 0.6 12.0 4:10p NNW 8 60.0 72.5 11:50a 53.1 4:25a 5.9 0.8 0.00 0.9 13.0 4:00p N 9 59.9 70.8 2:25p 52.9 6:00a 6.2 1.1 0.00 1.0 13.0 2:30p N 10 61.3 73.3 2:00p 53.5 6:00a 5.7 2.0 0.00 0.9 11.0 12:10p N 11 67.9 89.3 3:50p 52.2 6:20a 4.5 7.4 0.00 0.4 11.0 1:05p N 12 67.1 84.9 1:35p 51.6 6:20a 4.0 6.2 0.00 0.7 12.0 2:35p N 13 65.4 82.8 2:35p 51.6 4:25a 4.4 4.8 0.00 0.7 11.0 5:10p N 14 64.2 82.6 1:55p 50.7 6:20a 4.9 4.2 0.00 0.8 11.0 9:05a NE 15 61.2 78.6 3:25p 46.5 6:25a 6.6 2.8 0.00 0.6 13.0 1:45p W 16 60.5 73.9 2:20p 52.6 2:40a 5.9 1.5 0.00 0.6 17.0 4:30p W 17 60.0 75.8 4:40p 47.7 4:25a 7.2 2.3 0.00 0.9 14.0 2:30p NNW 18 61.6 77.9 4:15p 45.2 6:20a 6.9 3.5 0.00 0.9 14.0 4:25p NNW 19 66.3 87.2 3:40p 48.0 6:05a 5.3 6.5 0.00 1.0 13.0 2:05p NNW 20 70.7 93.4 1:50p 50.5 6:05a 4.3 10.0 0.00 0.9 14.0 4:50p NNW 21 60.9 82.4 2:45p 49.5 11:55p 6.8 2.7 0.00 0.8 16.0 3:30p W 22 56.1 72.3 4:10p 47.4 12:00m 9.6 0.7 0.00 1.9 16.0 11:55a NW 23 57.1 70.8 3:50p 44.6 5:40a 8.9 1.1 0.00 1.1 14.0 4:55p W 24 58.2 74.7 4:25p 42.3 6:20a 9.3 2.5 0.00 0.9 16.0 1:20p NNW 25 58.2 74.7 5:00p 44.2 6:15a 8.5 1.7 0.00 0.9 12.0 1:20p NE 26 62.7 77.6 4:15p 51.4 1:15a 5.1 2.7 0.00 1.4 16.0 4:05p NNW 27 59.1 67.9 2:45p 48.5 6:20a 6.2 0.3 0.00 0.5 11.0 4:45p NE 28 63.5 74.7 2:25p 55.6 12:00m 3.4 2.0 0.01 1.0 12.0 3:05p N 29 62.9 76.1 5:40p 53.1 3:55a 4.8 2.6 0.00 1.0 14.0 4:25p N 30 62.2 77.9 3:00p 45.1 6:10a 6.6 3.8 0.00 0.8 12.0 4:55p N 31 68.3 90.1 4:20p 47.7 5:05a 5.3 8.5 0.00 0.8 12.0 2:35p NNW ------------------------------------------------------------------------------------- 63.5 93.6 2 42.3 24 171.7 126.2 0.01 0.9 22.0 5 N Max >= 90.0: 5 Max <= 32.0: 0 Min <= 32.0: 0 Min <= 0.0: 0 Max Rain: 0.01 ON 05/28/13 Days of Rain: 0 (>.01 in) 0 (>.1 in) 0 (>1 in) Heat Base: 65.0 Cool Base: 65.0 Method: Integration

These reports are produced by WeatherLink V6.0.3.

deformed-offering