deformed-offering

NOAA-style climate reports

2018: Jan | Feb | Mar | Apr | May | Jun | Jul | Aug | Sep | Oct | Nov | Dec 
2017: Jan | Feb | Mar | Apr | May | Jun | Jul | Aug | Sep | Oct | Nov | Dec 
2016: Jan | Feb | Mar | Apr | May | Jun | Jul | Aug | Sep | Oct | Nov | Dec 
2015: Jan | Feb | Mar | Apr | May | Jun | Jul | Aug | Sep | Oct | Nov | Dec 
2014: Jan | Feb | Mar | Apr | May | Jun | Jul | Aug | Sep | Oct | Nov | Dec 
2013: Jan | Feb | Mar | Apr | May | Jun | Jul | Aug | Sep | Oct | Nov | Dec 
2012: Jan | Feb | Mar | Apr | May | Jun | Jul | Aug | Sep | Oct | Nov | Dec 
2011: Jan | Feb | Mar | Apr | May | Jun | Jul | Aug | Sep | Oct | Nov | Dec 
2010: Jan | Feb | Mar | Apr | May | Jun | Jul | Aug | Sep | Oct | Nov | Dec 
2009: Jan | Feb | Mar | Apr | May | Jun | Jul | Aug | Sep | Oct | Nov | Dec 
2008: Jan | Feb | Mar | Apr | May | Jun | Jul | Aug | Sep | Oct | Nov | Dec 
2007: Jan | Feb | Mar | Apr | May | Jun | Jul | Aug | Sep | Oct | Nov | Dec 
2006: Jan | Feb | Mar | Apr | May | Jun | Jul | Aug | Sep | Oct | Nov | Dec 
2005: Jan | Feb | Mar | Apr | May | Jun | Jul | Aug | Sep | Oct | Nov | Dec 
2004: Jan | Feb | Mar | Apr | May | Jun | Jul | Aug | Sep | Oct | Nov | Dec 

Report for 2013 04
MONTHLY CLIMATOLOGICAL SUMMARY for APR. 2013 NAME: KCASARAT1 CITY: Saratoga STATE: CA ELEV: 375 ft LAT: 37 16' 28" N LONG: 122 01' 23" W TEMPERATURE (F), RAIN (in), WIND SPEED (mph) HEAT COOL AVG MEAN DEG DEG WIND DOM DAY TEMP HIGH TIME LOW TIME DAYS DAYS RAIN SPEED HIGH TIME DIR ------------------------------------------------------------------------------------ 1 59.9 74.9 4:15p 52.5 7:35a 6.2 1.1 0.08 0.9 13.0 10:40a ESE 2 58.9 72.7 3:25p 47.0 7:15a 7.4 1.4 0.00 0.8 14.0 4:25p NNW 3 61.1 83.0 4:00p 48.5 5:00a 7.5 3.6 0.00 0.6 12.0 4:55p N 4 58.9 69.8 5:50p 51.1 5:05a 6.7 0.6 0.10 1.6 17.0 10:55a ESE 5 59.2 71.5 2:40p 51.4 12:00m 6.3 0.5 0.00 0.8 14.0 3:55p W 6 57.7 68.3 4:25p 48.5 5:25a 7.7 0.4 0.00 0.7 13.0 3:45p NNE 7 59.0 72.8 2:40p 49.2 6:55a 7.6 1.6 0.06 1.2 16.0 7:15p W 8 55.0 66.4 4:25p 47.0 6:50a 10.2 0.1 0.02 5.4 29.0 3:10a NW 9 61.8 75.4 5:05p 47.0 1:15a 5.7 2.5 0.00 2.7 22.0 4:30p NW 10 68.4 87.2 3:50p 51.1 4:45a 3.8 7.2 0.00 1.3 16.0 5:15p NW 11 60.1 75.1 4:40p 48.6 7:10a 6.8 2.0 0.00 1.0 14.0 2:45p NNW 12 59.0 78.8 1:25p 42.9 6:50a 9.2 3.1 0.00 0.6 12.0 2:20p N 13 57.3 73.5 12:45p 44.6 6:50a 9.5 1.8 0.00 0.7 12.0 1:35p W 14 56.0 73.0 3:35p 41.2 6:45a 10.3 1.2 0.00 1.2 17.0 4:20p NW 15 52.1 61.6 3:05p 43.6 11:15p 12.9 0.0 0.00 2.0 24.0 2:00p W 16 52.7 68.9 3:55p 37.6 6:50a 12.7 0.4 0.00 1.5 18.0 1:50p NW 17 58.9 70.6 3:30p 48.6 12:00m 7.0 1.0 0.00 2.4 20.0 12:20p NW 18 60.4 78.8 3:20p 42.1 6:25a 8.3 3.7 0.00 0.8 12.0 11:40a NW 19 65.0 85.7 2:50p 46.2 6:40a 6.2 6.2 0.00 0.8 14.0 5:50p NNW 20 64.3 83.4 2:40p 48.0 6:45a 5.9 5.2 0.00 0.9 13.0 4:05p NNW 21 67.8 89.9 2:50p 48.2 6:00a 5.5 8.3 0.00 0.9 14.0 5:15p NNW 22 71.1 91.4 3:50p 53.8 6:50a 3.2 9.4 0.00 0.9 13.0 4:00p NNW 23 66.0 85.5 3:15p 52.3 4:15a 4.7 5.7 0.00 1.0 14.0 9:20a NW 24 59.5 75.1 3:35p 44.6 5:55a 7.7 2.2 0.00 0.7 10.0 1:30p NNW 25 59.1 73.0 12:40p 47.9 6:05a 7.2 1.3 0.00 1.1 16.0 2:45p NNW 26 60.6 73.9 3:40p 52.6 6:40a 6.1 1.7 0.00 0.8 12.0 1:10p N 27 61.9 79.4 3:20p 50.1 6:55a 6.5 3.4 0.00 0.5 8.0 3:35p NW 28 65.9 88.8 2:50p 49.8 6:55a 5.6 6.5 0.00 0.5 14.0 4:00p NNW 29 72.5 93.4 2:30p 55.4 6:45a 2.6 10.1 0.00 0.8 13.0 4:35p NNE 30 67.0 85.3 3:15p 51.3 6:25a 4.2 6.2 0.00 1.0 16.0 3:55p NW ------------------------------------------------------------------------------------- 61.2 93.4 29 37.6 16 211.2 98.4 0.26 1.2 29.0 8 NNW Max >= 90.0: 2 Max <= 32.0: 0 Min <= 32.0: 0 Min <= 0.0: 0 Max Rain: 0.10 ON 04/04/13 Days of Rain: 4 (>.01 in) 0 (>.1 in) 0 (>1 in) Heat Base: 65.0 Cool Base: 65.0 Method: Integration

These reports are produced by WeatherLink V6.0.3.

deformed-offering