deformed-offering

NOAA-style climate reports

2018: Jan | Feb | Mar | Apr | May | Jun | Jul | Aug | Sep | Oct | Nov | Dec 
2017: Jan | Feb | Mar | Apr | May | Jun | Jul | Aug | Sep | Oct | Nov | Dec 
2016: Jan | Feb | Mar | Apr | May | Jun | Jul | Aug | Sep | Oct | Nov | Dec 
2015: Jan | Feb | Mar | Apr | May | Jun | Jul | Aug | Sep | Oct | Nov | Dec 
2014: Jan | Feb | Mar | Apr | May | Jun | Jul | Aug | Sep | Oct | Nov | Dec 
2013: Jan | Feb | Mar | Apr | May | Jun | Jul | Aug | Sep | Oct | Nov | Dec 
2012: Jan | Feb | Mar | Apr | May | Jun | Jul | Aug | Sep | Oct | Nov | Dec 
2011: Jan | Feb | Mar | Apr | May | Jun | Jul | Aug | Sep | Oct | Nov | Dec 
2010: Jan | Feb | Mar | Apr | May | Jun | Jul | Aug | Sep | Oct | Nov | Dec 
2009: Jan | Feb | Mar | Apr | May | Jun | Jul | Aug | Sep | Oct | Nov | Dec 
2008: Jan | Feb | Mar | Apr | May | Jun | Jul | Aug | Sep | Oct | Nov | Dec 
2007: Jan | Feb | Mar | Apr | May | Jun | Jul | Aug | Sep | Oct | Nov | Dec 
2006: Jan | Feb | Mar | Apr | May | Jun | Jul | Aug | Sep | Oct | Nov | Dec 
2005: Jan | Feb | Mar | Apr | May | Jun | Jul | Aug | Sep | Oct | Nov | Dec 
2004: Jan | Feb | Mar | Apr | May | Jun | Jul | Aug | Sep | Oct | Nov | Dec 

Report for 2013
ANNUAL CLIMATOLOGICAL SUMMARY NAME: KCASARAT1 CITY: Saratoga STATE: CA ELEV: 375 ft LAT: 37 16' 28" N LONG: 122 01' 23" W TEMPERATURE (F), HEAT BASE 65.0, COOL BASE 65.0 DEP. HEAT COOL MEAN MEAN FROM DEG DEG MAX MAX MIN MIN YR MO MAX MIN MEAN NORM DAYS DAYS HI DATE LOW DATE >=90 <=32 <=32 <=0 ------------------------------------------------------------------------------------ 13 1 58.6 36.2 45.8 -3.7 597 1 68.1 21 27.9 13 0 0 8 0 13 2 62.5 37.6 48.7 -2.4 462 6 74.0 15 32.2 9 0 0 0 0 13 3 70.2 44.6 55.7 0.3 320 33 81.8 29 37.5 7 0 0 0 0 13 4 77.6 48.1 61.2 5.2 211 98 93.4 29 37.6 16 2 0 0 0 13 5 79.7 50.4 63.5 3.4 172 126 93.6 2 42.3 24 5 0 0 0 13 6 84.1 54.5 68.3 3.3 99 196 101.5 29 47.0 13 7 0 0 0 13 7 86.3 56.9 69.5 2.2 81 220 99.7 2 49.6 13 5 0 0 0 13 8 83.1 57.1 68.2 0.9 79 177 94.9 18 49.4 2 4 0 0 0 13 9 82.5 54.6 66.9 0.4 103 161 97.8 7 46.7 26 5 0 0 0 13 10 76.5 46.8 59.6 -0.9 255 87 87.8 5 41.3 30 0 0 0 0 13 11 69.4 43.2 54.0 0.0 352 23 79.8 9 38.0 24 0 0 0 0 13 12 61.5 35.1 46.3 -4.0 584 4 71.6 1 26.6 10 0 0 8 0 ------------------------------------------------------------------------------------ 74.4 47.1 59.0 0.4 3314 1131 101.5 JUN 26.6 DEC 28 0 16 0 PRECIPITATION (in) DEP. MAX DAYS OF RAIN FROM OBS. OVER YR MO TOTAL NORM DAY DATE .01 .1 1 --------------------------------------------- 13 1 0.74 -0.86 0.37 24 5 2 0 13 2 0.47 -2.83 0.37 19 2 1 0 13 3 1.60 0.30 0.50 7 8 4 0 13 4 0.26 -1.44 0.10 4 4 0 0 13 5 0.01 -0.49 0.01 28 0 0 0 13 6 0.04 0.04 0.04 24 1 0 0 13 7 0.00 0.00 0.00 1 0 0 0 13 8 0.00 0.00 0.00 1 0 0 0 13 9 0.18 0.18 0.17 21 1 1 0 13 10 0.03 0.03 0.01 22 0 0 0 13 11 0.75 -1.75 0.40 20 2 2 0 13 12 0.46 -8.94 0.26 6 2 2 0 --------------------------------------------- 4.54-15.76 0.50 MAR 25 12 0 WIND SPEED (mph) DOM YR MO AVG. HI DATE DIR --------------------------------- 13 1 0.5 19.0 10 NW 13 2 0.8 20.0 19 NW 13 3 0.9 32.0 5 NW 13 4 1.2 29.0 8 NNW 13 5 0.9 22.0 5 N 13 6 1.0 20.0 17 N 13 7 0.8 14.0 29 N 13 8 0.8 13.0 6 N 13 9 0.8 22.0 17 N 13 10 0.5 25.0 27 NNW 13 11 0.3 14.0 3 NNW 13 12 0.5 20.0 7 NW --------------------------------- 0.7 32.0 MAR NNW

These reports are produced by WeatherLink V6.0.3.

deformed-offering