deformed-offering

NOAA-style climate reports

2018: Jan | Feb | Mar | Apr | May | Jun | Jul | Aug | Sep | Oct | Nov | Dec 
2017: Jan | Feb | Mar | Apr | May | Jun | Jul | Aug | Sep | Oct | Nov | Dec 
2016: Jan | Feb | Mar | Apr | May | Jun | Jul | Aug | Sep | Oct | Nov | Dec 
2015: Jan | Feb | Mar | Apr | May | Jun | Jul | Aug | Sep | Oct | Nov | Dec 
2014: Jan | Feb | Mar | Apr | May | Jun | Jul | Aug | Sep | Oct | Nov | Dec 
2013: Jan | Feb | Mar | Apr | May | Jun | Jul | Aug | Sep | Oct | Nov | Dec 
2012: Jan | Feb | Mar | Apr | May | Jun | Jul | Aug | Sep | Oct | Nov | Dec 
2011: Jan | Feb | Mar | Apr | May | Jun | Jul | Aug | Sep | Oct | Nov | Dec 
2010: Jan | Feb | Mar | Apr | May | Jun | Jul | Aug | Sep | Oct | Nov | Dec 
2009: Jan | Feb | Mar | Apr | May | Jun | Jul | Aug | Sep | Oct | Nov | Dec 
2008: Jan | Feb | Mar | Apr | May | Jun | Jul | Aug | Sep | Oct | Nov | Dec 
2007: Jan | Feb | Mar | Apr | May | Jun | Jul | Aug | Sep | Oct | Nov | Dec 
2006: Jan | Feb | Mar | Apr | May | Jun | Jul | Aug | Sep | Oct | Nov | Dec 
2005: Jan | Feb | Mar | Apr | May | Jun | Jul | Aug | Sep | Oct | Nov | Dec 
2004: Jan | Feb | Mar | Apr | May | Jun | Jul | Aug | Sep | Oct | Nov | Dec 

Report for 2012 11
MONTHLY CLIMATOLOGICAL SUMMARY for NOV. 2012 NAME: KCASARAT1 CITY: Saratoga STATE: CA ELEV: 375 ft LAT: 37 16' 28" N LONG: 122 01' 23" W TEMPERATURE (F), RAIN (in), WIND SPEED (mph) HEAT COOL AVG MEAN DEG DEG WIND DOM DAY TEMP HIGH TIME LOW TIME DAYS DAYS RAIN SPEED HIGH TIME DIR ------------------------------------------------------------------------------------ 1 58.6 63.7 3:40p 51.1 11:55p 6.4 0.0 0.11 0.1 7.0 4:20p NE 2 54.8 67.9 2:40p 44.6 7:25a 10.5 0.2 0.01 0.3 10.0 3:10p N 3 58.3 74.2 3:45p 47.0 7:45a 8.6 1.9 0.01 0.5 11.0 2:30p NNW 4 63.4 80.3 2:05p 50.1 6:50a 5.6 4.0 0.00 0.5 10.0 12:25p NW 5 64.9 84.0 2:05p 50.8 7:05a 5.4 5.3 0.00 0.1 7.0 1:35p NW 6 64.7 83.6 1:50p 49.8 6:40a 5.6 5.3 0.00 0.2 7.0 12:30p NW 7 58.1 68.9 2:10p 48.9 4:40a 7.4 0.6 0.00 0.5 8.0 1:25p NNW 8 52.6 63.9 12:20p 42.2 11:50p 12.4 0.0 0.03 0.8 14.0 1:10p W 9 47.8 59.2 2:00p 41.8 7:20a 17.2 0.0 0.10 0.6 17.0 11:20a NW 10 48.0 59.2 12:35p 39.5 12:00m 17.0 0.0 0.00 1.0 12.0 12:05p NW 11 47.2 62.4 2:20p 35.2 6:30a 17.8 0.0 0.00 0.2 7.0 2:20p NNW 12 48.8 62.6 3:15p 37.3 6:15a 16.2 0.0 0.00 0.5 13.0 12:30p NNW 13 52.4 70.3 2:10p 38.8 6:50a 13.3 0.7 0.00 0.2 8.0 3:05p NNW 14 54.2 70.8 3:25p 42.2 4:25a 11.5 0.7 0.00 0.3 8.0 11:30a NW 15 55.9 73.2 1:35p 41.5 5:45a 10.3 1.1 0.00 0.3 12.0 1:35p S 16 58.7 67.1 11:15a 54.4 12:50a 6.4 0.1 0.08 0.7 14.0 11:05a ESE 17 58.8 65.3 12:35p 55.6 12:00m 6.2 0.0 0.66 1.5 17.0 1:50p ESE 18 54.9 65.0 1:50p 47.0 7:20a 10.1 0.0 0.39 0.2 10.0 11:25a S 19 56.1 67.6 2:20p 46.2 7:00a 9.1 0.2 0.00 0.9 12.0 11:05a ESE 20 59.8 67.6 1:10p 54.8 7:40a 5.3 0.1 0.00 1.7 16.0 1:20p ESE 21 56.4 62.7 2:40p 43.6 11:55p 8.6 0.0 0.32 0.5 11.0 1:00a NW 22 51.2 66.0 2:10p 41.5 6:50a 13.8 0.0 0.01 0.5 8.0 10:05a NNW 23 52.2 69.9 3:10p 40.2 6:40a 13.2 0.4 0.00 0.3 7.0 10:35a NNW 24 53.2 69.1 3:20p 42.3 6:05a 12.2 0.5 0.00 0.6 10.0 10:40a NW 25 49.1 60.4 3:40p 43.2 3:05a 15.9 0.0 0.02 0.1 6.0 12:00p NW 26 51.2 67.1 1:10p 39.9 6:30a 14.0 0.2 0.01 0.2 8.0 12:50p N 27 53.6 61.0 12:15p 45.5 2:15a 11.4 0.0 0.00 1.4 20.0 11:30a S 28 57.1 62.0 2:40p 54.7 2:00a 7.9 0.0 0.58 2.6 27.0 11:45a ESE 29 58.9 61.2 9:40p 56.7 4:50a 6.1 0.0 0.63 3.5 31.0 7:45p ESE 30 59.0 60.7 12:20a 56.2 8:40p 6.0 0.0 2.99 2.8 32.0 3:35a S ------------------------------------------------------------------------------------- 55.3 84.0 5 35.2 11 311.4 21.3 5.95 0.8 32.0 30 ESE Max >= 90.0: 0 Max <= 32.0: 0 Min <= 32.0: 0 Min <= 0.0: 0 Max Rain: 2.99 ON 11/30/12 Days of Rain: 11 (>.01 in) 7 (>.1 in) 1 (>1 in) Heat Base: 65.0 Cool Base: 65.0 Method: Integration

These reports are produced by WeatherLink V6.0.3.

deformed-offering