deformed-offering

NOAA-style climate reports

2018: Jan | Feb | Mar | Apr | May | Jun | Jul | Aug | Sep | Oct | Nov | Dec 
2017: Jan | Feb | Mar | Apr | May | Jun | Jul | Aug | Sep | Oct | Nov | Dec 
2016: Jan | Feb | Mar | Apr | May | Jun | Jul | Aug | Sep | Oct | Nov | Dec 
2015: Jan | Feb | Mar | Apr | May | Jun | Jul | Aug | Sep | Oct | Nov | Dec 
2014: Jan | Feb | Mar | Apr | May | Jun | Jul | Aug | Sep | Oct | Nov | Dec 
2013: Jan | Feb | Mar | Apr | May | Jun | Jul | Aug | Sep | Oct | Nov | Dec 
2012: Jan | Feb | Mar | Apr | May | Jun | Jul | Aug | Sep | Oct | Nov | Dec 
2011: Jan | Feb | Mar | Apr | May | Jun | Jul | Aug | Sep | Oct | Nov | Dec 
2010: Jan | Feb | Mar | Apr | May | Jun | Jul | Aug | Sep | Oct | Nov | Dec 
2009: Jan | Feb | Mar | Apr | May | Jun | Jul | Aug | Sep | Oct | Nov | Dec 
2008: Jan | Feb | Mar | Apr | May | Jun | Jul | Aug | Sep | Oct | Nov | Dec 
2007: Jan | Feb | Mar | Apr | May | Jun | Jul | Aug | Sep | Oct | Nov | Dec 
2006: Jan | Feb | Mar | Apr | May | Jun | Jul | Aug | Sep | Oct | Nov | Dec 
2005: Jan | Feb | Mar | Apr | May | Jun | Jul | Aug | Sep | Oct | Nov | Dec 
2004: Jan | Feb | Mar | Apr | May | Jun | Jul | Aug | Sep | Oct | Nov | Dec 

Report for 2012 10
MONTHLY CLIMATOLOGICAL SUMMARY for OCT. 2012 NAME: KCASARAT1 CITY: Saratoga STATE: CA ELEV: 375 ft LAT: 37 16' 28" N LONG: 122 01' 23" W TEMPERATURE (F), RAIN (in), WIND SPEED (mph) HEAT COOL AVG MEAN DEG DEG WIND DOM DAY TEMP HIGH TIME LOW TIME DAYS DAYS RAIN SPEED HIGH TIME DIR ------------------------------------------------------------------------------------ 1 76.6 100.2 4:05p 57.3 7:20a 1.5 13.1 0.00 0.4 8.0 1:35p N 2 79.0 102.5 3:45p 60.9 7:20a 0.6 14.6 0.00 0.3 11.0 3:45p NNE 3 73.1 92.7 1:15p 59.5 11:55p 1.0 9.1 0.00 0.4 10.0 2:00p NNW 4 64.3 79.9 2:10p 56.0 3:00a 3.8 3.1 0.00 0.7 11.0 4:15p NNW 5 63.5 75.8 12:50p 56.5 11:55p 3.9 2.4 0.00 0.7 13.0 2:25p NW 6 61.5 73.0 3:15p 52.8 7:00a 5.3 1.8 0.00 0.6 11.0 3:30p NW 7 60.0 74.9 1:35p 47.4 7:30a 7.3 2.3 0.00 0.6 12.0 1:50p N 8 59.9 74.7 1:50p 48.5 6:55a 7.1 2.0 0.00 0.6 12.0 3:35p N 9 59.6 73.3 12:35p 47.1 7:10a 6.5 1.2 0.00 0.7 11.0 3:20p NW 10 61.0 75.1 2:30p 55.3 5:50a 5.3 1.3 0.06 0.5 11.0 4:55p NW 11 57.3 62.0 11:25a 54.4 7:45a 7.7 0.0 0.03 0.4 12.0 2:40p NW 12 58.3 63.9 4:05p 53.6 12:00m 6.7 0.0 0.00 0.3 10.0 1:10p NNE 13 60.2 75.3 3:30p 47.6 7:35a 7.1 2.2 0.00 0.7 12.0 3:35p NNW 14 61.8 77.0 3:30p 53.8 2:00a 5.5 2.2 0.00 0.3 10.0 12:15p NNW 15 63.3 80.9 2:00p 52.8 6:20a 5.3 3.5 0.01 0.4 10.0 4:05p NW 16 66.6 81.8 1:45p 56.6 7:20a 3.3 5.0 0.00 0.4 10.0 1:05p N 17 68.1 88.0 4:25p 50.8 7:45a 4.2 7.3 0.01 0.8 13.0 11:35a NW 18 69.8 92.1 1:15p 52.5 7:25a 3.6 8.4 0.00 0.8 19.0 1:20p ESE 19 66.7 77.4 12:15p 57.8 7:15a 1.7 3.4 0.00 0.7 11.0 4:45p N 20 60.8 72.8 4:20p 50.4 12:00m 5.6 1.4 0.00 0.6 13.0 8:10p W 21 54.4 69.8 2:20p 41.9 6:50a 11.0 0.4 0.00 0.5 11.0 4:45p N 22 56.5 64.7 1:50p 52.6 2:30a 8.5 0.0 0.27 1.5 19.0 8:10a ESE 23 55.0 64.2 4:15p 46.7 12:00m 10.0 0.0 0.13 0.4 10.0 5:25p NW 24 55.6 68.9 3:25p 45.1 1:45a 9.7 0.3 0.02 0.4 12.0 12:40p WNW 25 56.2 64.2 5:15p 49.6 12:00m 8.8 0.0 0.03 0.3 7.0 12:25p NW 26 58.5 75.8 4:20p 45.1 6:45a 8.7 2.2 0.01 0.7 12.0 12:35p NW 27 63.4 81.2 3:35p 49.8 7:20a 6.1 4.5 0.00 0.7 14.0 11:10a NW 28 67.5 81.8 3:20p 52.3 8:05a 2.6 4.6 0.00 0.6 10.0 3:35p NW 29 60.8 75.4 4:50p 50.8 4:15a 6.3 2.1 0.01 0.3 10.0 1:40p N 30 58.2 73.2 4:25p 49.4 3:10a 7.9 1.1 0.01 0.2 6.0 1:30p N 31 58.7 64.0 1:45p 55.4 3:50a 6.3 0.0 0.01 0.6 13.0 12:45p ESE ------------------------------------------------------------------------------------- 62.5 102.5 2 41.9 21 178.9 99.5 0.60 0.6 19.0 18 NW Max >= 90.0: 4 Max <= 32.0: 0 Min <= 32.0: 0 Min <= 0.0: 0 Max Rain: 0.27 ON 10/22/12 Days of Rain: 6 (>.01 in) 2 (>.1 in) 0 (>1 in) Heat Base: 65.0 Cool Base: 65.0 Method: Integration

These reports are produced by WeatherLink V6.0.3.

deformed-offering