deformed-offering

NOAA-style climate reports

2018: Jan | Feb | Mar | Apr | May | Jun | Jul | Aug | Sep | Oct | Nov | Dec 
2017: Jan | Feb | Mar | Apr | May | Jun | Jul | Aug | Sep | Oct | Nov | Dec 
2016: Jan | Feb | Mar | Apr | May | Jun | Jul | Aug | Sep | Oct | Nov | Dec 
2015: Jan | Feb | Mar | Apr | May | Jun | Jul | Aug | Sep | Oct | Nov | Dec 
2014: Jan | Feb | Mar | Apr | May | Jun | Jul | Aug | Sep | Oct | Nov | Dec 
2013: Jan | Feb | Mar | Apr | May | Jun | Jul | Aug | Sep | Oct | Nov | Dec 
2012: Jan | Feb | Mar | Apr | May | Jun | Jul | Aug | Sep | Oct | Nov | Dec 
2011: Jan | Feb | Mar | Apr | May | Jun | Jul | Aug | Sep | Oct | Nov | Dec 
2010: Jan | Feb | Mar | Apr | May | Jun | Jul | Aug | Sep | Oct | Nov | Dec 
2009: Jan | Feb | Mar | Apr | May | Jun | Jul | Aug | Sep | Oct | Nov | Dec 
2008: Jan | Feb | Mar | Apr | May | Jun | Jul | Aug | Sep | Oct | Nov | Dec 
2007: Jan | Feb | Mar | Apr | May | Jun | Jul | Aug | Sep | Oct | Nov | Dec 
2006: Jan | Feb | Mar | Apr | May | Jun | Jul | Aug | Sep | Oct | Nov | Dec 
2005: Jan | Feb | Mar | Apr | May | Jun | Jul | Aug | Sep | Oct | Nov | Dec 
2004: Jan | Feb | Mar | Apr | May | Jun | Jul | Aug | Sep | Oct | Nov | Dec 

Report for 2012 09
MONTHLY CLIMATOLOGICAL SUMMARY for SEP. 2012 NAME: KCASARAT1 CITY: Saratoga STATE: CA ELEV: 375 ft LAT: 37 16' 28" N LONG: 122 01' 23" W TEMPERATURE (F), RAIN (in), WIND SPEED (mph) HEAT COOL AVG MEAN DEG DEG WIND DOM DAY TEMP HIGH TIME LOW TIME DAYS DAYS RAIN SPEED HIGH TIME DIR ------------------------------------------------------------------------------------ 1 63.4 77.4 2:30p 53.5 12:05a 4.7 3.1 0.00 0.8 11.0 4:10p NW 2 67.6 88.2 4:40p 49.5 6:50a 5.0 7.6 0.00 0.6 11.0 3:40p NNW 3 70.9 91.0 4:15p 52.0 7:10a 3.4 9.2 0.00 0.5 10.0 1:35p NNE 4 65.3 84.0 3:45p 52.5 5:25a 4.6 4.9 0.00 0.6 10.0 3:45p N 5 63.5 76.1 1:15p 55.1 1:20a 3.9 2.4 0.00 0.4 10.0 1:05p N 6 65.0 82.2 2:25p 56.6 2:10a 3.9 3.8 0.00 0.8 11.0 4:45p N 7 64.9 78.8 3:25p 55.9 1:40a 3.8 3.7 0.00 0.8 11.0 2:05p N 8 62.7 73.7 3:10p 54.5 4:40a 4.4 2.1 0.00 0.9 11.0 3:00p N 9 63.0 77.2 3:15p 49.9 6:30a 5.6 3.5 0.00 0.7 10.0 1:25p N 10 64.7 85.9 3:20p 47.3 4:50a 6.1 5.8 0.00 0.5 10.0 4:15p NNW 11 65.2 84.5 3:25p 48.8 7:15a 5.2 5.4 0.00 0.5 10.0 3:45p N 12 65.0 80.9 5:15p 51.4 5:05a 4.4 4.4 0.00 0.6 11.0 2:45p N 13 67.6 85.1 3:25p 57.3 3:35a 3.0 5.5 0.00 0.6 8.0 7:05p N 14 64.7 79.4 4:30p 55.7 3:50a 4.0 3.6 0.00 0.6 10.0 1:40p NNW 15 65.6 81.1 4:10p 54.2 2:25a 4.2 4.8 0.00 0.5 10.0 2:10p N 16 63.7 79.9 5:20p 51.9 4:00a 5.3 4.0 0.00 0.5 11.0 1:15p N 17 61.5 73.7 4:05p 53.5 1:55a 5.5 2.0 0.00 0.8 11.0 1:35p N 18 61.2 71.8 1:10p 54.2 12:00m 5.2 1.5 0.00 0.7 10.0 2:50p NNE 19 58.9 70.8 1:40p 49.2 5:05a 7.3 1.2 0.00 0.7 11.0 3:15p NNW 20 59.9 76.1 2:55p 46.4 7:05a 7.5 2.3 0.00 0.6 11.0 3:35p NNW 21 63.5 83.4 2:05p 46.5 6:50a 6.5 5.0 0.00 0.4 8.0 3:35p N 22 66.3 87.2 3:45p 48.3 7:20a 5.3 6.6 0.00 0.4 10.0 4:30p N 23 65.3 86.1 2:30p 48.6 7:00a 5.6 5.9 0.00 0.5 11.0 3:00p N 24 63.5 79.9 3:15p 52.5 4:30a 5.3 3.8 0.00 0.4 10.0 12:50p NW 25 63.8 83.4 2:45p 49.6 7:05a 5.9 4.8 0.00 0.4 7.0 2:20p N 26 63.1 79.4 2:55p 54.7 12:20a 5.1 3.2 0.00 0.5 8.0 3:35p N 27 65.3 85.7 3:40p 51.3 6:20a 5.1 5.4 0.00 0.3 7.0 11:30a N 28 62.0 73.7 12:50p 54.7 3:35a 5.0 2.0 0.00 0.7 10.0 2:05p N 29 66.5 85.7 4:05p 55.6 12:05a 3.8 5.2 0.00 0.4 10.0 5:10p N 30 71.5 97.3 3:25p 52.3 7:10a 3.6 10.1 0.00 0.5 11.0 2:40p N ------------------------------------------------------------------------------------- 64.5 97.3 30 46.4 20 148.2 132.8 0.00 0.6 11.0 1 N Max >= 90.0: 2 Max <= 32.0: 0 Min <= 32.0: 0 Min <= 0.0: 0 Max Rain: 0.00 ON 09/01/12 Days of Rain: 0 (>.01 in) 0 (>.1 in) 0 (>1 in) Heat Base: 65.0 Cool Base: 65.0 Method: Integration

These reports are produced by WeatherLink V6.0.3.

deformed-offering