deformed-offering

NOAA-style climate reports

2018: Jan | Feb | Mar | Apr | May | Jun | Jul | Aug | Sep | Oct | Nov | Dec 
2017: Jan | Feb | Mar | Apr | May | Jun | Jul | Aug | Sep | Oct | Nov | Dec 
2016: Jan | Feb | Mar | Apr | May | Jun | Jul | Aug | Sep | Oct | Nov | Dec 
2015: Jan | Feb | Mar | Apr | May | Jun | Jul | Aug | Sep | Oct | Nov | Dec 
2014: Jan | Feb | Mar | Apr | May | Jun | Jul | Aug | Sep | Oct | Nov | Dec 
2013: Jan | Feb | Mar | Apr | May | Jun | Jul | Aug | Sep | Oct | Nov | Dec 
2012: Jan | Feb | Mar | Apr | May | Jun | Jul | Aug | Sep | Oct | Nov | Dec 
2011: Jan | Feb | Mar | Apr | May | Jun | Jul | Aug | Sep | Oct | Nov | Dec 
2010: Jan | Feb | Mar | Apr | May | Jun | Jul | Aug | Sep | Oct | Nov | Dec 
2009: Jan | Feb | Mar | Apr | May | Jun | Jul | Aug | Sep | Oct | Nov | Dec 
2008: Jan | Feb | Mar | Apr | May | Jun | Jul | Aug | Sep | Oct | Nov | Dec 
2007: Jan | Feb | Mar | Apr | May | Jun | Jul | Aug | Sep | Oct | Nov | Dec 
2006: Jan | Feb | Mar | Apr | May | Jun | Jul | Aug | Sep | Oct | Nov | Dec 
2005: Jan | Feb | Mar | Apr | May | Jun | Jul | Aug | Sep | Oct | Nov | Dec 
2004: Jan | Feb | Mar | Apr | May | Jun | Jul | Aug | Sep | Oct | Nov | Dec 

Report for 2012 08
MONTHLY CLIMATOLOGICAL SUMMARY for AUG. 2012 NAME: KCASARAT1 CITY: Saratoga STATE: CA ELEV: 375 ft LAT: 37 16' 28" N LONG: 122 01' 23" W TEMPERATURE (F), RAIN (in), WIND SPEED (mph) HEAT COOL AVG MEAN DEG DEG WIND DOM DAY TEMP HIGH TIME LOW TIME DAYS DAYS RAIN SPEED HIGH TIME DIR ------------------------------------------------------------------------------------ 1 68.7 87.6 4:45p 52.0 6:15a 3.6 7.3 0.00 0.8 10.0 1:35p NNW 2 68.6 89.7 3:40p 51.9 5:15a 3.9 7.5 0.00 0.7 10.0 1:30p N 3 67.3 84.7 3:20p 54.7 4:45a 3.6 5.9 0.00 0.8 10.0 3:00p N 4 62.9 72.1 2:40p 56.2 6:35a 3.5 1.5 0.00 0.7 12.0 12:40p NNE 5 65.9 78.3 2:20p 59.2 12:00m 2.3 3.1 0.00 1.0 12.0 3:00p N 6 68.2 82.6 4:25p 57.2 6:25a 2.7 5.8 0.00 0.8 11.0 4:05p NE 7 67.1 82.2 1:05p 53.2 6:45a 3.5 5.6 0.00 0.8 11.0 2:35p NNW 8 69.7 92.1 4:15p 50.4 6:35a 4.0 8.7 0.00 0.6 10.0 5:40p NNE 9 72.1 94.9 3:15p 51.7 6:45a 3.3 10.4 0.00 0.6 8.0 4:15p N 10 71.9 91.8 3:05p 55.1 6:35a 2.4 9.3 0.00 0.6 10.0 4:10p N 11 71.0 93.6 1:55p 53.1 5:50a 3.7 9.7 0.00 0.5 8.0 2:40p NNW 12 71.3 88.2 4:25p 56.5 5:40a 2.2 8.5 0.00 0.6 10.0 1:40p NNW 13 74.2 92.3 3:20p 58.4 6:45a 1.4 10.6 0.00 0.5 8.0 2:10p N 14 71.1 87.6 1:15p 60.5 6:50a 0.9 7.0 0.00 0.8 11.0 1:55p NNW 15 68.0 82.4 2:10p 59.5 11:55p 2.0 5.0 0.00 0.9 11.0 4:10p N 16 68.4 86.5 3:40p 57.2 2:40a 2.9 6.3 0.00 0.8 10.0 3:45p N 17 67.5 81.2 3:10p 58.0 4:20a 2.6 5.2 0.00 0.9 12.0 1:50p N 18 69.3 86.3 1:15p 58.7 6:50a 2.3 6.6 0.00 0.7 11.0 1:45p N 19 64.7 77.7 12:10p 54.5 5:10a 4.0 3.6 0.00 0.9 12.0 2:40p N 20 66.3 82.4 3:30p 56.3 6:55a 3.6 4.9 0.00 0.8 10.0 1:05p N 21 66.0 83.4 1:55p 56.6 6:25a 3.6 4.6 0.00 0.8 11.0 2:00p N 22 65.4 78.6 12:45p 56.5 6:40a 3.5 3.9 0.00 0.8 11.0 1:10p N 23 67.0 82.4 4:30p 57.0 6:05a 3.2 5.2 0.00 0.6 11.0 2:30p N 24 65.8 85.5 2:40p 50.4 6:45a 4.7 5.6 0.00 0.7 11.0 3:55p NNW 25 64.8 81.4 1:20p 55.9 7:00a 4.0 3.8 0.00 1.0 12.0 2:30p NE 26 62.8 73.7 2:55p 54.5 12:00m 4.3 2.1 0.00 1.0 12.0 1:35p SSW 27 66.1 84.1 4:15p 50.2 4:55a 5.0 6.1 0.00 0.8 13.0 3:20p NNW 28 70.1 87.4 3:45p 55.7 6:50a 2.9 7.9 0.00 0.9 12.0 2:25p N 29 70.4 92.5 4:40p 49.8 7:05a 4.1 9.4 0.00 0.5 10.0 4:40p NNE 30 67.0 84.0 2:30p 53.6 7:15a 3.4 5.4 0.00 0.9 11.0 2:05p N 31 60.9 70.3 3:50p 53.6 11:55p 5.0 0.8 0.00 1.3 13.0 4:25p NW ------------------------------------------------------------------------------------- 67.8 94.9 9 49.8 29 102.1 187.3 0.00 0.8 13.0 27 N Max >= 90.0: 6 Max <= 32.0: 0 Min <= 32.0: 0 Min <= 0.0: 0 Max Rain: 0.00 ON 08/01/12 Days of Rain: 0 (>.01 in) 0 (>.1 in) 0 (>1 in) Heat Base: 65.0 Cool Base: 65.0 Method: Integration

These reports are produced by WeatherLink V6.0.3.

deformed-offering