deformed-offering

NOAA-style climate reports

2018: Jan | Feb | Mar | Apr | May | Jun | Jul | Aug | Sep | Oct | Nov | Dec 
2017: Jan | Feb | Mar | Apr | May | Jun | Jul | Aug | Sep | Oct | Nov | Dec 
2016: Jan | Feb | Mar | Apr | May | Jun | Jul | Aug | Sep | Oct | Nov | Dec 
2015: Jan | Feb | Mar | Apr | May | Jun | Jul | Aug | Sep | Oct | Nov | Dec 
2014: Jan | Feb | Mar | Apr | May | Jun | Jul | Aug | Sep | Oct | Nov | Dec 
2013: Jan | Feb | Mar | Apr | May | Jun | Jul | Aug | Sep | Oct | Nov | Dec 
2012: Jan | Feb | Mar | Apr | May | Jun | Jul | Aug | Sep | Oct | Nov | Dec 
2011: Jan | Feb | Mar | Apr | May | Jun | Jul | Aug | Sep | Oct | Nov | Dec 
2010: Jan | Feb | Mar | Apr | May | Jun | Jul | Aug | Sep | Oct | Nov | Dec 
2009: Jan | Feb | Mar | Apr | May | Jun | Jul | Aug | Sep | Oct | Nov | Dec 
2008: Jan | Feb | Mar | Apr | May | Jun | Jul | Aug | Sep | Oct | Nov | Dec 
2007: Jan | Feb | Mar | Apr | May | Jun | Jul | Aug | Sep | Oct | Nov | Dec 
2006: Jan | Feb | Mar | Apr | May | Jun | Jul | Aug | Sep | Oct | Nov | Dec 
2005: Jan | Feb | Mar | Apr | May | Jun | Jul | Aug | Sep | Oct | Nov | Dec 
2004: Jan | Feb | Mar | Apr | May | Jun | Jul | Aug | Sep | Oct | Nov | Dec 

Report for 2012 07
MONTHLY CLIMATOLOGICAL SUMMARY for JUL. 2012 NAME: KCASARAT1 CITY: Saratoga STATE: CA ELEV: 375 ft LAT: 37 16' 28" N LONG: 122 01' 23" W TEMPERATURE (F), RAIN (in), WIND SPEED (mph) HEAT COOL AVG MEAN DEG DEG WIND DOM DAY TEMP HIGH TIME LOW TIME DAYS DAYS RAIN SPEED HIGH TIME DIR ------------------------------------------------------------------------------------ 1 67.0 78.1 4:20p 60.5 6:40a 1.4 3.4 0.00 1.3 12.0 3:35p N 2 67.2 79.4 1:15p 58.0 11:55p 2.1 4.2 0.00 1.0 11.0 2:35p NE 3 66.7 84.5 1:35p 50.1 6:15a 4.4 6.1 0.00 0.8 12.0 2:10p NNW 4 67.5 91.0 3:40p 49.9 6:15a 4.3 6.8 0.00 0.9 14.0 3:45p NW 5 62.6 75.3 12:20p 50.1 6:15a 5.3 2.9 0.00 1.1 12.0 1:35p NE 6 66.4 82.4 1:35p 51.3 2:55a 4.3 5.7 0.00 0.9 12.0 3:00p N 7 70.8 90.5 4:10p 52.2 6:00a 3.3 9.1 0.00 0.8 11.0 3:25p N 8 65.5 77.9 3:10p 56.5 3:25a 3.3 3.8 0.00 1.1 12.0 1:40p N 9 66.0 80.7 4:05p 56.5 6:30a 3.3 4.3 0.00 0.9 11.0 1:30p N 10 70.9 93.2 4:30p 51.6 3:00a 3.9 9.8 0.00 0.6 10.0 3:55p N 11 74.9 95.4 5:00p 55.1 5:35a 2.3 12.2 0.00 0.5 10.0 2:25p N 12 71.4 90.7 1:45p 56.5 6:25a 1.9 8.3 0.00 0.8 11.0 2:05p N 13 63.9 77.4 2:00p 52.8 6:20a 4.3 3.2 0.00 1.0 12.0 2:20p N 14 66.5 84.1 2:55p 56.9 7:10a 3.3 4.8 0.00 1.1 13.0 4:45p N 15 66.9 85.5 1:40p 54.7 5:45a 3.4 5.3 0.00 1.0 14.0 2:25p N 16 63.4 75.6 5:45p 55.0 3:55a 4.0 2.4 0.00 1.6 18.0 9:20a S 17 64.4 77.6 4:40p 54.4 3:25a 3.8 3.2 0.00 1.3 17.0 12:00p S 18 64.8 75.6 12:40p 57.5 12:00m 3.2 3.0 0.00 1.2 14.0 1:25p NNE 19 64.5 77.4 1:30p 53.8 6:25a 3.8 3.3 0.00 1.1 13.0 2:40p N 20 70.0 87.8 2:30p 53.8 6:30a 2.9 7.9 0.00 0.9 10.0 11:50a N 21 74.9 96.8 3:45p 55.6 6:10a 2.2 12.0 0.00 0.8 11.0 3:10p NNE 22 72.6 91.2 4:15p 56.7 6:30a 1.9 9.5 0.00 0.7 10.0 3:55p NE 23 69.9 93.6 4:10p 54.5 6:10a 2.9 7.8 0.00 1.0 17.0 2:30p N 24 67.5 83.6 3:30p 54.7 3:50a 3.2 5.7 0.00 1.0 12.0 2:10p N 25 65.8 80.7 2:45p 53.5 6:25a 3.8 4.6 0.00 1.1 12.0 3:40p N 26 65.4 79.2 1:40p 56.9 5:40a 3.1 3.5 0.00 1.2 17.0 2:15p N 27 66.1 82.0 3:40p 55.6 5:45a 3.4 4.5 0.00 1.1 11.0 4:20p N 28 66.0 79.6 4:50p 57.0 7:25a 3.1 4.1 0.00 1.1 13.0 1:50p N 29 66.1 82.0 4:10p 53.2 3:05a 4.0 5.1 0.00 0.9 11.0 2:50p N 30 71.4 92.3 4:05p 54.4 2:05a 3.2 9.6 0.00 0.6 10.0 2:50p N 31 71.0 87.8 2:25p 54.4 6:25a 2.3 8.2 0.00 0.8 11.0 2:40p NNW ------------------------------------------------------------------------------------- 67.7 96.8 21 49.9 4 101.6 184.3 0.00 1.0 18.0 16 N Max >= 90.0: 9 Max <= 32.0: 0 Min <= 32.0: 0 Min <= 0.0: 0 Max Rain: 0.00 ON 07/01/12 Days of Rain: 0 (>.01 in) 0 (>.1 in) 0 (>1 in) Heat Base: 65.0 Cool Base: 65.0 Method: Integration

These reports are produced by WeatherLink V6.0.3.

deformed-offering