deformed-offering

NOAA-style climate reports

2018: Jan | Feb | Mar | Apr | May | Jun | Jul | Aug | Sep | Oct | Nov | Dec 
2017: Jan | Feb | Mar | Apr | May | Jun | Jul | Aug | Sep | Oct | Nov | Dec 
2016: Jan | Feb | Mar | Apr | May | Jun | Jul | Aug | Sep | Oct | Nov | Dec 
2015: Jan | Feb | Mar | Apr | May | Jun | Jul | Aug | Sep | Oct | Nov | Dec 
2014: Jan | Feb | Mar | Apr | May | Jun | Jul | Aug | Sep | Oct | Nov | Dec 
2013: Jan | Feb | Mar | Apr | May | Jun | Jul | Aug | Sep | Oct | Nov | Dec 
2012: Jan | Feb | Mar | Apr | May | Jun | Jul | Aug | Sep | Oct | Nov | Dec 
2011: Jan | Feb | Mar | Apr | May | Jun | Jul | Aug | Sep | Oct | Nov | Dec 
2010: Jan | Feb | Mar | Apr | May | Jun | Jul | Aug | Sep | Oct | Nov | Dec 
2009: Jan | Feb | Mar | Apr | May | Jun | Jul | Aug | Sep | Oct | Nov | Dec 
2008: Jan | Feb | Mar | Apr | May | Jun | Jul | Aug | Sep | Oct | Nov | Dec 
2007: Jan | Feb | Mar | Apr | May | Jun | Jul | Aug | Sep | Oct | Nov | Dec 
2006: Jan | Feb | Mar | Apr | May | Jun | Jul | Aug | Sep | Oct | Nov | Dec 
2005: Jan | Feb | Mar | Apr | May | Jun | Jul | Aug | Sep | Oct | Nov | Dec 
2004: Jan | Feb | Mar | Apr | May | Jun | Jul | Aug | Sep | Oct | Nov | Dec 

Report for 2012 03
MONTHLY CLIMATOLOGICAL SUMMARY for MAR. 2012 NAME: KCASARAT1 CITY: Saratoga STATE: CA ELEV: 375 ft LAT: 37 16' 28" N LONG: 122 01' 23" W TEMPERATURE (F), RAIN (in), WIND SPEED (mph) HEAT COOL AVG MEAN DEG DEG WIND DOM DAY TEMP HIGH TIME LOW TIME DAYS DAYS RAIN SPEED HIGH TIME DIR ------------------------------------------------------------------------------------ 1 46.6 58.7 3:05p 38.6 4:50a 18.4 0.0 0.00 0.8 14.0 3:05p WNW 2 49.0 63.4 3:25p 38.3 5:55a 16.0 0.0 0.01 1.4 16.0 1:30p NW 3 53.4 72.0 3:25p 37.8 5:25a 12.7 1.1 0.00 0.7 12.0 11:25a NW 4 57.2 76.1 3:55p 41.2 6:10a 10.3 2.5 0.00 0.5 10.0 11:40a NW 5 54.9 71.6 1:20p 41.9 7:00a 11.3 1.2 0.00 0.8 13.0 2:20p NW 6 49.3 55.7 3:35p 43.9 6:35a 15.7 0.0 0.00 5.1 26.0 10:40a NW 7 49.6 62.1 3:15p 39.9 5:25a 15.4 0.0 0.00 1.9 18.0 10:40a NW 8 53.1 71.3 4:15p 36.0 6:00a 13.1 1.2 0.00 0.4 11.0 11:30a NW 9 55.2 75.8 3:25p 37.6 6:35a 12.0 2.2 0.00 0.5 10.0 3:35p NW 10 50.2 63.9 2:15p 37.2 5:15a 14.8 0.0 0.00 0.9 16.0 3:10p NNW 11 51.5 62.9 3:10p 41.9 7:15a 12.9 0.0 0.00 1.0 12.0 5:55p W 12 50.8 63.7 3:20p 38.0 7:40a 14.2 0.0 0.00 1.4 16.0 3:00p ESE 13 52.7 56.0 3:50p 50.8 12:05a 12.3 0.0 0.30 2.7 22.0 1:20p ESE 14 55.2 59.2 2:45p 52.5 6:20a 9.8 0.0 0.09 2.1 17.0 1:30a ESE 15 58.4 64.5 3:45p 55.0 1:35a 6.6 0.0 0.01 2.6 18.0 2:15a ESE 16 55.6 63.1 1:50p 47.9 11:05p 9.4 0.0 0.61 2.0 21.0 2:20p ESE 17 45.8 50.7 3:05p 40.6 5:30a 19.2 0.0 0.01 2.3 18.0 4:40p NW 18 45.1 52.2 1:45p 41.6 5:10a 19.9 0.0 0.06 2.9 21.0 4:40p W 19 47.7 59.2 3:15p 35.5 6:45a 17.3 0.0 0.00 0.6 12.0 3:10p NW 20 56.2 69.1 3:30p 48.0 6:15a 9.1 0.3 0.00 0.8 12.0 4:40p NNW 21 57.7 75.3 2:00p 44.3 7:10a 8.8 1.4 0.00 1.0 16.0 3:35p N 22 52.3 59.3 4:45p 41.2 12:00m 12.7 0.0 0.00 1.2 14.0 4:20p NW 23 49.7 66.4 3:50p 35.9 7:10a 15.4 0.1 0.00 1.6 17.0 5:15p ESE 24 47.0 52.0 1:30a 43.9 12:00m 18.0 0.0 1.05 1.5 26.0 4:00a N 25 48.3 57.0 3:55p 41.5 7:35a 16.7 0.0 0.47 1.0 16.0 4:25p NW 26 48.8 60.2 3:05p 37.8 6:35a 16.2 0.0 0.00 1.5 18.0 5:45p ESE 27 53.3 61.8 1:45p 49.4 4:35a 11.7 0.0 1.11 4.0 28.0 2:15p S 28 57.5 67.8 4:10p 49.2 12:00m 7.8 0.3 0.03 1.0 12.0 3:20p ESE 29 55.4 72.5 2:00p 44.3 6:50a 10.2 0.5 0.00 0.7 13.0 3:20p N 30 59.0 71.6 1:30p 46.5 7:15a 7.3 1.2 0.00 0.9 13.0 5:25p ESE 31 53.6 58.0 3:45p 46.1 11:55p 11.4 0.0 0.73 3.4 30.0 6:30a S ------------------------------------------------------------------------------------- 52.3 76.1 4 35.5 19 406.6 12.0 4.48 1.6 30.0 31 NW Max >= 90.0: 0 Max <= 32.0: 0 Min <= 32.0: 0 Min <= 0.0: 0 Max Rain: 1.11 ON 03/27/12 Days of Rain: 9 (>.01 in) 6 (>.1 in) 2 (>1 in) Heat Base: 65.0 Cool Base: 65.0 Method: Integration

These reports are produced by WeatherLink V6.0.3.

deformed-offering