deformed-offering

NOAA-style climate reports

2018: Jan | Feb | Mar | Apr | May | Jun | Jul | Aug | Sep | Oct | Nov | Dec 
2017: Jan | Feb | Mar | Apr | May | Jun | Jul | Aug | Sep | Oct | Nov | Dec 
2016: Jan | Feb | Mar | Apr | May | Jun | Jul | Aug | Sep | Oct | Nov | Dec 
2015: Jan | Feb | Mar | Apr | May | Jun | Jul | Aug | Sep | Oct | Nov | Dec 
2014: Jan | Feb | Mar | Apr | May | Jun | Jul | Aug | Sep | Oct | Nov | Dec 
2013: Jan | Feb | Mar | Apr | May | Jun | Jul | Aug | Sep | Oct | Nov | Dec 
2012: Jan | Feb | Mar | Apr | May | Jun | Jul | Aug | Sep | Oct | Nov | Dec 
2011: Jan | Feb | Mar | Apr | May | Jun | Jul | Aug | Sep | Oct | Nov | Dec 
2010: Jan | Feb | Mar | Apr | May | Jun | Jul | Aug | Sep | Oct | Nov | Dec 
2009: Jan | Feb | Mar | Apr | May | Jun | Jul | Aug | Sep | Oct | Nov | Dec 
2008: Jan | Feb | Mar | Apr | May | Jun | Jul | Aug | Sep | Oct | Nov | Dec 
2007: Jan | Feb | Mar | Apr | May | Jun | Jul | Aug | Sep | Oct | Nov | Dec 
2006: Jan | Feb | Mar | Apr | May | Jun | Jul | Aug | Sep | Oct | Nov | Dec 
2005: Jan | Feb | Mar | Apr | May | Jun | Jul | Aug | Sep | Oct | Nov | Dec 
2004: Jan | Feb | Mar | Apr | May | Jun | Jul | Aug | Sep | Oct | Nov | Dec 

Report for 2012
ANNUAL CLIMATOLOGICAL SUMMARY NAME: KCASARAT1 CITY: Saratoga STATE: CA ELEV: 375 ft LAT: 37 16' 28" N LONG: 122 01' 23" W TEMPERATURE (F), HEAT BASE 65.0, COOL BASE 65.0 DEP. HEAT COOL MEAN MEAN FROM DEG DEG MAX MAX MIN MIN YR MO MAX MIN MEAN NORM DAYS DAYS HI DATE LOW DATE >=90 <=32 <=32 <=0 ------------------------------------------------------------------------------------ 12 1 61.9 38.6 48.8 -0.7 504 2 68.4 1 29.0 17 0 0 3 0 12 2 63.9 40.9 50.9 -0.2 419 10 76.8 22 35.5 27 0 0 0 0 12 3 63.6 42.7 52.3 -3.1 407 12 76.1 4 35.5 19 0 0 0 0 12 4 71.1 46.3 57.6 1.6 280 59 93.6 21 35.3 6 1 0 0 0 12 5 77.9 48.1 61.8 1.7 207 107 91.2 31 43.1 2 4 0 0 0 12 6 81.7 51.4 65.7 0.7 138 158 102.3 16 44.5 9 5 0 0 0 12 7 84.2 54.6 67.7 0.4 102 184 96.8 21 49.9 4 9 0 0 0 12 8 84.4 55.1 67.8 0.5 102 187 94.9 9 49.8 29 6 0 0 0 12 9 81.3 52.1 64.5 -2.0 148 133 97.3 30 46.4 20 2 0 0 0 12 10 76.7 51.9 62.5 2.0 179 100 102.5 2 41.9 21 4 0 0 0 12 11 67.2 46.1 55.3 1.3 311 21 84.0 5 35.2 11 0 0 0 0 12 12 57.6 41.6 49.1 -1.2 493 1 68.6 10 30.7 19 0 0 1 0 ------------------------------------------------------------------------------------ 72.7 47.5 58.7 0.1 3290 975 102.5 OCT 29.0 JAN 31 0 4 0 PRECIPITATION (in) DEP. MAX DAYS OF RAIN FROM OBS. OVER YR MO TOTAL NORM DAY DATE .01 .1 1 --------------------------------------------- 12 1 1.95 0.35 0.89 20 4 4 0 12 2 1.10 -2.20 0.44 29 8 2 0 12 3 4.48 3.18 1.11 27 9 6 2 12 4 3.18 1.48 1.91 12 6 4 1 12 5 0.00 -0.50 0.00 1 0 0 0 12 6 0.21 0.21 0.20 4 1 1 0 12 7 0.00 0.00 0.00 1 0 0 0 12 8 0.00 0.00 0.00 1 0 0 0 12 9 0.00 0.00 0.00 1 0 0 0 12 10 0.60 0.60 0.27 22 6 2 0 12 11 5.95 3.45 2.99 30 11 7 1 12 12 8.73 -0.67 2.85 23 14 11 3 --------------------------------------------- 26.20 5.90 2.99 NOV 59 37 7 WIND SPEED (mph) DOM YR MO AVG. HI DATE DIR --------------------------------- 12 1 0.8 31.0 20 NW 12 2 1.0 22.0 15 NW 12 3 1.6 30.0 31 NW 12 4 1.6 25.0 9 NW 12 5 1.1 21.0 23 NW 12 6 1.1 18.0 5 NNW 12 7 1.0 18.0 16 N 12 8 0.8 13.0 27 N 12 9 0.6 11.0 1 N 12 10 0.6 19.0 18 NW 12 11 0.8 32.0 30 ESE 12 12 1.0 32.0 21 NW --------------------------------- 1.0 32.0 NOV NW

These reports are produced by WeatherLink V6.0.3.

deformed-offering