deformed-offering

NOAA-style climate reports

2018: Jan | Feb | Mar | Apr | May | Jun | Jul | Aug | Sep | Oct | Nov | Dec 
2017: Jan | Feb | Mar | Apr | May | Jun | Jul | Aug | Sep | Oct | Nov | Dec 
2016: Jan | Feb | Mar | Apr | May | Jun | Jul | Aug | Sep | Oct | Nov | Dec 
2015: Jan | Feb | Mar | Apr | May | Jun | Jul | Aug | Sep | Oct | Nov | Dec 
2014: Jan | Feb | Mar | Apr | May | Jun | Jul | Aug | Sep | Oct | Nov | Dec 
2013: Jan | Feb | Mar | Apr | May | Jun | Jul | Aug | Sep | Oct | Nov | Dec 
2012: Jan | Feb | Mar | Apr | May | Jun | Jul | Aug | Sep | Oct | Nov | Dec 
2011: Jan | Feb | Mar | Apr | May | Jun | Jul | Aug | Sep | Oct | Nov | Dec 
2010: Jan | Feb | Mar | Apr | May | Jun | Jul | Aug | Sep | Oct | Nov | Dec 
2009: Jan | Feb | Mar | Apr | May | Jun | Jul | Aug | Sep | Oct | Nov | Dec 
2008: Jan | Feb | Mar | Apr | May | Jun | Jul | Aug | Sep | Oct | Nov | Dec 
2007: Jan | Feb | Mar | Apr | May | Jun | Jul | Aug | Sep | Oct | Nov | Dec 
2006: Jan | Feb | Mar | Apr | May | Jun | Jul | Aug | Sep | Oct | Nov | Dec 
2005: Jan | Feb | Mar | Apr | May | Jun | Jul | Aug | Sep | Oct | Nov | Dec 
2004: Jan | Feb | Mar | Apr | May | Jun | Jul | Aug | Sep | Oct | Nov | Dec 

Report for 2011 12
MONTHLY CLIMATOLOGICAL SUMMARY for DEC. 2011 NAME: KCASARAT1 CITY: Saratoga STATE: CA ELEV: 375 ft LAT: 37 16' 28" N LONG: 122 01' 23" W TEMPERATURE (F), RAIN (in), WIND SPEED (mph) HEAT COOL AVG MEAN DEG DEG WIND DOM DAY TEMP HIGH TIME LOW TIME DAYS DAYS RAIN SPEED HIGH TIME DIR ------------------------------------------------------------------------------------ 1 57.7 65.0 2:30p 50.8 11:20p 7.3 0.0 0.00 5.5 24.0 3:25a NW 2 55.4 71.1 2:35p 41.8 5:50a 10.4 0.9 0.00 0.9 18.0 10:20p NW 3 51.4 61.3 2:00p 39.3 5:45a 13.6 0.0 0.00 1.7 22.0 12:30p WNW 4 47.8 65.2 2:10p 35.6 7:40a 17.2 0.0 0.00 0.2 7.0 3:40p WNW 5 45.9 59.0 1:35p 36.3 5:30a 19.1 0.0 0.00 0.5 10.0 11:35a NW 6 45.0 62.4 2:15p 32.9 7:05a 20.0 0.0 0.00 0.1 6.0 1:35p NW 7 44.0 58.7 2:20p 33.5 7:25a 21.0 0.0 0.00 0.3 7.0 12:30p NW 8 44.3 59.5 2:55p 34.7 4:05a 20.7 0.0 0.00 0.2 8.0 12:50p NW 9 45.5 63.9 2:00p 33.4 7:25a 19.5 0.0 0.00 0.1 6.0 2:10p NNW 10 44.7 61.3 1:55p 34.4 7:25a 20.3 0.0 0.00 0.2 6.0 1:00p NNW 11 46.3 53.5 1:50p 37.2 12:15a 18.7 0.0 0.00 0.2 7.0 4:05p N 12 45.5 50.4 3:15p 38.6 12:00m 19.5 0.0 0.00 0.4 10.0 1:10p NW 13 44.8 57.2 1:00p 35.2 5:45a 20.2 0.0 0.01 0.2 7.0 1:00p NNW 14 45.3 58.0 2:30p 37.5 3:20a 19.7 0.0 0.00 0.1 6.0 11:45a NE 15 45.0 50.8 2:30p 39.5 12:00m 20.0 0.0 0.02 0.7 13.0 12:10p NW 16 46.7 60.1 3:05p 35.8 2:35a 18.3 0.0 0.00 1.0 13.0 9:05a NW 17 45.9 63.1 2:00p 34.9 6:55a 19.1 0.0 0.00 0.2 5.0 10:35a N 18 45.7 55.9 1:10p 34.7 7:35a 19.3 0.0 0.00 0.6 8.0 9:50a NW 19 49.4 61.5 2:55p 39.3 11:55p 15.6 0.0 0.00 0.5 11.0 10:25a NW 20 45.0 59.5 2:10p 34.1 7:05a 20.0 0.0 0.00 0.4 8.0 12:45p NW 21 45.1 61.2 1:45p 33.8 7:10a 19.9 0.0 0.00 0.8 11.0 10:10a NW 22 45.1 59.3 2:15p 35.6 2:40a 19.9 0.0 0.00 1.4 17.0 11:45a NW 23 42.7 60.7 2:40p 31.0 6:05a 22.3 0.0 0.00 0.3 11.0 12:30p NW 24 41.9 60.2 3:50p 29.3 7:20a 23.1 0.0 0.00 0.3 8.0 11:50a NW 25 42.0 58.7 2:20p 31.0 6:30a 23.0 0.0 0.00 0.2 6.0 2:45p NW 26 42.3 54.1 2:40p 32.1 6:50a 22.7 0.0 0.00 0.3 7.0 11:15a NW 27 46.2 57.8 1:35p 37.2 7:50a 18.8 0.0 0.00 0.3 8.0 12:35p SW 28 49.6 65.8 3:05p 37.8 5:40a 15.5 0.0 0.00 0.5 9.0 11:05a NW 29 53.1 64.5 1:35p 43.9 7:25a 11.9 0.0 0.00 0.3 8.0 3:35p N 30 54.5 60.1 3:00p 51.7 12:00m 10.6 0.0 0.02 0.1 5.0 12:20p E 31 47.9 59.8 1:45p 38.3 7:15a 17.1 0.0 0.00 0.5 11.0 12:15a NW ------------------------------------------------------------------------------------- 46.8 71.1 2 29.3 24 564.3 0.9 0.05 0.6 24.0 1 NW Max >= 90.0: 0 Max <= 32.0: 0 Min <= 32.0: 3 Min <= 0.0: 0 Max Rain: 0.02 ON 12/15/11 Days of Rain: 2 (>.01 in) 0 (>.1 in) 0 (>1 in) Heat Base: 65.0 Cool Base: 65.0 Method: Integration

These reports are produced by WeatherLink V6.0.3.

deformed-offering