deformed-offering

NOAA-style climate reports

2018: Jan | Feb | Mar | Apr | May | Jun | Jul | Aug | Sep | Oct | Nov | Dec 
2017: Jan | Feb | Mar | Apr | May | Jun | Jul | Aug | Sep | Oct | Nov | Dec 
2016: Jan | Feb | Mar | Apr | May | Jun | Jul | Aug | Sep | Oct | Nov | Dec 
2015: Jan | Feb | Mar | Apr | May | Jun | Jul | Aug | Sep | Oct | Nov | Dec 
2014: Jan | Feb | Mar | Apr | May | Jun | Jul | Aug | Sep | Oct | Nov | Dec 
2013: Jan | Feb | Mar | Apr | May | Jun | Jul | Aug | Sep | Oct | Nov | Dec 
2012: Jan | Feb | Mar | Apr | May | Jun | Jul | Aug | Sep | Oct | Nov | Dec 
2011: Jan | Feb | Mar | Apr | May | Jun | Jul | Aug | Sep | Oct | Nov | Dec 
2010: Jan | Feb | Mar | Apr | May | Jun | Jul | Aug | Sep | Oct | Nov | Dec 
2009: Jan | Feb | Mar | Apr | May | Jun | Jul | Aug | Sep | Oct | Nov | Dec 
2008: Jan | Feb | Mar | Apr | May | Jun | Jul | Aug | Sep | Oct | Nov | Dec 
2007: Jan | Feb | Mar | Apr | May | Jun | Jul | Aug | Sep | Oct | Nov | Dec 
2006: Jan | Feb | Mar | Apr | May | Jun | Jul | Aug | Sep | Oct | Nov | Dec 
2005: Jan | Feb | Mar | Apr | May | Jun | Jul | Aug | Sep | Oct | Nov | Dec 
2004: Jan | Feb | Mar | Apr | May | Jun | Jul | Aug | Sep | Oct | Nov | Dec 

Report for 2011 08
MONTHLY CLIMATOLOGICAL SUMMARY for AUG. 2011 NAME: KCASARAT1 CITY: Saratoga STATE: CA ELEV: 375 ft LAT: 37 16' 28" N LONG: 122 01' 23" W TEMPERATURE (F), RAIN (in), WIND SPEED (mph) HEAT COOL AVG MEAN DEG DEG WIND DOM DAY TEMP HIGH TIME LOW TIME DAYS DAYS RAIN SPEED HIGH TIME DIR ------------------------------------------------------------------------------------ 1 66.6 76.3 4:20p 59.2 11:45p 2.1 3.7 0.00 1.3 11.0 1:15p N 2 67.3 80.5 2:40p 58.3 7:05a 2.7 5.0 0.00 1.1 12.0 3:25p N 3 65.7 83.4 1:40p 53.3 3:25a 4.0 4.7 0.00 1.0 13.0 2:40p NNW 4 64.5 77.0 12:30p 54.7 3:45a 3.7 3.2 0.00 1.4 13.0 1:35p N 5 68.9 83.2 2:25p 58.9 4:40a 2.2 6.1 0.00 1.0 12.0 1:40p NNW 6 66.5 83.6 2:35p 57.3 6:55a 3.0 4.5 0.00 1.2 13.0 4:10p ESE 7 65.4 75.8 1:00p 59.8 5:15a 2.5 2.9 0.00 1.3 12.0 2:55p NNE 8 66.3 81.8 2:15p 56.6 6:50a 3.3 4.6 0.00 1.1 12.0 3:10p NW 9 66.4 85.5 1:40p 48.9 6:15a 4.9 6.3 0.00 0.9 13.0 3:30p NNW 10 67.0 87.2 2:25p 52.2 6:25a 4.1 6.0 0.00 0.8 11.0 3:35p NNE 11 65.0 82.0 2:00p 51.9 6:45a 4.3 4.3 0.00 1.1 12.0 4:00p NNW 12 65.1 80.9 3:45p 51.1 6:15a 4.6 4.6 0.00 0.8 11.0 4:05p N 13 67.2 85.5 1:40p 51.9 6:40a 3.9 6.1 0.00 0.9 12.0 3:05p N 14 67.4 85.3 2:30p 51.9 6:15a 3.9 6.3 0.00 0.7 11.0 3:15p N 15 68.0 85.7 12:40p 53.5 6:30a 3.5 6.5 0.00 0.9 13.0 3:45p NNW 16 66.8 83.8 3:25p 51.7 5:15a 4.0 5.8 0.00 0.9 11.0 3:30p NNE 17 66.7 82.2 2:50p 56.2 2:20a 3.3 5.0 0.00 0.9 11.0 3:50p N 18 66.7 83.8 1:55p 56.2 7:25a 3.4 5.1 0.00 1.0 12.0 3:25p N 19 64.3 79.4 2:05p 55.6 6:45a 3.9 3.2 0.00 1.2 11.0 2:40p N 20 65.1 78.5 4:25p 55.3 7:20a 3.2 3.2 0.00 1.3 14.0 12:20p ESE 21 64.5 77.2 1:35p 57.8 5:15a 3.2 2.7 0.00 1.4 12.0 3:00p ESE 22 67.2 80.3 3:25p 59.0 6:40a 2.3 4.5 0.00 0.9 12.0 3:55p SSE 23 73.0 93.8 1:55p 53.8 6:20a 3.5 11.8 0.00 0.6 10.0 3:40p NNW 24 71.9 88.0 12:35p 59.2 6:55a 1.1 8.0 0.00 0.9 12.0 3:20p NW 25 69.1 82.4 3:30p 60.2 6:35a 1.4 5.6 0.00 1.0 11.0 3:30p NNW 26 69.0 85.9 4:10p 59.9 11:30p 2.1 6.1 0.00 0.8 11.0 2:30p NNW 27 68.5 84.1 5:05p 58.3 5:55a 2.5 5.9 0.00 0.8 10.0 1:35p SW 28 68.2 87.0 4:10p 54.4 3:55a 3.5 6.7 0.00 0.6 8.0 1:45p N 29 66.5 80.7 1:45p 56.2 3:10a 3.1 4.6 0.00 0.9 12.0 2:05p NW 30 64.6 84.5 2:40p 49.8 6:45a 5.1 4.7 0.00 0.8 12.0 4:30p N 31 64.6 83.4 2:40p 50.8 6:40a 4.8 4.3 0.01 0.8 12.0 4:55p NE ------------------------------------------------------------------------------------- 66.9 93.8 23 48.9 9 103.1 162.0 0.01 1.0 14.0 20 N Max >= 90.0: 1 Max <= 32.0: 0 Min <= 32.0: 0 Min <= 0.0: 0 Max Rain: 0.01 ON 08/31/11 Days of Rain: 0 (>.01 in) 0 (>.1 in) 0 (>1 in) Heat Base: 65.0 Cool Base: 65.0 Method: Integration

These reports are produced by WeatherLink V6.0.3.

deformed-offering