deformed-offering

NOAA-style climate reports

2018: Jan | Feb | Mar | Apr | May | Jun | Jul | Aug | Sep | Oct | Nov | Dec 
2017: Jan | Feb | Mar | Apr | May | Jun | Jul | Aug | Sep | Oct | Nov | Dec 
2016: Jan | Feb | Mar | Apr | May | Jun | Jul | Aug | Sep | Oct | Nov | Dec 
2015: Jan | Feb | Mar | Apr | May | Jun | Jul | Aug | Sep | Oct | Nov | Dec 
2014: Jan | Feb | Mar | Apr | May | Jun | Jul | Aug | Sep | Oct | Nov | Dec 
2013: Jan | Feb | Mar | Apr | May | Jun | Jul | Aug | Sep | Oct | Nov | Dec 
2012: Jan | Feb | Mar | Apr | May | Jun | Jul | Aug | Sep | Oct | Nov | Dec 
2011: Jan | Feb | Mar | Apr | May | Jun | Jul | Aug | Sep | Oct | Nov | Dec 
2010: Jan | Feb | Mar | Apr | May | Jun | Jul | Aug | Sep | Oct | Nov | Dec 
2009: Jan | Feb | Mar | Apr | May | Jun | Jul | Aug | Sep | Oct | Nov | Dec 
2008: Jan | Feb | Mar | Apr | May | Jun | Jul | Aug | Sep | Oct | Nov | Dec 
2007: Jan | Feb | Mar | Apr | May | Jun | Jul | Aug | Sep | Oct | Nov | Dec 
2006: Jan | Feb | Mar | Apr | May | Jun | Jul | Aug | Sep | Oct | Nov | Dec 
2005: Jan | Feb | Mar | Apr | May | Jun | Jul | Aug | Sep | Oct | Nov | Dec 
2004: Jan | Feb | Mar | Apr | May | Jun | Jul | Aug | Sep | Oct | Nov | Dec 

Report for 2011 07
MONTHLY CLIMATOLOGICAL SUMMARY for JUL. 2011 NAME: KCASARAT1 CITY: Saratoga STATE: CA ELEV: 375 ft LAT: 37 16' 28" N LONG: 122 01' 23" W TEMPERATURE (F), RAIN (in), WIND SPEED (mph) HEAT COOL AVG MEAN DEG DEG WIND DOM DAY TEMP HIGH TIME LOW TIME DAYS DAYS RAIN SPEED HIGH TIME DIR ------------------------------------------------------------------------------------ 1 72.6 93.4 3:15p 53.8 5:35a 3.2 10.7 0.00 1.1 14.0 4:45p NW 2 73.3 90.5 2:45p 56.3 6:10a 1.6 9.9 0.00 0.7 11.0 1:10p NNE 3 76.8 98.5 3:55p 57.8 6:05a 1.4 13.2 0.00 0.9 11.0 11:50a N 4 73.2 89.9 2:45p 57.0 6:20a 1.4 9.5 0.00 0.9 11.0 3:30p N 5 75.8 94.5 4:25p 54.8 6:20a 2.0 12.8 0.00 0.8 11.0 1:05p NNW 6 75.8 96.3 2:50p 58.3 6:30a 0.9 11.7 0.00 0.8 11.0 1:20p N 7 71.8 88.0 2:50p 57.3 5:40a 1.8 8.6 0.00 0.9 10.0 2:20p NNW 8 71.2 89.9 4:20p 55.4 6:10a 2.4 8.6 0.00 1.0 11.0 2:30p NNW 9 65.3 80.5 1:45p 55.4 5:35a 3.8 4.1 0.00 1.2 13.0 3:55p NNW 10 64.4 80.9 2:40p 48.3 6:20a 5.1 4.5 0.00 1.0 13.0 3:55p ENE 11 62.1 72.8 12:10p 52.6 6:25a 4.8 1.9 0.00 1.4 13.0 1:10p NNE 12 62.3 72.7 3:45p 49.6 5:50a 5.0 2.3 0.00 1.4 14.0 2:40p NE 13 64.3 74.6 1:30p 55.3 11:30p 3.1 2.4 0.00 1.7 18.0 3:45p NW 14 61.2 74.6 4:20p 50.8 6:00a 6.0 2.3 0.00 1.0 14.0 1:00p NW 15 60.9 72.7 2:40p 49.5 5:45a 5.9 1.8 0.00 1.3 12.0 12:45p N 16 64.4 76.0 2:05p 56.3 6:10a 3.5 2.9 0.00 1.4 14.0 3:10p N 17 64.2 73.0 4:00p 57.0 12:00m 2.6 1.8 0.00 1.2 14.0 3:15p NNW 18 66.3 81.2 2:10p 51.6 5:45a 4.0 5.3 0.00 1.5 16.0 3:35p N 19 68.6 81.1 4:45p 57.5 6:35a 1.8 5.4 0.00 1.2 13.0 2:25p NW 20 72.8 92.1 2:45p 55.0 5:50a 2.6 10.4 0.00 1.0 12.0 4:20p NW 21 69.6 88.6 3:10p 52.9 6:20a 2.7 7.3 0.00 0.9 13.0 3:50p N 22 68.7 87.2 2:05p 55.9 4:50a 2.9 6.6 0.00 1.1 13.0 5:15p N 23 66.9 86.3 2:15p 55.9 6:00a 3.3 5.2 0.00 1.0 12.0 2:50p N 24 67.0 80.7 3:15p 57.6 6:50a 2.5 4.5 0.00 1.2 12.0 3:30p NNW 25 66.0 78.5 1:45p 58.3 6:05a 2.7 3.7 0.00 1.1 11.0 12:40p NE 26 66.6 81.6 12:20p 51.7 6:40a 3.8 5.5 0.00 1.1 12.0 3:10p NW 27 69.0 86.3 4:00p 52.8 6:10a 3.5 7.5 0.00 0.9 12.0 4:15p N 28 68.4 85.5 4:25p 54.1 6:25a 3.1 6.5 0.00 1.0 11.0 2:50p NNE 29 68.5 82.6 1:10p 58.3 3:00a 2.1 5.6 0.00 1.2 12.0 2:55p NNE 30 67.0 82.0 1:20p 56.3 5:55a 2.7 4.6 0.00 1.3 12.0 2:30p NNW 31 66.6 80.5 2:10p 59.9 7:05a 2.1 3.7 0.00 1.2 12.0 3:40p N ------------------------------------------------------------------------------------- 68.1 98.5 3 48.3 10 94.3 190.8 0.00 1.1 18.0 13 N Max >= 90.0: 6 Max <= 32.0: 0 Min <= 32.0: 0 Min <= 0.0: 0 Max Rain: 0.00 ON 07/01/11 Days of Rain: 0 (>.01 in) 0 (>.1 in) 0 (>1 in) Heat Base: 65.0 Cool Base: 65.0 Method: Integration

These reports are produced by WeatherLink V6.0.3.

deformed-offering