deformed-offering

NOAA-style climate reports

2018: Jan | Feb | Mar | Apr | May | Jun | Jul | Aug | Sep | Oct | Nov | Dec 
2017: Jan | Feb | Mar | Apr | May | Jun | Jul | Aug | Sep | Oct | Nov | Dec 
2016: Jan | Feb | Mar | Apr | May | Jun | Jul | Aug | Sep | Oct | Nov | Dec 
2015: Jan | Feb | Mar | Apr | May | Jun | Jul | Aug | Sep | Oct | Nov | Dec 
2014: Jan | Feb | Mar | Apr | May | Jun | Jul | Aug | Sep | Oct | Nov | Dec 
2013: Jan | Feb | Mar | Apr | May | Jun | Jul | Aug | Sep | Oct | Nov | Dec 
2012: Jan | Feb | Mar | Apr | May | Jun | Jul | Aug | Sep | Oct | Nov | Dec 
2011: Jan | Feb | Mar | Apr | May | Jun | Jul | Aug | Sep | Oct | Nov | Dec 
2010: Jan | Feb | Mar | Apr | May | Jun | Jul | Aug | Sep | Oct | Nov | Dec 
2009: Jan | Feb | Mar | Apr | May | Jun | Jul | Aug | Sep | Oct | Nov | Dec 
2008: Jan | Feb | Mar | Apr | May | Jun | Jul | Aug | Sep | Oct | Nov | Dec 
2007: Jan | Feb | Mar | Apr | May | Jun | Jul | Aug | Sep | Oct | Nov | Dec 
2006: Jan | Feb | Mar | Apr | May | Jun | Jul | Aug | Sep | Oct | Nov | Dec 
2005: Jan | Feb | Mar | Apr | May | Jun | Jul | Aug | Sep | Oct | Nov | Dec 
2004: Jan | Feb | Mar | Apr | May | Jun | Jul | Aug | Sep | Oct | Nov | Dec 

Report for 2011 06
MONTHLY CLIMATOLOGICAL SUMMARY for JUN. 2011 NAME: KCASARAT1 CITY: Saratoga STATE: CA ELEV: 375 ft LAT: 37 16' 28" N LONG: 122 01' 23" W TEMPERATURE (F), RAIN (in), WIND SPEED (mph) HEAT COOL AVG MEAN DEG DEG WIND DOM DAY TEMP HIGH TIME LOW TIME DAYS DAYS RAIN SPEED HIGH TIME DIR ------------------------------------------------------------------------------------ 1 54.7 64.5 4:45p 46.1 6:15a 10.3 0.0 0.04 0.9 13.0 1:15p WSW 2 55.4 67.1 2:05p 43.2 6:05a 9.7 0.0 0.00 0.7 11.0 4:05p NW 3 56.3 66.9 1:25p 45.1 5:05a 8.8 0.2 0.01 0.6 11.0 3:05p ESE 4 56.4 61.0 2:45p 52.9 4:35a 8.6 0.0 0.99 1.7 22.0 10:55a ESE 5 59.7 68.1 2:05p 52.6 5:55a 5.8 0.5 0.00 0.9 14.0 12:20p SW 6 61.4 76.8 3:30p 52.3 5:00a 5.3 1.7 0.00 1.3 16.0 5:55p NW 7 62.5 74.2 3:25p 53.1 2:30a 5.0 2.5 0.00 1.2 13.0 2:45p NNW 8 62.1 76.7 1:25p 49.4 5:55a 5.8 2.9 0.00 1.1 13.0 1:55p NNE 9 63.1 78.8 3:10p 52.8 6:40a 5.2 3.3 0.00 1.1 11.0 12:30p NW 10 62.8 76.0 12:20p 53.2 11:50p 5.0 2.8 0.00 1.1 14.0 6:20p NNE 11 59.5 73.2 5:10p 47.4 6:10a 6.8 1.3 0.00 1.2 16.0 3:35p NW 12 63.3 76.7 12:55p 54.1 7:25a 4.6 2.9 0.00 1.2 12.0 2:10p NW 13 63.8 76.3 12:15p 51.1 5:50a 4.8 3.6 0.00 1.2 12.0 1:00p NNW 14 70.5 93.8 3:45p 52.2 5:45a 3.6 9.1 0.00 1.0 16.0 3:30p NW 15 71.7 91.0 4:05p 55.1 5:45a 2.4 9.1 0.00 0.8 11.0 5:15p N 16 65.9 81.4 1:25p 52.9 6:00a 3.5 4.4 0.00 0.9 12.0 3:55p NW 17 64.0 81.4 3:35p 49.5 5:55a 5.2 4.2 0.00 0.9 12.0 5:35p N 18 64.6 83.8 1:50p 48.5 5:30a 5.3 4.9 0.00 1.0 13.0 2:50p N 19 71.3 91.0 4:25p 53.1 6:00a 3.2 9.5 0.00 1.2 14.0 2:10p NW 20 78.1 98.0 3:15p 58.6 6:05a 1.2 14.4 0.00 1.1 14.0 3:25p NW 21 79.5 98.2 2:20p 60.5 6:10a 0.5 14.9 0.00 0.9 13.0 2:35p NW 22 71.1 88.8 12:20p 58.7 6:10a 1.5 7.6 0.00 1.1 11.0 12:45p NNE 23 66.7 84.0 1:00p 52.8 6:15a 3.7 5.4 0.00 0.9 14.0 1:35p NE 24 64.2 81.1 1:10p 47.7 6:10a 5.3 4.4 0.00 1.0 14.0 3:55p NE 25 62.2 78.8 1:05p 47.6 5:55a 6.0 3.2 0.00 1.1 13.0 1:45p NW 26 64.9 83.2 2:40p 49.6 6:15a 5.1 5.1 0.00 0.9 12.0 2:45p NNE 27 64.2 75.3 4:00p 53.6 3:35a 3.9 3.1 0.00 1.2 13.0 3:05p NNE 28 61.5 70.8 12:50p 55.7 4:35a 4.4 0.8 0.30 0.4 7.0 11:30a NNW 29 60.3 69.1 5:45p 53.2 6:35a 5.4 0.7 0.00 1.3 12.0 6:15p NW 30 66.0 82.0 3:55p 50.1 6:05a 4.8 5.7 0.00 1.0 12.0 1:20p NNE ------------------------------------------------------------------------------------- 64.3 98.2 21 43.2 2 150.7 128.2 1.34 1.0 22.0 4 NW Max >= 90.0: 5 Max <= 32.0: 0 Min <= 32.0: 0 Min <= 0.0: 0 Max Rain: 0.99 ON 06/04/11 Days of Rain: 3 (>.01 in) 2 (>.1 in) 0 (>1 in) Heat Base: 65.0 Cool Base: 65.0 Method: Integration

These reports are produced by WeatherLink V6.0.3.

deformed-offering