deformed-offering

NOAA-style climate reports

2018: Jan | Feb | Mar | Apr | May | Jun | Jul | Aug | Sep | Oct | Nov | Dec 
2017: Jan | Feb | Mar | Apr | May | Jun | Jul | Aug | Sep | Oct | Nov | Dec 
2016: Jan | Feb | Mar | Apr | May | Jun | Jul | Aug | Sep | Oct | Nov | Dec 
2015: Jan | Feb | Mar | Apr | May | Jun | Jul | Aug | Sep | Oct | Nov | Dec 
2014: Jan | Feb | Mar | Apr | May | Jun | Jul | Aug | Sep | Oct | Nov | Dec 
2013: Jan | Feb | Mar | Apr | May | Jun | Jul | Aug | Sep | Oct | Nov | Dec 
2012: Jan | Feb | Mar | Apr | May | Jun | Jul | Aug | Sep | Oct | Nov | Dec 
2011: Jan | Feb | Mar | Apr | May | Jun | Jul | Aug | Sep | Oct | Nov | Dec 
2010: Jan | Feb | Mar | Apr | May | Jun | Jul | Aug | Sep | Oct | Nov | Dec 
2009: Jan | Feb | Mar | Apr | May | Jun | Jul | Aug | Sep | Oct | Nov | Dec 
2008: Jan | Feb | Mar | Apr | May | Jun | Jul | Aug | Sep | Oct | Nov | Dec 
2007: Jan | Feb | Mar | Apr | May | Jun | Jul | Aug | Sep | Oct | Nov | Dec 
2006: Jan | Feb | Mar | Apr | May | Jun | Jul | Aug | Sep | Oct | Nov | Dec 
2005: Jan | Feb | Mar | Apr | May | Jun | Jul | Aug | Sep | Oct | Nov | Dec 
2004: Jan | Feb | Mar | Apr | May | Jun | Jul | Aug | Sep | Oct | Nov | Dec 

Report for 2011 01
MONTHLY CLIMATOLOGICAL SUMMARY for JAN. 2011 NAME: KCASARAT1 CITY: Saratoga STATE: CA ELEV: 375 ft LAT: 37 16' 28" N LONG: 122 01' 23" W TEMPERATURE (F), RAIN (in), WIND SPEED (mph) HEAT COOL AVG MEAN DEG DEG WIND DOM DAY TEMP HIGH TIME LOW TIME DAYS DAYS RAIN SPEED HIGH TIME DIR ------------------------------------------------------------------------------------ 1 47.2 49.5 11:20p 44.5 7:40a 17.8 0.0 0.14 2.2 18.0 1:05a E 2 48.2 51.6 3:50p 43.8 10:15p 16.8 0.0 0.66 0.5 12.0 4:15a ESE 3 47.3 53.1 1:50p 39.8 12:00m 17.7 0.0 0.00 0.1 7.0 1:50p NE 4 44.0 57.3 2:45p 35.3 7:30a 21.0 0.0 0.01 0.2 8.0 11:35a NNW 5 42.8 55.9 2:00p 33.8 7:10a 22.2 0.0 0.01 0.3 10.0 12:55p NW 6 42.3 54.5 3:00p 33.2 6:35a 22.7 0.0 0.01 0.4 8.0 1:35p NW 7 39.0 46.4 3:15p 35.3 2:20a 26.0 0.0 0.01 0.1 7.0 1:25p NW 8 43.0 49.1 3:30p 38.9 12:05a 22.0 0.0 0.00 0.1 6.0 2:35a ENE 9 41.5 48.0 2:30p 33.7 11:30p 23.5 0.0 0.00 0.8 12.0 1:55p NW 10 39.9 49.9 1:45p 30.9 6:45a 25.1 0.0 0.00 1.2 16.0 10:20a NW 11 44.5 51.6 12:00m 39.9 4:25a 20.5 0.0 0.04 0.1 6.0 2:40p NW 12 51.7 60.4 2:45p 43.5 11:55p 13.3 0.0 0.00 0.4 10.0 12:20a NNW 13 52.1 60.1 12:15p 42.2 4:40a 12.9 0.0 0.07 0.0 6.0 12:10p ENE 14 55.1 63.7 3:10p 50.4 11:55p 9.9 0.0 0.01 0.9 11.0 9:30a NW 15 56.1 72.5 2:50p 46.4 8:05a 10.1 1.2 0.00 0.0 1.0 1:55a WNW 16 51.4 62.9 3:05p 44.5 5:25a 13.6 0.0 0.01 0.0 1.0 9:40a N 17 51.0 63.5 3:15p 45.1 6:55a 14.0 0.0 0.01 0.2 10.0 1:55p NNW 18 53.3 68.6 1:50p 42.6 2:55a 12.2 0.5 0.01 0.5 11.0 12:45p NW 19 50.2 63.1 2:55p 40.6 6:15a 14.8 0.0 0.00 1.0 14.0 10:45a NW 20 54.2 66.3 3:05p 43.2 12:00m 10.9 0.1 0.00 0.5 12.0 2:35a NW 21 50.5 66.6 3:00p 38.8 7:25a 14.7 0.1 0.00 0.1 10.0 1:30p NW 22 55.4 69.8 2:15p 41.1 6:25a 10.3 0.7 0.00 0.4 13.0 10:50a NW 23 55.6 71.6 2:50p 43.5 12:00m 10.5 1.1 0.00 0.0 8.0 1:45p NW 24 52.2 71.1 1:55p 38.5 7:25a 13.7 0.9 0.00 0.1 11.0 2:15p NW 25 54.5 69.1 2:50p 40.8 6:55a 11.0 0.5 0.00 0.3 11.0 11:45a NW 26 55.4 70.9 3:15p 44.1 7:00a 10.4 0.8 0.00 0.0 6.0 11:55a NW 27 52.7 69.3 4:00p 40.3 7:00a 12.9 0.6 0.00 0.0 6.0 1:55p NW 28 46.6 54.1 2:35p 37.9 7:30a 18.4 0.0 0.00 0.2 7.0 1:35p NNE 29 52.1 60.5 2:50p 45.1 3:00a 12.9 0.0 0.12 0.6 16.0 8:10p ESE 30 50.0 53.1 12:45p 45.1 12:00m 15.0 0.0 0.63 0.5 16.0 6:05p NW 31 48.5 61.6 3:10p 38.8 6:50a 16.5 0.0 0.01 0.1 12.0 2:00p NW ------------------------------------------------------------------------------------- 49.3 72.5 15 30.9 10 493.3 6.5 1.75 0.4 18.0 1 NW Max >= 90.0: 0 Max <= 32.0: 0 Min <= 32.0: 1 Min <= 0.0: 0 Max Rain: 0.66 ON 01/02/11 Days of Rain: 6 (>.01 in) 4 (>.1 in) 0 (>1 in) Heat Base: 65.0 Cool Base: 65.0 Method: Integration

These reports are produced by WeatherLink V6.0.3.

deformed-offering