deformed-offering

NOAA-style climate reports

2018: Jan | Feb | Mar | Apr | May | Jun | Jul | Aug | Sep | Oct | Nov | Dec 
2017: Jan | Feb | Mar | Apr | May | Jun | Jul | Aug | Sep | Oct | Nov | Dec 
2016: Jan | Feb | Mar | Apr | May | Jun | Jul | Aug | Sep | Oct | Nov | Dec 
2015: Jan | Feb | Mar | Apr | May | Jun | Jul | Aug | Sep | Oct | Nov | Dec 
2014: Jan | Feb | Mar | Apr | May | Jun | Jul | Aug | Sep | Oct | Nov | Dec 
2013: Jan | Feb | Mar | Apr | May | Jun | Jul | Aug | Sep | Oct | Nov | Dec 
2012: Jan | Feb | Mar | Apr | May | Jun | Jul | Aug | Sep | Oct | Nov | Dec 
2011: Jan | Feb | Mar | Apr | May | Jun | Jul | Aug | Sep | Oct | Nov | Dec 
2010: Jan | Feb | Mar | Apr | May | Jun | Jul | Aug | Sep | Oct | Nov | Dec 
2009: Jan | Feb | Mar | Apr | May | Jun | Jul | Aug | Sep | Oct | Nov | Dec 
2008: Jan | Feb | Mar | Apr | May | Jun | Jul | Aug | Sep | Oct | Nov | Dec 
2007: Jan | Feb | Mar | Apr | May | Jun | Jul | Aug | Sep | Oct | Nov | Dec 
2006: Jan | Feb | Mar | Apr | May | Jun | Jul | Aug | Sep | Oct | Nov | Dec 
2005: Jan | Feb | Mar | Apr | May | Jun | Jul | Aug | Sep | Oct | Nov | Dec 
2004: Jan | Feb | Mar | Apr | May | Jun | Jul | Aug | Sep | Oct | Nov | Dec 

Report for 2010 12
MONTHLY CLIMATOLOGICAL SUMMARY for DEC. 2010 NAME: KCASARAT1 CITY: Saratoga STATE: CA ELEV: 375 ft LAT: 37 16' 28" N LONG: 122 01' 23" W TEMPERATURE (F), RAIN (in), WIND SPEED (mph) HEAT COOL AVG MEAN DEG DEG WIND DOM DAY TEMP HIGH TIME LOW TIME DAYS DAYS RAIN SPEED HIGH TIME DIR ------------------------------------------------------------------------------------ 1 44.2 57.8 2:25p 33.8 5:50a 20.8 0.0 0.00 0.2 7.0 2:50p NNW 2 48.0 58.7 3:15p 37.0 2:40a 17.0 0.0 0.00 0.0 5.0 12:05p NNW 3 51.1 57.8 2:15p 45.1 7:45a 13.9 0.0 0.00 0.0 3.0 9:30a NNE 4 55.5 64.0 2:15p 48.2 12:05a 9.5 0.0 0.00 1.5 18.0 11:25a S 5 53.9 67.4 11:55a 45.2 7:20a 11.2 0.0 0.64 2.2 27.0 6:40p S 6 54.0 63.9 12:35p 45.1 11:50p 11.0 0.0 0.32 0.8 26.0 12:15a SSE 7 51.3 66.3 2:15p 40.8 7:20a 13.7 0.0 0.01 0.3 8.0 2:55p NNW 8 54.0 59.6 3:05p 46.5 2:50a 11.0 0.0 0.10 1.0 16.0 1:35p ESE 9 58.1 62.6 2:45p 54.8 10:50p 6.9 0.0 0.02 0.1 10.0 11:15p NE 10 60.6 66.9 12:10p 55.4 7:10a 4.6 0.2 0.00 0.4 14.0 1:25a N 11 58.0 64.7 3:05p 49.8 11:55p 7.0 0.0 0.01 0.1 6.0 12:20p N 12 54.2 56.7 4:15p 49.8 12:05a 10.8 0.0 0.00 0.0 8.0 2:05p NNW 13 52.1 56.3 3:35p 46.8 11:00p 12.9 0.0 0.00 0.3 8.0 2:10p NW 14 53.9 59.0 2:15p 48.2 12:05a 11.1 0.0 0.04 0.1 14.0 6:40p NW 15 47.2 55.6 1:35p 39.6 11:55p 17.8 0.0 0.01 0.3 10.0 1:45p NW 16 45.9 58.3 2:40p 34.4 7:35a 19.1 0.0 0.03 0.2 6.0 11:50a NW 17 50.1 55.1 6:05p 46.8 4:10a 14.9 0.0 0.58 1.5 25.0 9:20p S 18 56.6 59.8 1:05p 53.6 7:50a 8.4 0.0 0.63 2.1 26.0 3:25a S 19 53.1 58.3 9:05a 46.2 11:50p 11.9 0.0 2.15 1.7 27.0 9:45a S 20 48.8 51.1 2:35p 46.2 12:05a 16.2 0.0 0.01 2.6 16.0 8:10a ESE 21 51.7 57.2 12:15p 46.8 3:35a 13.3 0.0 0.49 2.2 20.0 12:30p ESE 22 52.6 58.1 12:10p 48.8 10:20p 12.4 0.0 0.19 0.8 14.0 12:40a W 23 49.3 60.9 2:40p 40.8 7:45a 15.7 0.0 0.00 0.1 8.0 12:25a WNW 24 50.4 57.8 1:25p 41.3 5:45a 14.6 0.0 0.00 1.8 14.0 11:10a S 25 51.2 57.3 11:05a 47.0 11:45p 13.8 0.0 0.94 2.6 26.0 11:40a ESE 26 51.0 60.5 2:20p 44.9 6:20a 14.0 0.0 0.11 0.5 10.0 2:10p SSW 27 48.6 57.8 2:10p 41.6 7:40a 16.4 0.0 0.00 0.8 12.0 2:50p NW 28 49.5 55.9 1:30p 44.2 4:35a 15.5 0.0 1.09 1.4 20.0 9:10p ESE 29 48.3 52.8 2:25a 41.9 12:00m 16.7 0.0 0.32 5.1 32.0 1:10p NW 30 41.8 51.6 3:30p 31.3 7:20a 23.2 0.0 0.00 0.9 14.0 12:10p NW 31 45.2 51.7 1:25p 37.3 3:55a 19.8 0.0 0.00 0.5 17.0 11:25p ENE ------------------------------------------------------------------------------------- 51.3 67.4 5 31.3 30 425.1 0.2 7.69 1.0 32.0 29 ESE Max >= 90.0: 0 Max <= 32.0: 0 Min <= 32.0: 1 Min <= 0.0: 0 Max Rain: 2.15 ON 12/19/10 Days of Rain: 15 (>.01 in) 11 (>.1 in) 2 (>1 in) Heat Base: 65.0 Cool Base: 65.0 Method: Integration

These reports are produced by WeatherLink V6.0.3.

deformed-offering