deformed-offering

NOAA-style climate reports

2018: Jan | Feb | Mar | Apr | May | Jun | Jul | Aug | Sep | Oct | Nov | Dec 
2017: Jan | Feb | Mar | Apr | May | Jun | Jul | Aug | Sep | Oct | Nov | Dec 
2016: Jan | Feb | Mar | Apr | May | Jun | Jul | Aug | Sep | Oct | Nov | Dec 
2015: Jan | Feb | Mar | Apr | May | Jun | Jul | Aug | Sep | Oct | Nov | Dec 
2014: Jan | Feb | Mar | Apr | May | Jun | Jul | Aug | Sep | Oct | Nov | Dec 
2013: Jan | Feb | Mar | Apr | May | Jun | Jul | Aug | Sep | Oct | Nov | Dec 
2012: Jan | Feb | Mar | Apr | May | Jun | Jul | Aug | Sep | Oct | Nov | Dec 
2011: Jan | Feb | Mar | Apr | May | Jun | Jul | Aug | Sep | Oct | Nov | Dec 
2010: Jan | Feb | Mar | Apr | May | Jun | Jul | Aug | Sep | Oct | Nov | Dec 
2009: Jan | Feb | Mar | Apr | May | Jun | Jul | Aug | Sep | Oct | Nov | Dec 
2008: Jan | Feb | Mar | Apr | May | Jun | Jul | Aug | Sep | Oct | Nov | Dec 
2007: Jan | Feb | Mar | Apr | May | Jun | Jul | Aug | Sep | Oct | Nov | Dec 
2006: Jan | Feb | Mar | Apr | May | Jun | Jul | Aug | Sep | Oct | Nov | Dec 
2005: Jan | Feb | Mar | Apr | May | Jun | Jul | Aug | Sep | Oct | Nov | Dec 
2004: Jan | Feb | Mar | Apr | May | Jun | Jul | Aug | Sep | Oct | Nov | Dec 

Report for 2010 11
MONTHLY CLIMATOLOGICAL SUMMARY for NOV. 2010 NAME: KCASARAT1 CITY: Saratoga STATE: CA ELEV: 375 ft LAT: 37 16' 28" N LONG: 122 01' 23" W TEMPERATURE (F), RAIN (in), WIND SPEED (mph) HEAT COOL AVG MEAN DEG DEG WIND DOM DAY TEMP HIGH TIME LOW TIME DAYS DAYS RAIN SPEED HIGH TIME DIR ------------------------------------------------------------------------------------ 1 58.0 73.5 4:10p 47.4 7:05a 8.4 1.4 0.01 0.4 9.0 12:05p NW 2 61.4 80.7 3:40p 47.9 7:30a 7.3 3.7 0.00 0.3 11.0 1:25p NW 3 63.2 80.7 4:30p 49.5 7:50a 5.7 4.0 0.00 0.2 7.0 1:20p NW 4 66.0 84.5 3:05p 52.6 7:50a 4.6 5.6 0.00 0.1 6.0 2:40p N 5 60.6 71.5 2:05p 52.0 7:55a 5.1 0.8 0.00 0.5 10.0 3:05p NW 6 60.7 73.9 2:10p 53.9 11:50p 5.5 1.1 0.00 0.6 12.0 12:30p NW 7 55.5 59.2 12:40p 47.1 12:00m 9.5 0.0 0.18 1.4 18.0 4:05a ESE 8 51.2 60.9 12:35p 43.1 11:55p 13.8 0.0 0.01 1.7 17.0 12:20p NW 9 51.7 63.5 3:05p 39.9 6:45a 13.3 0.0 0.02 0.4 10.0 8:05p NW 10 52.8 60.5 1:30p 45.2 12:00m 12.2 0.0 0.01 1.3 18.0 11:35a NW 11 52.3 66.0 3:10p 42.1 5:00a 12.8 0.0 0.00 0.7 14.0 9:45a NW 12 52.4 68.9 2:30p 40.3 6:35a 13.1 0.4 0.00 0.3 11.0 2:35p NW 13 56.8 72.3 3:20p 45.4 6:25a 9.3 1.1 0.00 0.3 14.0 10:05a NW 14 61.3 77.7 3:15p 49.4 1:55a 6.5 2.9 0.00 0.3 11.0 1:30p NW 15 63.5 78.3 1:45p 52.2 6:40a 5.0 3.5 0.00 0.5 11.0 11:45a NW 16 60.2 74.2 2:45p 49.8 7:00a 6.8 2.0 0.00 0.8 13.0 1:45p NW 17 56.5 76.3 1:55p 42.8 7:10a 10.7 2.2 0.00 0.1 6.0 2:55p E 18 50.1 63.1 2:10p 41.1 3:40a 14.9 0.0 0.00 0.2 10.0 3:45p NNW 19 51.2 57.2 1:30p 44.9 11:40p 13.8 0.0 0.56 0.6 12.0 8:05p ESE 20 46.3 51.7 11:15a 38.6 7:00a 18.7 0.0 1.11 1.0 26.0 6:10p ESE 21 46.1 54.1 1:35p 40.8 6:15a 18.9 0.0 0.15 0.6 14.0 1:45p W 22 49.7 59.0 1:25p 42.5 3:40a 15.3 0.0 0.00 0.4 14.0 1:00a NW 23 47.5 52.2 10:05a 37.0 12:00m 17.5 0.0 0.16 1.2 19.0 1:40p NW 24 39.7 49.8 2:40p 32.9 6:10a 25.3 0.0 0.00 1.2 14.0 1:10p NW 25 41.0 54.1 2:20p 32.2 6:40a 24.0 0.0 0.00 0.4 12.0 10:25a NW 26 42.6 56.7 2:30p 31.6 6:55a 22.4 0.0 0.00 0.1 6.0 11:40a NW 27 47.2 52.3 2:50p 41.5 12:30a 17.8 0.0 0.23 1.3 18.0 6:15a WNW 28 44.0 52.6 2:45p 37.0 10:05p 21.0 0.0 0.00 1.1 17.0 12:25p NW 29 43.0 55.7 2:20p 33.4 5:45a 22.0 0.0 0.00 0.6 12.0 11:15a NW 30 43.0 56.5 2:35p 33.4 5:00a 22.0 0.0 0.00 0.1 7.0 1:00p N ------------------------------------------------------------------------------------- 52.5 84.5 4 31.6 26 403.2 28.7 2.44 0.6 26.0 20 NW Max >= 90.0: 0 Max <= 32.0: 0 Min <= 32.0: 1 Min <= 0.0: 0 Max Rain: 1.11 ON 11/20/10 Days of Rain: 7 (>.01 in) 6 (>.1 in) 1 (>1 in) Heat Base: 65.0 Cool Base: 65.0 Method: Integration

These reports are produced by WeatherLink V6.0.3.

deformed-offering