deformed-offering

NOAA-style climate reports

2018: Jan | Feb | Mar | Apr | May | Jun | Jul | Aug | Sep | Oct | Nov | Dec 
2017: Jan | Feb | Mar | Apr | May | Jun | Jul | Aug | Sep | Oct | Nov | Dec 
2016: Jan | Feb | Mar | Apr | May | Jun | Jul | Aug | Sep | Oct | Nov | Dec 
2015: Jan | Feb | Mar | Apr | May | Jun | Jul | Aug | Sep | Oct | Nov | Dec 
2014: Jan | Feb | Mar | Apr | May | Jun | Jul | Aug | Sep | Oct | Nov | Dec 
2013: Jan | Feb | Mar | Apr | May | Jun | Jul | Aug | Sep | Oct | Nov | Dec 
2012: Jan | Feb | Mar | Apr | May | Jun | Jul | Aug | Sep | Oct | Nov | Dec 
2011: Jan | Feb | Mar | Apr | May | Jun | Jul | Aug | Sep | Oct | Nov | Dec 
2010: Jan | Feb | Mar | Apr | May | Jun | Jul | Aug | Sep | Oct | Nov | Dec 
2009: Jan | Feb | Mar | Apr | May | Jun | Jul | Aug | Sep | Oct | Nov | Dec 
2008: Jan | Feb | Mar | Apr | May | Jun | Jul | Aug | Sep | Oct | Nov | Dec 
2007: Jan | Feb | Mar | Apr | May | Jun | Jul | Aug | Sep | Oct | Nov | Dec 
2006: Jan | Feb | Mar | Apr | May | Jun | Jul | Aug | Sep | Oct | Nov | Dec 
2005: Jan | Feb | Mar | Apr | May | Jun | Jul | Aug | Sep | Oct | Nov | Dec 
2004: Jan | Feb | Mar | Apr | May | Jun | Jul | Aug | Sep | Oct | Nov | Dec 

Report for 2010 10
MONTHLY CLIMATOLOGICAL SUMMARY for OCT. 2010 NAME: KCASARAT1 CITY: Saratoga STATE: CA ELEV: 375 ft LAT: 37 16' 28" N LONG: 122 01' 23" W TEMPERATURE (F), RAIN (in), WIND SPEED (mph) HEAT COOL AVG MEAN DEG DEG WIND DOM DAY TEMP HIGH TIME LOW TIME DAYS DAYS RAIN SPEED HIGH TIME DIR ------------------------------------------------------------------------------------ 1 64.4 74.4 1:25p 58.7 11:50p 2.5 2.0 0.00 0.8 11.0 3:00p NNW 2 65.7 78.1 1:15p 58.1 3:50a 3.0 3.7 0.00 0.5 10.0 1:20p N 3 62.0 73.7 1:25p 54.8 11:55p 4.3 1.4 0.00 0.7 13.0 2:05p N 4 57.4 63.5 4:20p 51.6 2:10a 7.6 0.0 0.00 1.0 14.0 11:25a NW 5 60.4 74.4 2:35p 49.4 6:40a 6.4 1.8 0.00 0.3 10.0 4:10p E 6 61.0 76.3 12:55p 49.8 7:15a 6.4 2.4 0.00 0.5 13.0 2:55p SSW 7 59.5 72.8 1:50p 49.6 7:20a 6.8 1.3 0.00 0.7 16.0 3:20p NNW 8 61.3 77.4 3:35p 48.3 7:15a 6.7 3.0 0.01 0.6 11.0 3:30p NNE 9 63.2 79.9 3:05p 49.1 7:15a 5.9 4.1 0.00 0.8 12.0 2:15p NNW 10 67.0 83.4 3:25p 53.9 5:15a 4.0 6.0 0.00 0.5 8.0 1:10p N 11 69.8 88.4 3:50p 54.2 6:10a 3.4 8.1 0.00 0.7 13.0 12:10p N 12 73.9 92.3 4:05p 59.2 7:00a 0.9 9.8 0.00 1.0 13.0 1:25p NW 13 73.9 93.2 4:00p 57.6 7:15a 1.6 10.5 0.00 0.2 8.0 5:05p NW 14 73.3 91.4 2:30p 59.8 6:45a 1.4 9.7 0.00 0.0 3.0 7:00p NE 15 67.7 85.7 3:10p 55.1 7:30a 3.1 5.9 0.00 0.4 10.0 5:05p NNW 16 60.0 70.9 12:25p 52.2 5:25a 6.1 1.1 0.00 0.2 7.0 3:30p NNW 17 54.5 56.6 11:45a 52.9 4:10a 10.5 0.0 0.07 0.1 6.0 3:40p NNW 18 57.9 68.9 2:30p 52.3 12:00m 7.6 0.5 0.01 0.4 11.0 3:00p NNW 19 59.7 77.2 4:05p 48.5 5:10a 7.6 2.3 0.01 0.3 10.0 5:10p N 20 58.6 70.3 3:10p 51.3 2:50a 7.2 0.8 0.00 0.3 7.0 3:40p NW 21 57.2 67.9 1:05p 47.3 7:30a 8.2 0.3 0.00 0.5 10.0 3:40p ESE 22 56.9 63.4 4:00p 51.9 12:00m 8.1 0.0 0.08 0.1 7.0 3:35p NW 23 56.0 63.9 12:05p 48.9 2:00a 9.0 0.0 0.02 2.4 25.0 8:50p ESE 24 62.3 70.1 12:35p 58.0 12:00m 3.3 0.6 0.08 1.7 20.0 12:30a ESE 25 56.1 65.5 2:35p 46.7 11:55p 8.9 0.0 0.01 1.4 18.0 3:25p NW 26 52.8 66.0 3:50p 43.2 6:50a 12.2 0.0 0.00 1.2 16.0 12:05p NW 27 55.2 69.9 4:55p 40.3 7:45a 10.0 0.3 0.00 0.5 11.0 5:00p NW 28 62.1 76.8 2:35p 47.9 8:05a 5.4 2.5 0.00 1.4 25.0 1:30p E 29 59.0 67.1 3:30p 52.0 11:50p 6.1 0.1 0.20 0.7 28.0 8:50p S 30 56.6 66.8 1:50p 50.8 5:45a 8.5 0.0 0.02 1.1 17.0 1:40a ESE 31 57.4 71.5 3:25p 46.5 7:20a 8.6 1.1 0.00 0.3 11.0 3:55p NW ------------------------------------------------------------------------------------- 61.4 93.2 13 40.3 27 191.3 79.3 0.51 0.7 28.0 29 NW Max >= 90.0: 3 Max <= 32.0: 0 Min <= 32.0: 0 Min <= 0.0: 0 Max Rain: 0.20 ON 10/29/10 Days of Rain: 6 (>.01 in) 1 (>.1 in) 0 (>1 in) Heat Base: 65.0 Cool Base: 65.0 Method: Integration

These reports are produced by WeatherLink V6.0.3.

deformed-offering