deformed-offering

NOAA-style climate reports

2018: Jan | Feb | Mar | Apr | May | Jun | Jul | Aug | Sep | Oct | Nov | Dec 
2017: Jan | Feb | Mar | Apr | May | Jun | Jul | Aug | Sep | Oct | Nov | Dec 
2016: Jan | Feb | Mar | Apr | May | Jun | Jul | Aug | Sep | Oct | Nov | Dec 
2015: Jan | Feb | Mar | Apr | May | Jun | Jul | Aug | Sep | Oct | Nov | Dec 
2014: Jan | Feb | Mar | Apr | May | Jun | Jul | Aug | Sep | Oct | Nov | Dec 
2013: Jan | Feb | Mar | Apr | May | Jun | Jul | Aug | Sep | Oct | Nov | Dec 
2012: Jan | Feb | Mar | Apr | May | Jun | Jul | Aug | Sep | Oct | Nov | Dec 
2011: Jan | Feb | Mar | Apr | May | Jun | Jul | Aug | Sep | Oct | Nov | Dec 
2010: Jan | Feb | Mar | Apr | May | Jun | Jul | Aug | Sep | Oct | Nov | Dec 
2009: Jan | Feb | Mar | Apr | May | Jun | Jul | Aug | Sep | Oct | Nov | Dec 
2008: Jan | Feb | Mar | Apr | May | Jun | Jul | Aug | Sep | Oct | Nov | Dec 
2007: Jan | Feb | Mar | Apr | May | Jun | Jul | Aug | Sep | Oct | Nov | Dec 
2006: Jan | Feb | Mar | Apr | May | Jun | Jul | Aug | Sep | Oct | Nov | Dec 
2005: Jan | Feb | Mar | Apr | May | Jun | Jul | Aug | Sep | Oct | Nov | Dec 
2004: Jan | Feb | Mar | Apr | May | Jun | Jul | Aug | Sep | Oct | Nov | Dec 

Report for 2010 08
MONTHLY CLIMATOLOGICAL SUMMARY for AUG. 2010 NAME: KCASARAT1 CITY: Saratoga STATE: CA ELEV: 375 ft LAT: 37 16' 28" N LONG: 122 01' 23" W TEMPERATURE (F), RAIN (in), WIND SPEED (mph) HEAT COOL AVG MEAN DEG DEG WIND DOM DAY TEMP HIGH TIME LOW TIME DAYS DAYS RAIN SPEED HIGH TIME DIR ------------------------------------------------------------------------------------ 1 64.7 81.4 2:45p 49.8 4:25a 5.2 4.9 0.00 0.7 11.0 4:35p N 2 64.9 81.6 3:40p 52.0 3:15a 4.5 4.4 0.00 1.0 11.0 4:00p NNW 3 66.8 82.2 4:40p 56.3 6:45a 3.5 5.4 0.00 0.8 11.0 4:45p NNW 4 64.3 76.3 1:40p 57.5 11:45p 3.7 2.9 0.00 1.1 12.0 5:20p NNW 5 63.0 76.0 1:25p 55.6 5:25a 4.7 2.7 0.00 1.0 12.0 1:45p N 6 65.2 82.0 3:00p 55.7 7:10a 4.1 4.3 0.00 1.0 11.0 4:50p NNE 7 64.8 83.2 4:10p 54.5 7:10a 4.4 4.1 0.00 0.8 11.0 2:05p ESE 8 64.3 80.1 3:50p 51.6 6:30a 4.5 3.8 0.00 1.1 16.0 11:40a ESE 9 65.8 79.4 2:45p 57.2 6:30a 3.1 3.9 0.00 1.1 12.0 1:20p N 10 65.0 80.3 3:50p 56.5 6:30a 3.8 3.8 0.00 1.0 11.0 5:40p NE 11 62.0 72.7 12:50p 54.1 2:45a 4.8 1.8 0.00 1.3 13.0 12:50p NNW 12 65.9 81.1 4:35p 57.2 6:20a 3.5 4.4 0.00 0.8 14.0 5:25p NNW 13 64.0 77.6 2:20p 55.9 3:15a 4.1 3.1 0.00 1.0 12.0 2:30p NNW 14 62.9 74.0 2:40p 58.3 7:20a 3.8 1.7 0.00 1.0 11.0 2:20p N 15 62.7 73.3 4:05p 56.3 11:45p 4.2 1.9 0.00 1.0 12.0 2:25p N 16 65.2 78.5 4:40p 55.9 5:10a 3.8 4.0 0.00 0.5 10.0 2:35p NW 17 63.0 74.7 4:00p 56.7 6:30a 4.1 2.1 0.00 0.6 12.0 3:20p NW 18 64.5 75.3 2:00p 57.6 6:40a 3.3 2.8 0.00 0.6 12.0 2:30p NW 19 67.7 85.5 4:05p 56.2 7:00a 3.3 6.0 0.00 0.3 10.0 3:00p NW 20 65.2 79.8 2:50p 56.0 7:40a 3.8 4.0 0.00 0.4 10.0 3:00p NW 21 61.8 72.0 12:45p 54.2 12:00m 4.4 1.2 0.00 0.6 13.0 3:45p E 22 65.7 84.1 5:00p 49.4 4:00a 5.2 5.8 0.00 0.4 13.0 4:25p NW 23 75.0 96.6 4:10p 54.1 6:30a 3.0 13.0 0.00 0.8 12.0 2:35p NW 24 82.2 104.6 4:45p 60.4 6:40a 0.6 17.8 0.00 0.6 10.0 12:00p NW 25 80.8 100.2 1:20p 66.3 12:00m 0.0 15.8 0.00 0.6 11.0 2:50p N 26 68.1 82.6 1:00p 58.1 12:00m 1.6 4.7 0.00 0.8 12.0 4:05p N 27 63.6 81.2 1:35p 52.3 5:55a 5.1 3.7 0.00 0.8 13.0 2:20p ENE 28 60.6 73.9 3:55p 50.2 4:55a 6.2 1.8 0.00 1.0 17.0 12:05p NW 29 62.0 76.7 3:55p 48.3 6:50a 6.0 3.0 0.00 1.0 16.0 3:05p NW 30 61.8 76.5 4:05p 48.8 7:10a 5.5 2.3 0.00 1.2 17.0 1:10p NW 31 69.0 86.5 2:55p 56.0 1:40a 2.8 6.8 0.00 1.1 16.0 4:50p NW ------------------------------------------------------------------------------------- 65.9 104.6 24 48.3 29 120.6 147.9 0.00 0.8 17.0 28 NW Max >= 90.0: 3 Max <= 32.0: 0 Min <= 32.0: 0 Min <= 0.0: 0 Max Rain: 0.00 ON 08/01/10 Days of Rain: 0 (>.01 in) 0 (>.1 in) 0 (>1 in) Heat Base: 65.0 Cool Base: 65.0 Method: Integration

These reports are produced by WeatherLink V6.0.3.

deformed-offering