deformed-offering

NOAA-style climate reports

2018: Jan | Feb | Mar | Apr | May | Jun | Jul | Aug | Sep | Oct | Nov | Dec 
2017: Jan | Feb | Mar | Apr | May | Jun | Jul | Aug | Sep | Oct | Nov | Dec 
2016: Jan | Feb | Mar | Apr | May | Jun | Jul | Aug | Sep | Oct | Nov | Dec 
2015: Jan | Feb | Mar | Apr | May | Jun | Jul | Aug | Sep | Oct | Nov | Dec 
2014: Jan | Feb | Mar | Apr | May | Jun | Jul | Aug | Sep | Oct | Nov | Dec 
2013: Jan | Feb | Mar | Apr | May | Jun | Jul | Aug | Sep | Oct | Nov | Dec 
2012: Jan | Feb | Mar | Apr | May | Jun | Jul | Aug | Sep | Oct | Nov | Dec 
2011: Jan | Feb | Mar | Apr | May | Jun | Jul | Aug | Sep | Oct | Nov | Dec 
2010: Jan | Feb | Mar | Apr | May | Jun | Jul | Aug | Sep | Oct | Nov | Dec 
2009: Jan | Feb | Mar | Apr | May | Jun | Jul | Aug | Sep | Oct | Nov | Dec 
2008: Jan | Feb | Mar | Apr | May | Jun | Jul | Aug | Sep | Oct | Nov | Dec 
2007: Jan | Feb | Mar | Apr | May | Jun | Jul | Aug | Sep | Oct | Nov | Dec 
2006: Jan | Feb | Mar | Apr | May | Jun | Jul | Aug | Sep | Oct | Nov | Dec 
2005: Jan | Feb | Mar | Apr | May | Jun | Jul | Aug | Sep | Oct | Nov | Dec 
2004: Jan | Feb | Mar | Apr | May | Jun | Jul | Aug | Sep | Oct | Nov | Dec 

Report for 2010 07
MONTHLY CLIMATOLOGICAL SUMMARY for JUL. 2010 NAME: KCASARAT1 CITY: Saratoga STATE: CA ELEV: 375 ft LAT: 37 16' 28" N LONG: 122 01' 23" W TEMPERATURE (F), RAIN (in), WIND SPEED (mph) HEAT COOL AVG MEAN DEG DEG WIND DOM DAY TEMP HIGH TIME LOW TIME DAYS DAYS RAIN SPEED HIGH TIME DIR ------------------------------------------------------------------------------------ 1 63.5 77.7 1:35p 47.7 6:15a 5.2 3.6 0.00 1.1 13.0 2:20p NE 2 65.2 77.7 5:10p 51.4 6:10a 4.0 4.2 0.00 1.2 13.0 1:10p N 3 70.9 89.5 2:30p 53.5 4:20a 3.3 9.2 0.00 1.0 12.0 12:05p N 4 70.4 89.5 2:25p 52.9 4:40a 3.2 8.7 0.00 0.9 12.0 2:45p NW 5 67.0 84.5 3:50p 53.8 6:10a 3.5 5.5 0.00 1.1 12.0 2:20p NNW 6 65.1 79.6 2:20p 54.8 2:55a 3.7 3.9 0.00 1.2 11.0 1:55p NNW 7 65.2 78.1 1:45p 56.2 5:50a 3.4 3.6 0.00 1.6 14.0 3:50p NNW 8 63.8 74.0 3:00p 57.8 11:55p 3.4 2.2 0.00 1.5 13.0 3:30p N 9 64.3 76.7 4:30p 57.0 6:10a 3.9 3.2 0.00 1.1 11.0 2:55p NNW 10 66.5 83.0 2:40p 53.5 4:25a 3.9 5.4 0.00 1.1 13.0 3:30p NNW 11 68.1 82.6 4:15p 59.0 6:15a 2.1 5.2 0.00 1.2 12.0 3:30p NNW 12 68.2 82.4 1:15p 58.4 6:10a 2.0 5.1 0.00 1.3 14.0 3:30p N 13 67.7 79.6 2:35p 59.2 3:45a 2.0 4.8 0.00 1.3 13.0 2:40p ESE 14 71.9 88.8 4:05p 56.0 3:25a 2.3 9.3 0.00 0.8 12.0 2:20p N 15 75.5 91.6 2:55p 59.9 6:15a 0.7 11.2 0.00 0.9 11.0 2:05p NE 16 71.8 88.4 1:55p 60.7 6:30a 0.8 7.6 0.00 1.1 12.0 3:00p N 17 70.6 85.3 3:55p 58.0 5:55a 1.8 7.5 0.00 0.9 10.0 1:35p N 18 70.6 88.0 2:30p 57.8 5:05a 2.0 7.6 0.00 0.8 11.0 4:05p NNW 19 65.9 79.0 3:35p 53.9 6:20a 3.5 4.4 0.00 1.1 13.0 1:00p N 20 64.0 79.9 2:00p 55.6 6:15a 4.3 3.2 0.00 1.1 12.0 3:10p N 21 62.8 77.9 1:20p 53.9 3:40a 4.9 2.7 0.00 1.2 12.0 2:10p N 22 66.3 83.6 3:10p 54.8 5:55a 3.8 5.0 0.00 1.1 12.0 2:00p NNE 23 67.3 80.7 4:55p 57.5 6:20a 2.7 5.0 0.00 1.1 12.0 3:00p N 24 66.7 81.6 4:05p 57.2 3:05a 2.9 4.6 0.00 1.0 11.0 4:30p N 25 64.6 77.0 12:55p 57.0 2:15a 3.5 3.2 0.00 1.2 12.0 1:50p NNW 26 64.3 78.3 3:25p 55.3 6:40a 3.7 3.0 0.00 1.3 12.0 5:00p NE 27 63.8 77.4 1:20p 55.6 7:10a 4.0 2.8 0.00 1.5 14.0 2:05p ESE 28 63.2 74.7 1:30p 55.9 6:15a 4.2 2.4 0.00 1.2 13.0 2:20p N 29 65.1 79.8 4:35p 56.6 7:10a 3.6 3.7 0.00 1.0 11.0 3:40p NNW 30 64.0 75.4 1:30p 55.6 6:40a 3.9 3.0 0.00 1.1 13.0 2:25p N 31 65.2 80.7 2:20p 56.7 6:40a 3.7 3.9 0.00 0.9 12.0 3:45p N ------------------------------------------------------------------------------------- 66.8 91.6 15 47.7 1 99.9 154.7 0.00 1.1 14.0 7 N Max >= 90.0: 1 Max <= 32.0: 0 Min <= 32.0: 0 Min <= 0.0: 0 Max Rain: 0.00 ON 07/01/10 Days of Rain: 0 (>.01 in) 0 (>.1 in) 0 (>1 in) Heat Base: 65.0 Cool Base: 65.0 Method: Integration

These reports are produced by WeatherLink V6.0.3.

deformed-offering