deformed-offering

NOAA-style climate reports

2018: Jan | Feb | Mar | Apr | May | Jun | Jul | Aug | Sep | Oct | Nov | Dec 
2017: Jan | Feb | Mar | Apr | May | Jun | Jul | Aug | Sep | Oct | Nov | Dec 
2016: Jan | Feb | Mar | Apr | May | Jun | Jul | Aug | Sep | Oct | Nov | Dec 
2015: Jan | Feb | Mar | Apr | May | Jun | Jul | Aug | Sep | Oct | Nov | Dec 
2014: Jan | Feb | Mar | Apr | May | Jun | Jul | Aug | Sep | Oct | Nov | Dec 
2013: Jan | Feb | Mar | Apr | May | Jun | Jul | Aug | Sep | Oct | Nov | Dec 
2012: Jan | Feb | Mar | Apr | May | Jun | Jul | Aug | Sep | Oct | Nov | Dec 
2011: Jan | Feb | Mar | Apr | May | Jun | Jul | Aug | Sep | Oct | Nov | Dec 
2010: Jan | Feb | Mar | Apr | May | Jun | Jul | Aug | Sep | Oct | Nov | Dec 
2009: Jan | Feb | Mar | Apr | May | Jun | Jul | Aug | Sep | Oct | Nov | Dec 
2008: Jan | Feb | Mar | Apr | May | Jun | Jul | Aug | Sep | Oct | Nov | Dec 
2007: Jan | Feb | Mar | Apr | May | Jun | Jul | Aug | Sep | Oct | Nov | Dec 
2006: Jan | Feb | Mar | Apr | May | Jun | Jul | Aug | Sep | Oct | Nov | Dec 
2005: Jan | Feb | Mar | Apr | May | Jun | Jul | Aug | Sep | Oct | Nov | Dec 
2004: Jan | Feb | Mar | Apr | May | Jun | Jul | Aug | Sep | Oct | Nov | Dec 

Report for 2010 06
MONTHLY CLIMATOLOGICAL SUMMARY for JUN. 2010 NAME: KCASARAT1 CITY: Saratoga STATE: CA ELEV: 375 ft LAT: 37 16' 28" N LONG: 122 01' 23" W TEMPERATURE (F), RAIN (in), WIND SPEED (mph) HEAT COOL AVG MEAN DEG DEG WIND DOM DAY TEMP HIGH TIME LOW TIME DAYS DAYS RAIN SPEED HIGH TIME DIR ------------------------------------------------------------------------------------ 1 63.3 73.9 2:30p 54.8 6:15a 3.7 2.0 0.00 1.8 25.0 4:10p NW 2 65.6 81.2 2:00p 52.6 5:35a 4.0 4.6 0.00 1.0 16.0 3:05p NW 3 68.9 80.5 1:45p 57.5 6:00a 1.7 5.7 0.00 1.2 14.0 3:25p NW 4 70.8 84.9 12:45p 58.6 5:15a 1.3 7.1 0.00 1.3 16.0 1:50p NNW 5 73.1 86.7 3:05p 64.0 6:45a 0.1 8.2 0.00 1.1 13.0 3:50p NNW 6 69.7 83.8 2:00p 59.2 5:45a 1.6 6.3 0.00 1.4 15.0 2:55p NE 7 64.6 74.6 2:35p 54.7 12:00m 3.1 2.7 0.00 1.3 14.0 1:10p NNE 8 62.4 74.0 1:30p 52.6 4:55a 4.8 2.2 0.00 1.2 13.0 2:20p N 9 62.6 74.2 12:05p 54.1 2:10a 4.6 2.2 0.00 1.6 17.0 2:45p NW 10 62.2 73.2 1:30p 53.6 11:55p 4.5 1.7 0.00 3.3 21.0 2:50p NW 11 66.3 84.0 4:30p 48.6 5:50a 4.8 6.1 0.00 2.2 19.0 4:55p NW 12 74.4 91.0 4:05p 55.7 4:30a 2.1 11.5 0.00 2.4 21.0 12:10p NW 13 74.6 93.8 4:10p 56.9 5:50a 1.4 11.0 0.00 1.0 14.0 2:50p NNW 14 67.0 83.8 2:15p 53.9 6:00a 3.4 5.4 0.00 1.1 13.0 2:30p NW 15 61.7 74.7 5:25p 49.4 6:05a 5.9 2.7 0.00 1.0 12.0 12:20p NW 16 64.5 84.5 4:15p 45.7 5:55a 6.1 5.6 0.00 1.0 14.0 3:00p NW 17 65.1 85.1 2:05p 48.2 5:30a 5.2 5.3 0.00 0.9 16.0 3:25p NE 18 58.6 73.7 12:25p 47.4 6:15a 7.5 1.1 0.00 1.2 16.0 2:05p NW 19 58.5 72.3 2:30p 49.2 5:15a 7.7 1.2 0.00 1.3 17.0 4:00p NW 20 61.8 77.0 2:50p 47.9 6:00a 6.1 2.9 0.00 1.3 16.0 3:05p NW 21 67.8 86.7 2:05p 50.7 6:00a 4.4 7.1 0.00 0.7 12.0 3:00p N 22 66.1 82.4 12:55p 52.0 5:55a 3.7 4.8 0.00 1.0 13.0 2:45p NW 23 64.9 80.5 1:40p 56.0 6:25a 3.8 3.7 0.00 1.0 13.0 3:05p N 24 61.9 71.5 2:10p 53.5 5:30a 4.6 1.5 0.00 1.5 13.0 3:40p NW 25 63.2 74.7 4:40p 55.4 5:45a 4.2 2.4 0.00 1.3 12.0 1:30p NW 26 67.4 82.4 1:50p 56.6 6:25a 3.0 5.4 0.00 1.0 12.0 2:30p N 27 75.4 95.9 4:25p 54.8 6:00a 2.6 13.0 0.00 0.7 11.0 3:35p N 28 73.8 88.4 1:55p 58.3 6:05a 0.9 9.7 0.00 0.9 13.0 2:45p N 29 69.2 85.3 1:50p 55.3 6:05a 2.4 6.6 0.00 0.9 13.0 2:50p NNW 30 65.5 78.6 12:15p 52.3 5:55a 3.7 4.2 0.00 1.2 14.0 1:15p E ------------------------------------------------------------------------------------- 66.4 95.9 27 45.7 16 112.9 153.9 0.00 1.3 25.0 1 NW Max >= 90.0: 3 Max <= 32.0: 0 Min <= 32.0: 0 Min <= 0.0: 0 Max Rain: 0.00 ON 06/01/10 Days of Rain: 0 (>.01 in) 0 (>.1 in) 0 (>1 in) Heat Base: 65.0 Cool Base: 65.0 Method: Integration

These reports are produced by WeatherLink V6.0.3.

deformed-offering