deformed-offering

NOAA-style climate reports

2018: Jan | Feb | Mar | Apr | May | Jun | Jul | Aug | Sep | Oct | Nov | Dec 
2017: Jan | Feb | Mar | Apr | May | Jun | Jul | Aug | Sep | Oct | Nov | Dec 
2016: Jan | Feb | Mar | Apr | May | Jun | Jul | Aug | Sep | Oct | Nov | Dec 
2015: Jan | Feb | Mar | Apr | May | Jun | Jul | Aug | Sep | Oct | Nov | Dec 
2014: Jan | Feb | Mar | Apr | May | Jun | Jul | Aug | Sep | Oct | Nov | Dec 
2013: Jan | Feb | Mar | Apr | May | Jun | Jul | Aug | Sep | Oct | Nov | Dec 
2012: Jan | Feb | Mar | Apr | May | Jun | Jul | Aug | Sep | Oct | Nov | Dec 
2011: Jan | Feb | Mar | Apr | May | Jun | Jul | Aug | Sep | Oct | Nov | Dec 
2010: Jan | Feb | Mar | Apr | May | Jun | Jul | Aug | Sep | Oct | Nov | Dec 
2009: Jan | Feb | Mar | Apr | May | Jun | Jul | Aug | Sep | Oct | Nov | Dec 
2008: Jan | Feb | Mar | Apr | May | Jun | Jul | Aug | Sep | Oct | Nov | Dec 
2007: Jan | Feb | Mar | Apr | May | Jun | Jul | Aug | Sep | Oct | Nov | Dec 
2006: Jan | Feb | Mar | Apr | May | Jun | Jul | Aug | Sep | Oct | Nov | Dec 
2005: Jan | Feb | Mar | Apr | May | Jun | Jul | Aug | Sep | Oct | Nov | Dec 
2004: Jan | Feb | Mar | Apr | May | Jun | Jul | Aug | Sep | Oct | Nov | Dec 

Report for 2010 05
MONTHLY CLIMATOLOGICAL SUMMARY for MAY. 2010 NAME: KCASARAT1 CITY: Saratoga STATE: CA ELEV: 375 ft LAT: 37 16' 28" N LONG: 122 01' 23" W TEMPERATURE (F), RAIN (in), WIND SPEED (mph) HEAT COOL AVG MEAN DEG DEG WIND DOM DAY TEMP HIGH TIME LOW TIME DAYS DAYS RAIN SPEED HIGH TIME DIR ------------------------------------------------------------------------------------ 1 57.7 75.3 3:45p 42.6 5:40a 9.4 2.2 0.00 1.2 16.0 4:30p NW 2 61.7 80.1 5:35p 43.2 6:15a 7.4 4.1 0.00 1.8 18.0 3:25p NW 3 65.8 88.4 1:55p 48.2 6:15a 5.4 6.2 0.00 0.7 14.0 2:30p NE 4 62.2 79.8 3:50p 47.0 6:20a 6.7 3.9 0.00 1.1 14.0 1:25p NW 5 57.4 70.3 1:55p 43.5 5:55a 8.7 1.2 0.00 1.3 17.0 2:55p NW 6 58.5 73.7 4:00p 42.9 6:00a 8.5 2.0 0.00 1.5 17.0 4:00p NW 7 59.2 74.2 12:30p 43.8 6:20a 8.1 2.3 0.00 1.1 17.0 4:30p NNW 8 57.2 71.6 3:50p 44.1 6:15a 9.0 1.1 0.00 1.2 13.0 4:10p NNW 9 56.0 67.8 3:50p 50.5 12:10a 9.0 0.1 0.00 1.0 14.0 1:30p NW 10 53.2 59.3 10:15a 46.2 12:00m 11.8 0.0 0.07 0.7 17.0 4:05p NW 11 54.6 68.8 4:55p 40.6 4:35a 10.8 0.5 0.00 1.6 18.0 3:10p NW 12 59.0 77.4 2:20p 44.8 5:45a 8.4 2.4 0.00 0.8 12.0 2:20p N 13 59.6 78.8 3:45p 45.4 5:20a 8.4 3.0 0.00 0.9 12.0 2:00p N 14 58.9 72.3 1:35p 52.2 6:10a 7.0 0.9 0.00 0.9 16.0 2:35p NNW 15 60.2 75.4 4:20p 52.0 5:10a 6.7 1.9 0.00 0.9 12.0 2:40p NNE 16 57.3 69.6 3:00p 51.3 5:20a 8.0 0.3 0.00 1.0 12.0 4:05p NNE 17 55.5 62.6 4:10p 50.5 4:55a 9.5 0.0 0.17 1.0 13.0 10:05a ESE 18 59.3 69.9 4:10p 52.3 11:55p 6.3 0.6 0.09 1.0 13.0 2:30p NW 19 58.4 69.4 12:00p 46.5 6:10a 7.0 0.4 0.01 0.8 13.0 11:00p NW 20 58.0 73.0 3:35p 45.1 5:50a 8.4 1.4 0.00 1.8 17.0 4:50p NW 21 54.0 64.3 3:50p 43.3 5:25a 11.0 0.0 0.00 2.1 22.0 10:55a NW 22 52.5 63.1 3:05p 43.8 4:00a 12.5 0.0 0.00 2.1 20.0 11:35a NW 23 54.7 70.3 1:30p 42.8 3:25a 10.8 0.5 0.00 1.7 19.0 6:40p NW 24 56.0 67.9 4:05p 49.6 2:45a 9.0 0.0 0.00 0.3 11.0 4:45p E 25 54.7 63.4 10:20a 45.4 3:50a 10.3 0.0 0.08 0.7 12.0 10:00a S 26 58.5 69.1 2:45p 49.6 12:00m 6.9 0.4 0.00 0.8 13.0 3:50p WSW 27 54.4 63.9 3:25p 45.2 2:35a 10.6 0.0 0.01 1.0 18.0 1:05p ESE 28 56.2 68.1 4:45p 43.5 4:05a 9.1 0.4 0.00 1.9 16.0 1:40p NW 29 64.1 80.7 5:25p 47.0 5:30a 6.1 5.3 0.00 1.6 16.0 2:50p NW 30 66.6 87.8 2:55p 48.6 5:25a 5.0 6.6 0.00 1.0 13.0 3:15p NNW 31 64.0 76.0 3:25p 51.0 5:55a 4.2 3.2 0.00 1.4 16.0 3:55p NW ------------------------------------------------------------------------------------- 58.2 88.4 3 40.6 11 260.0 50.9 0.43 1.2 22.0 21 NW Max >= 90.0: 0 Max <= 32.0: 0 Min <= 32.0: 0 Min <= 0.0: 0 Max Rain: 0.17 ON 05/17/10 Days of Rain: 4 (>.01 in) 1 (>.1 in) 0 (>1 in) Heat Base: 65.0 Cool Base: 65.0 Method: Integration

These reports are produced by WeatherLink V6.0.3.

deformed-offering