deformed-offering

NOAA-style climate reports

2018: Jan | Feb | Mar | Apr | May | Jun | Jul | Aug | Sep | Oct | Nov | Dec 
2017: Jan | Feb | Mar | Apr | May | Jun | Jul | Aug | Sep | Oct | Nov | Dec 
2016: Jan | Feb | Mar | Apr | May | Jun | Jul | Aug | Sep | Oct | Nov | Dec 
2015: Jan | Feb | Mar | Apr | May | Jun | Jul | Aug | Sep | Oct | Nov | Dec 
2014: Jan | Feb | Mar | Apr | May | Jun | Jul | Aug | Sep | Oct | Nov | Dec 
2013: Jan | Feb | Mar | Apr | May | Jun | Jul | Aug | Sep | Oct | Nov | Dec 
2012: Jan | Feb | Mar | Apr | May | Jun | Jul | Aug | Sep | Oct | Nov | Dec 
2011: Jan | Feb | Mar | Apr | May | Jun | Jul | Aug | Sep | Oct | Nov | Dec 
2010: Jan | Feb | Mar | Apr | May | Jun | Jul | Aug | Sep | Oct | Nov | Dec 
2009: Jan | Feb | Mar | Apr | May | Jun | Jul | Aug | Sep | Oct | Nov | Dec 
2008: Jan | Feb | Mar | Apr | May | Jun | Jul | Aug | Sep | Oct | Nov | Dec 
2007: Jan | Feb | Mar | Apr | May | Jun | Jul | Aug | Sep | Oct | Nov | Dec 
2006: Jan | Feb | Mar | Apr | May | Jun | Jul | Aug | Sep | Oct | Nov | Dec 
2005: Jan | Feb | Mar | Apr | May | Jun | Jul | Aug | Sep | Oct | Nov | Dec 
2004: Jan | Feb | Mar | Apr | May | Jun | Jul | Aug | Sep | Oct | Nov | Dec 

Report for 2010 04
MONTHLY CLIMATOLOGICAL SUMMARY for APR. 2010 NAME: KCASARAT1 CITY: Saratoga STATE: CA ELEV: 375 ft LAT: 37 16' 28" N LONG: 122 01' 23" W TEMPERATURE (F), RAIN (in), WIND SPEED (mph) HEAT COOL AVG MEAN DEG DEG WIND DOM DAY TEMP HIGH TIME LOW TIME DAYS DAYS RAIN SPEED HIGH TIME DIR ------------------------------------------------------------------------------------ 1 47.6 60.4 2:20p 38.3 5:35a 17.4 0.0 0.01 0.9 16.0 4:10p W 2 48.8 60.7 3:05p 39.2 4:05a 16.2 0.0 0.01 1.0 18.0 3:10p ESE 3 47.8 60.2 3:55p 39.8 6:55a 17.2 0.0 0.01 1.3 14.0 3:00p NW 4 47.3 54.5 12:45p 40.8 12:50a 17.7 0.0 1.17 1.8 29.0 4:50p ESE 5 49.1 61.5 3:30p 41.1 12:00m 15.9 0.0 0.16 0.5 13.0 11:20a NW 6 51.5 65.2 3:55p 39.5 6:30a 13.5 0.0 0.00 1.4 18.0 5:25p NW 7 57.4 74.7 4:05p 40.6 6:35a 9.9 2.3 0.00 0.9 13.0 10:25a NW 8 55.0 69.8 3:20p 43.1 5:35a 10.8 0.8 0.00 0.8 13.0 12:55p NW 9 57.2 73.2 3:55p 40.9 6:40a 9.4 1.6 0.00 1.0 13.0 10:35a NW 10 54.0 62.4 3:15p 50.5 2:20a 10.9 0.0 0.00 2.2 21.0 10:15a S 11 50.5 55.0 9:45a 46.1 2:05p 14.5 0.0 1.93 3.1 25.0 10:40a ESE 12 50.4 58.1 4:30p 43.5 12:00m 14.6 0.0 0.55 0.5 13.0 1:15p W 13 51.8 61.8 1:50p 42.8 12:50a 13.2 0.0 0.00 0.6 13.0 2:00p NW 14 52.5 64.8 12:10p 42.6 2:30a 12.5 0.0 0.00 1.0 14.0 2:30p NNW 15 56.4 74.4 3:40p 41.2 6:15a 10.1 1.6 0.00 0.7 10.0 4:45p NW 16 58.8 74.2 2:00p 43.8 6:40a 8.1 1.9 0.00 0.8 18.0 5:25p NW 17 60.4 75.3 3:25p 48.3 2:15a 6.6 1.9 0.00 1.0 14.0 1:45p NW 18 61.6 81.2 4:15p 43.3 6:25a 7.8 4.4 0.00 0.7 11.0 5:00p NW 19 59.4 73.0 2:15p 47.6 5:45a 6.8 1.2 0.00 1.7 18.0 10:40p ESE 20 52.5 61.6 2:40p 44.8 11:05p 12.5 0.0 0.49 1.9 19.0 1:00a W 21 49.6 54.2 5:10p 44.3 11:55p 15.4 0.0 0.14 2.8 26.0 3:50p NW 22 55.1 69.8 4:45p 42.3 6:30a 10.5 0.6 0.00 1.0 14.0 12:25p NW 23 58.3 74.9 2:55p 43.9 6:20a 8.8 2.2 0.00 1.0 13.0 2:55p N 24 60.0 75.4 1:20p 47.7 7:10a 7.7 2.7 0.00 0.7 12.0 2:25p NE 25 63.7 84.3 3:55p 45.4 5:30a 7.2 5.9 0.00 1.0 14.0 3:15p NW 26 60.5 80.3 1:35p 45.4 6:10a 7.4 2.9 0.00 0.6 10.0 3:20p N 27 56.9 66.9 3:05p 49.5 11:20p 8.1 0.0 0.06 1.7 18.0 4:55a ESE 28 51.5 60.9 4:05p 44.1 4:55a 13.5 0.0 0.04 1.1 18.0 3:45p W 29 51.9 64.0 3:00p 43.6 4:45a 13.1 0.0 0.00 1.9 17.0 1:20p NW 30 54.6 69.8 3:05p 40.6 6:15a 11.1 0.7 0.00 2.1 21.0 3:30p NW ------------------------------------------------------------------------------------- 54.4 84.3 25 38.3 1 348.4 30.7 4.57 1.3 29.0 4 NW Max >= 90.0: 0 Max <= 32.0: 0 Min <= 32.0: 0 Min <= 0.0: 0 Max Rain: 1.93 ON 04/11/10 Days of Rain: 8 (>.01 in) 6 (>.1 in) 2 (>1 in) Heat Base: 65.0 Cool Base: 65.0 Method: Integration

These reports are produced by WeatherLink V6.0.3.

deformed-offering