deformed-offering

NOAA-style climate reports

2018: Jan | Feb | Mar | Apr | May | Jun | Jul | Aug | Sep | Oct | Nov | Dec 
2017: Jan | Feb | Mar | Apr | May | Jun | Jul | Aug | Sep | Oct | Nov | Dec 
2016: Jan | Feb | Mar | Apr | May | Jun | Jul | Aug | Sep | Oct | Nov | Dec 
2015: Jan | Feb | Mar | Apr | May | Jun | Jul | Aug | Sep | Oct | Nov | Dec 
2014: Jan | Feb | Mar | Apr | May | Jun | Jul | Aug | Sep | Oct | Nov | Dec 
2013: Jan | Feb | Mar | Apr | May | Jun | Jul | Aug | Sep | Oct | Nov | Dec 
2012: Jan | Feb | Mar | Apr | May | Jun | Jul | Aug | Sep | Oct | Nov | Dec 
2011: Jan | Feb | Mar | Apr | May | Jun | Jul | Aug | Sep | Oct | Nov | Dec 
2010: Jan | Feb | Mar | Apr | May | Jun | Jul | Aug | Sep | Oct | Nov | Dec 
2009: Jan | Feb | Mar | Apr | May | Jun | Jul | Aug | Sep | Oct | Nov | Dec 
2008: Jan | Feb | Mar | Apr | May | Jun | Jul | Aug | Sep | Oct | Nov | Dec 
2007: Jan | Feb | Mar | Apr | May | Jun | Jul | Aug | Sep | Oct | Nov | Dec 
2006: Jan | Feb | Mar | Apr | May | Jun | Jul | Aug | Sep | Oct | Nov | Dec 
2005: Jan | Feb | Mar | Apr | May | Jun | Jul | Aug | Sep | Oct | Nov | Dec 
2004: Jan | Feb | Mar | Apr | May | Jun | Jul | Aug | Sep | Oct | Nov | Dec 

Report for 2010
ANNUAL CLIMATOLOGICAL SUMMARY NAME: KCASARAT1 CITY: Saratoga STATE: CA ELEV: 375 ft LAT: 37 16' 28" N LONG: 122 01' 23" W TEMPERATURE (F), HEAT BASE 65.0, COOL BASE 65.0 DEP. HEAT COOL MEAN MEAN FROM DEG DEG MAX MAX MIN MIN YR MO MAX MIN MEAN NORM DAYS DAYS HI DATE LOW DATE >=90 <=32 <=32 <=0 ------------------------------------------------------------------------------------ 10 1 58.4 42.2 49.1 -0.4 493 0 67.1 29 36.8 5 0 0 0 0 10 2 62.0 43.8 51.9 0.8 369 2 70.3 17 38.3 10 0 0 0 0 10 3 67.3 42.4 53.6 -1.8 384 30 85.5 19 36.0 11 0 0 0 0 10 4 67.4 43.5 54.4 -1.6 348 31 84.3 25 38.3 1 0 0 0 0 10 5 72.0 46.5 58.2 -1.9 260 51 88.4 3 40.6 11 0 0 0 0 10 6 81.1 53.7 66.4 1.4 113 154 95.9 27 45.7 16 3 0 0 0 10 7 81.4 55.9 66.8 -0.5 100 155 91.6 15 47.7 1 1 0 0 0 10 8 81.0 55.1 65.9 -1.4 121 148 104.6 24 48.3 29 3 0 0 0 10 9 83.7 54.2 67.5 1.0 107 182 99.7 28 46.2 23 8 0 0 0 10 10 74.1 51.6 61.4 0.9 191 79 93.2 13 40.3 27 3 0 0 0 10 11 64.6 42.9 52.5 -1.5 403 29 84.5 4 31.6 26 0 0 1 0 10 12 58.8 44.5 51.3 1.0 425 0 67.4 5 31.3 30 0 0 1 0 ------------------------------------------------------------------------------------ 71.0 48.1 58.3 -0.3 3315 861 104.6 AUG 31.3 DEC 18 0 2 0 PRECIPITATION (in) DEP. MAX DAYS OF RAIN FROM OBS. OVER YR MO TOTAL NORM DAY DATE .01 .1 1 --------------------------------------------- 10 1 9.50 7.90 2.83 20 13 10 3 10 2 4.71 1.41 1.42 4 12 8 1 10 3 2.49 1.19 0.85 3 7 7 0 10 4 4.57 2.87 1.93 11 8 6 2 10 5 0.43 -0.07 0.17 17 4 1 0 10 6 0.00 0.00 0.00 1 0 0 0 10 7 0.00 0.00 0.00 1 0 0 0 10 8 0.00 0.00 0.00 1 0 0 0 10 9 0.00 0.00 0.00 1 0 0 0 10 10 0.51 0.51 0.20 29 6 1 0 10 11 2.44 -0.06 1.11 20 7 6 1 10 12 7.69 -1.71 2.15 19 15 11 2 --------------------------------------------- 32.34 12.04 2.83 JAN 72 50 9 WIND SPEED (mph) DOM YR MO AVG. HI DATE DIR --------------------------------- 10 1 1.2 40.0 19 ESE 10 2 1.0 44.0 26 NW 10 3 1.0 30.0 8 NW 10 4 1.3 29.0 4 NW 10 5 1.2 22.0 21 NW 10 6 1.3 25.0 1 NW 10 7 1.1 14.0 7 N 10 8 0.8 17.0 28 NW 10 9 0.7 16.0 8 NW 10 10 0.7 28.0 29 NW 10 11 0.6 26.0 20 NW 10 12 1.0 32.0 29 ESE --------------------------------- 1.0 44.0 FEB NW

These reports are produced by WeatherLink V6.0.3.

deformed-offering