deformed-offering

NOAA-style climate reports

2018: Jan | Feb | Mar | Apr | May | Jun | Jul | Aug | Sep | Oct | Nov | Dec 
2017: Jan | Feb | Mar | Apr | May | Jun | Jul | Aug | Sep | Oct | Nov | Dec 
2016: Jan | Feb | Mar | Apr | May | Jun | Jul | Aug | Sep | Oct | Nov | Dec 
2015: Jan | Feb | Mar | Apr | May | Jun | Jul | Aug | Sep | Oct | Nov | Dec 
2014: Jan | Feb | Mar | Apr | May | Jun | Jul | Aug | Sep | Oct | Nov | Dec 
2013: Jan | Feb | Mar | Apr | May | Jun | Jul | Aug | Sep | Oct | Nov | Dec 
2012: Jan | Feb | Mar | Apr | May | Jun | Jul | Aug | Sep | Oct | Nov | Dec 
2011: Jan | Feb | Mar | Apr | May | Jun | Jul | Aug | Sep | Oct | Nov | Dec 
2010: Jan | Feb | Mar | Apr | May | Jun | Jul | Aug | Sep | Oct | Nov | Dec 
2009: Jan | Feb | Mar | Apr | May | Jun | Jul | Aug | Sep | Oct | Nov | Dec 
2008: Jan | Feb | Mar | Apr | May | Jun | Jul | Aug | Sep | Oct | Nov | Dec 
2007: Jan | Feb | Mar | Apr | May | Jun | Jul | Aug | Sep | Oct | Nov | Dec 
2006: Jan | Feb | Mar | Apr | May | Jun | Jul | Aug | Sep | Oct | Nov | Dec 
2005: Jan | Feb | Mar | Apr | May | Jun | Jul | Aug | Sep | Oct | Nov | Dec 
2004: Jan | Feb | Mar | Apr | May | Jun | Jul | Aug | Sep | Oct | Nov | Dec 

Report for 2009 08
MONTHLY CLIMATOLOGICAL SUMMARY for AUG. 2009 NAME: KCASARAT1 CITY: Saratoga STATE: CA ELEV: 375 ft LAT: 37 16' 28" N LONG: 122 01' 23" W TEMPERATURE (F), RAIN (in), WIND SPEED (mph) HEAT COOL AVG MEAN DEG DEG WIND DOM DAY TEMP HIGH TIME LOW TIME DAYS DAYS RAIN SPEED HIGH TIME DIR ------------------------------------------------------------------------------------ 1 66.0 83.2 1:40p 57.6 6:35a 3.1 4.0 0.00 1.1 13.0 2:35p N 2 66.0 76.7 2:55p 59.3 4:15a 2.4 3.4 0.00 1.3 12.0 2:15p NE 3 64.6 77.6 3:15p 57.3 7:05a 3.1 2.7 0.00 1.2 14.0 4:30p NW 4 67.9 80.5 3:20p 58.7 3:25a 2.1 5.0 0.00 1.1 12.0 2:25p N 5 66.4 78.5 4:15p 55.6 3:40a 2.6 3.9 0.00 1.3 17.0 7:05p NW 6 65.5 77.6 4:25p 56.9 12:00m 1.9 2.4 0.04 1.4 16.0 5:25p NW 7 64.7 78.5 1:30p 52.6 4:40a 3.7 3.4 0.00 1.2 14.0 4:45p N 8 69.7 89.9 3:05p 52.2 5:55a 3.6 8.3 0.00 0.9 13.0 4:00p N 9 74.0 95.1 3:30p 54.4 6:25a 2.5 11.5 0.00 0.8 13.0 2:25p NNE 10 76.4 99.0 1:55p 58.6 6:35a 1.1 12.5 0.00 0.8 13.0 3:30p N 11 68.9 85.1 1:15p 59.6 3:55a 1.5 5.3 0.00 1.0 12.0 1:15p NNW 12 71.8 94.5 3:00p 52.6 5:55a 3.2 10.0 0.00 0.9 13.0 1:45p N 13 71.8 86.5 4:50p 57.8 6:00a 1.7 8.5 0.00 0.9 12.0 1:10p NE 14 66.8 83.0 2:05p 53.2 6:20a 3.5 5.3 0.00 1.1 14.0 4:45p NW 15 67.8 91.0 3:10p 49.8 6:10a 4.8 7.5 0.00 0.9 16.0 4:15p NW 16 69.0 91.0 3:35p 50.2 6:10a 4.0 8.0 0.00 0.7 10.0 4:25p N 17 65.8 83.2 1:20p 52.8 6:10a 4.0 4.8 0.00 1.1 16.0 3:50p NNE 18 67.9 86.5 3:20p 56.9 6:45a 3.1 6.0 0.00 0.8 11.0 3:50p NNE 19 66.4 83.4 2:20p 56.9 2:00a 2.9 4.3 0.00 1.1 12.0 2:45p NW 20 66.3 81.1 1:45p 58.3 6:25a 2.7 4.0 0.00 1.3 13.0 4:00p E 21 73.2 94.3 5:00p 59.3 2:10a 1.9 10.1 0.00 0.6 10.0 1:55p NNW 22 69.7 84.9 3:20p 57.8 6:35a 1.3 6.0 0.00 0.7 11.0 1:05p NNW 23 66.2 82.0 12:40p 56.0 7:40a 3.3 4.5 0.00 1.2 13.0 2:00p NW 24 63.5 80.5 2:00p 52.0 5:15a 5.0 3.5 0.00 1.0 12.0 2:45p SSE 25 65.9 85.5 2:30p 52.2 2:25a 4.6 5.5 0.00 0.9 13.0 4:05p N 26 67.0 83.8 4:25p 54.1 1:55a 3.6 5.6 0.00 0.7 10.0 2:55p N 27 72.2 94.7 4:15p 51.7 4:30a 3.7 10.9 0.00 0.6 12.0 2:20p N 28 80.6 102.5 4:10p 62.1 2:15a 0.6 16.2 0.00 0.8 14.0 1:00p NW 29 82.4 103.3 2:10p 66.1 6:45a 0.0 17.4 0.00 1.0 13.0 2:45p NW 30 67.5 79.4 12:45p 59.5 5:40a 1.7 4.3 0.00 1.1 12.0 1:45p N 31 65.3 77.2 2:55p 58.9 7:30a 2.7 3.1 0.00 0.9 11.0 5:00p NE ------------------------------------------------------------------------------------- 68.9 103.3 29 49.8 15 85.9 207.9 0.04 1.0 17.0 5 NW Max >= 90.0: 9 Max <= 32.0: 0 Min <= 32.0: 0 Min <= 0.0: 0 Max Rain: 0.04 ON 08/06/09 Days of Rain: 1 (>.01 in) 0 (>.1 in) 0 (>1 in) Heat Base: 65.0 Cool Base: 65.0 Method: Integration

These reports are produced by WeatherLink V6.0.3.

deformed-offering