deformed-offering

NOAA-style climate reports

2018: Jan | Feb | Mar | Apr | May | Jun | Jul | Aug | Sep | Oct | Nov | Dec 
2017: Jan | Feb | Mar | Apr | May | Jun | Jul | Aug | Sep | Oct | Nov | Dec 
2016: Jan | Feb | Mar | Apr | May | Jun | Jul | Aug | Sep | Oct | Nov | Dec 
2015: Jan | Feb | Mar | Apr | May | Jun | Jul | Aug | Sep | Oct | Nov | Dec 
2014: Jan | Feb | Mar | Apr | May | Jun | Jul | Aug | Sep | Oct | Nov | Dec 
2013: Jan | Feb | Mar | Apr | May | Jun | Jul | Aug | Sep | Oct | Nov | Dec 
2012: Jan | Feb | Mar | Apr | May | Jun | Jul | Aug | Sep | Oct | Nov | Dec 
2011: Jan | Feb | Mar | Apr | May | Jun | Jul | Aug | Sep | Oct | Nov | Dec 
2010: Jan | Feb | Mar | Apr | May | Jun | Jul | Aug | Sep | Oct | Nov | Dec 
2009: Jan | Feb | Mar | Apr | May | Jun | Jul | Aug | Sep | Oct | Nov | Dec 
2008: Jan | Feb | Mar | Apr | May | Jun | Jul | Aug | Sep | Oct | Nov | Dec 
2007: Jan | Feb | Mar | Apr | May | Jun | Jul | Aug | Sep | Oct | Nov | Dec 
2006: Jan | Feb | Mar | Apr | May | Jun | Jul | Aug | Sep | Oct | Nov | Dec 
2005: Jan | Feb | Mar | Apr | May | Jun | Jul | Aug | Sep | Oct | Nov | Dec 
2004: Jan | Feb | Mar | Apr | May | Jun | Jul | Aug | Sep | Oct | Nov | Dec 

Report for 2009
ANNUAL CLIMATOLOGICAL SUMMARY NAME: KCASARAT1 CITY: Saratoga STATE: CA ELEV: 375 ft LAT: 37 16' 28" N LONG: 122 01' 23" W TEMPERATURE (F), HEAT BASE 65.0, COOL BASE 65.0 DEP. HEAT COOL MEAN MEAN FROM DEG DEG MAX MAX MIN MIN YR MO MAX MIN MEAN NORM DAYS DAYS HI DATE LOW DATE >=90 <=32 <=32 <=0 ------------------------------------------------------------------------------------ 09 1 62.6 40.8 50.5 1.0 464 14 76.3 13 31.6 4 0 0 1 0 09 2 60.6 43.0 50.9 -0.2 400 4 76.8 3 33.8 10 0 0 0 0 09 3 65.0 43.8 53.7 -1.7 369 18 79.4 28 33.8 10 0 0 0 0 09 4 70.9 45.4 57.2 1.2 302 67 95.9 20 37.0 15 3 0 0 0 09 5 78.2 52.7 64.2 4.1 144 120 99.4 17 44.6 21 2 0 0 0 09 6 79.7 54.9 66.2 1.2 102 139 101.5 27 49.8 26 3 0 0 0 09 7 83.1 56.9 68.3 1.0 80 181 99.2 14 49.8 10 7 0 0 0 09 8 86.1 56.2 68.9 1.6 86 208 103.3 29 49.8 15 9 0 0 0 09 9 85.8 55.1 68.5 2.0 95 199 99.0 26 45.2 30 11 0 0 0 09 10 72.9 50.2 59.7 -0.8 219 54 83.8 2 40.6 29 0 0 0 0 09 11 65.6 42.0 52.5 -1.5 386 11 80.3 3 35.9 19 0 0 0 0 09 12 57.2 39.5 47.4 -2.9 547 0 69.8 20 28.2 9 0 0 3 0 ------------------------------------------------------------------------------------ 72.4 48.4 59.0 0.4 3192 1015 103.3 AUG 28.2 DEC 35 0 4 0 PRECIPITATION (in) DEP. MAX DAYS OF RAIN FROM OBS. OVER YR MO TOTAL NORM DAY DATE .01 .1 1 --------------------------------------------- 09 1 1.13 -0.47 0.46 22 5 3 0 09 2 9.82 6.52 4.09 15 16 10 4 09 3 4.21 2.91 2.14 3 8 6 2 09 4 0.26 -1.44 0.20 7 2 1 0 09 5 0.20 -0.30 0.15 1 3 1 0 09 6 0.01 0.01 0.01 2 0 0 0 09 7 0.00 0.00 0.00 1 0 0 0 09 8 0.04 0.04 0.04 6 1 0 0 09 9 0.14 0.14 0.12 13 1 1 0 09 10 5.63 5.63 5.25 13 3 3 1 09 11 0.35 -2.15 0.18 20 3 2 0 09 12 2.52 -6.88 0.75 12 11 7 0 --------------------------------------------- 24.31 4.01 5.25 OCT 53 34 7 WIND SPEED (mph) DOM YR MO AVG. HI DATE DIR --------------------------------- 09 1 0.6 24.0 9 NW 09 2 1.2 34.0 22 ESE 09 3 1.5 31.0 1 NW 09 4 1.1 27.0 14 NW 09 5 1.1 21.0 1 NW 09 6 1.1 20.0 20 NW 09 7 1.1 17.0 5 NW 09 8 1.0 17.0 5 NW 09 9 0.7 20.0 29 NW 09 10 1.1 35.0 13 NW 09 11 0.7 28.0 20 NW 09 12 0.7 25.0 22 NW --------------------------------- 1.0 35.0 OCT NW

These reports are produced by WeatherLink V6.0.3.

deformed-offering