deformed-offering

NOAA-style climate reports

2018: Jan | Feb | Mar | Apr | May | Jun | Jul | Aug | Sep | Oct | Nov | Dec 
2017: Jan | Feb | Mar | Apr | May | Jun | Jul | Aug | Sep | Oct | Nov | Dec 
2016: Jan | Feb | Mar | Apr | May | Jun | Jul | Aug | Sep | Oct | Nov | Dec 
2015: Jan | Feb | Mar | Apr | May | Jun | Jul | Aug | Sep | Oct | Nov | Dec 
2014: Jan | Feb | Mar | Apr | May | Jun | Jul | Aug | Sep | Oct | Nov | Dec 
2013: Jan | Feb | Mar | Apr | May | Jun | Jul | Aug | Sep | Oct | Nov | Dec 
2012: Jan | Feb | Mar | Apr | May | Jun | Jul | Aug | Sep | Oct | Nov | Dec 
2011: Jan | Feb | Mar | Apr | May | Jun | Jul | Aug | Sep | Oct | Nov | Dec 
2010: Jan | Feb | Mar | Apr | May | Jun | Jul | Aug | Sep | Oct | Nov | Dec 
2009: Jan | Feb | Mar | Apr | May | Jun | Jul | Aug | Sep | Oct | Nov | Dec 
2008: Jan | Feb | Mar | Apr | May | Jun | Jul | Aug | Sep | Oct | Nov | Dec 
2007: Jan | Feb | Mar | Apr | May | Jun | Jul | Aug | Sep | Oct | Nov | Dec 
2006: Jan | Feb | Mar | Apr | May | Jun | Jul | Aug | Sep | Oct | Nov | Dec 
2005: Jan | Feb | Mar | Apr | May | Jun | Jul | Aug | Sep | Oct | Nov | Dec 
2004: Jan | Feb | Mar | Apr | May | Jun | Jul | Aug | Sep | Oct | Nov | Dec 

Report for 2008 12
MONTHLY CLIMATOLOGICAL SUMMARY for DEC. 2008 NAME: KCASARAT1 CITY: Saratoga STATE: CA ELEV: 375 ft LAT: 37 16' 28" N LONG: 122 01' 23" W TEMPERATURE (F), RAIN (in), WIND SPEED (mph) HEAT COOL AVG MEAN DEG DEG WIND DOM DAY TEMP HIGH TIME LOW TIME DAYS DAYS RAIN SPEED HIGH TIME DIR ------------------------------------------------------------------------------------ 1 50.1 55.4 10:05a 41.6 7:15a 14.9 0.0 0.01 0.2 10.0 10:30a NW 2 54.0 64.2 1:35p 46.1 12:00m 11.0 0.0 0.00 0.6 12.0 2:10p NW 3 47.3 60.5 1:50p 40.6 7:20a 17.7 0.0 0.01 0.2 7.0 1:35p NNE 4 47.0 59.3 2:55p 38.3 4:15a 18.0 0.0 0.01 0.4 11.0 11:45a NW 5 47.5 63.4 2:35p 36.8 6:40a 17.5 0.0 0.00 0.3 9.0 2:00p NW 6 48.4 65.0 2:20p 37.3 7:10a 16.6 0.0 0.00 0.5 10.0 10:30a NW 7 48.7 59.6 12:40p 41.1 1:55a 16.3 0.0 0.00 0.3 8.0 12:55p NE 8 46.2 55.7 11:20a 39.5 11:35p 18.8 0.0 0.00 0.8 14.0 12:50p NW 9 45.4 58.1 2:05p 36.6 6:45a 19.6 0.0 0.00 0.4 10.0 11:55a NNE 10 45.5 61.2 2:40p 35.0 7:00a 19.5 0.0 0.00 0.2 6.0 10:40a NNE 11 48.2 65.2 2:15p 36.9 7:00a 16.8 0.0 0.00 0.2 12.0 1:15p NE 12 50.1 63.2 1:30p 40.8 2:00a 14.9 0.0 0.00 0.3 10.0 11:15p NE 13 46.1 52.5 12:00p 37.0 12:00m 18.9 0.0 0.02 2.0 19.0 10:55a NW 14 41.7 51.6 1:00p 33.1 5:15a 23.3 0.0 0.22 1.4 18.0 2:50p E 15 42.1 51.6 12:20p 36.0 11:35p 22.9 0.0 0.14 0.4 14.0 2:40p NE 16 40.1 48.0 1:20p 35.5 11:50p 24.9 0.0 0.25 0.5 10.0 10:00a NW 17 39.1 50.2 2:30p 32.8 11:45p 25.9 0.0 0.00 0.9 14.0 10:45a NW 18 42.8 52.9 3:05p 31.0 5:40a 22.2 0.0 0.10 0.7 12.0 7:10p S 19 45.5 52.6 2:15p 36.3 11:15p 19.5 0.0 0.09 0.2 9.0 7:15a W 20 41.2 51.7 2:15p 33.1 6:25a 23.8 0.0 0.01 0.3 9.0 2:55p NW 21 47.0 51.9 9:25p 40.9 7:00a 18.0 0.0 0.06 0.5 14.0 2:50p ESE 22 46.3 53.8 12:35p 40.2 7:35a 18.7 0.0 0.02 0.9 16.0 2:20p W 23 46.0 52.5 1:30p 38.6 7:35a 19.0 0.0 0.03 0.5 11.0 10:25p ESE 24 50.5 54.4 3:00p 45.4 12:05a 14.5 0.0 0.01 2.2 17.0 9:35a ESE 25 46.7 52.5 2:30a 41.2 10:55a 18.3 0.0 0.64 3.7 28.0 11:15a NW 26 41.7 51.6 2:40p 32.7 7:20a 23.3 0.0 0.00 0.7 13.0 12:10a NW 27 44.4 55.7 2:45p 34.0 7:25a 20.6 0.0 0.00 0.2 7.0 12:25p N 28 47.2 58.9 2:20p 39.2 2:25a 17.8 0.0 0.00 0.5 11.0 2:00p NW 29 49.0 62.9 2:00p 40.3 1:45a 16.0 0.0 0.00 0.6 12.0 3:05p NW 30 46.0 59.0 2:45p 38.5 11:35p 19.0 0.0 0.01 0.4 10.0 11:10a NW 31 44.2 56.5 3:25p 34.1 5:25a 20.8 0.0 0.01 0.1 6.0 12:15p E ------------------------------------------------------------------------------------- 46.0 65.2 11 31.0 18 589.0 0.0 1.64 0.7 28.0 25 NW Max >= 90.0: 0 Max <= 32.0: 0 Min <= 32.0: 1 Min <= 0.0: 0 Max Rain: 0.64 ON 12/25/08 Days of Rain: 10 (>.01 in) 4 (>.1 in) 0 (>1 in) Heat Base: 65.0 Cool Base: 65.0 Method: Integration

These reports are produced by WeatherLink V6.0.3.

deformed-offering