deformed-offering

NOAA-style climate reports

2018: Jan | Feb | Mar | Apr | May | Jun | Jul | Aug | Sep | Oct | Nov | Dec 
2017: Jan | Feb | Mar | Apr | May | Jun | Jul | Aug | Sep | Oct | Nov | Dec 
2016: Jan | Feb | Mar | Apr | May | Jun | Jul | Aug | Sep | Oct | Nov | Dec 
2015: Jan | Feb | Mar | Apr | May | Jun | Jul | Aug | Sep | Oct | Nov | Dec 
2014: Jan | Feb | Mar | Apr | May | Jun | Jul | Aug | Sep | Oct | Nov | Dec 
2013: Jan | Feb | Mar | Apr | May | Jun | Jul | Aug | Sep | Oct | Nov | Dec 
2012: Jan | Feb | Mar | Apr | May | Jun | Jul | Aug | Sep | Oct | Nov | Dec 
2011: Jan | Feb | Mar | Apr | May | Jun | Jul | Aug | Sep | Oct | Nov | Dec 
2010: Jan | Feb | Mar | Apr | May | Jun | Jul | Aug | Sep | Oct | Nov | Dec 
2009: Jan | Feb | Mar | Apr | May | Jun | Jul | Aug | Sep | Oct | Nov | Dec 
2008: Jan | Feb | Mar | Apr | May | Jun | Jul | Aug | Sep | Oct | Nov | Dec 
2007: Jan | Feb | Mar | Apr | May | Jun | Jul | Aug | Sep | Oct | Nov | Dec 
2006: Jan | Feb | Mar | Apr | May | Jun | Jul | Aug | Sep | Oct | Nov | Dec 
2005: Jan | Feb | Mar | Apr | May | Jun | Jul | Aug | Sep | Oct | Nov | Dec 
2004: Jan | Feb | Mar | Apr | May | Jun | Jul | Aug | Sep | Oct | Nov | Dec 

Report for 2008 07
MONTHLY CLIMATOLOGICAL SUMMARY for JUL. 2008 NAME: KCASARAT1 CITY: Saratoga STATE: CA ELEV: 375 ft LAT: 37 16' 28" N LONG: 122 01' 23" W TEMPERATURE (F), RAIN (in), WIND SPEED (mph) HEAT COOL AVG MEAN DEG DEG WIND DOM DAY TEMP HIGH TIME LOW TIME DAYS DAYS RAIN SPEED HIGH TIME DIR ------------------------------------------------------------------------------------ 1 63.5 76.7 4:05p 57.0 11:50p 3.8 2.4 0.00 1.1 11.0 2:25p N 2 65.6 78.1 2:05p 53.2 2:40a 3.8 4.5 0.00 1.2 14.0 3:15p NW 3 69.4 84.1 2:05p 55.6 5:45a 2.3 6.7 0.00 1.6 14.0 3:50p N 4 66.3 77.0 3:40p 57.0 6:05a 2.2 3.5 0.00 1.6 14.0 4:55p NNE 5 69.6 86.5 3:55p 54.8 6:15a 2.5 7.1 0.00 1.1 12.0 2:25p NNE 6 71.0 88.6 2:25p 58.4 6:15a 1.8 7.8 0.00 0.8 10.0 2:00p NNE 7 77.6 99.9 3:30p 58.3 6:00a 1.3 14.0 0.00 0.7 12.0 2:25p N 8 80.9 104.4 3:35p 62.7 6:00a 0.2 16.0 0.00 0.8 10.0 1:25p NE 9 79.7 98.2 2:20p 63.9 6:10a 0.0 14.8 0.00 0.6 9.0 3:10p NE 10 76.9 96.1 3:00p 63.5 5:55a 0.1 12.0 0.00 1.0 12.0 4:50p N 11 70.6 90.7 2:15p 58.0 6:05a 1.5 7.1 0.00 1.1 14.0 2:30p NW 12 69.1 81.4 2:05p 59.8 5:50a 1.2 5.3 0.00 1.2 14.0 3:20p NW 13 70.4 83.4 2:40p 62.7 5:10a 0.6 6.0 0.00 1.3 12.0 2:55p NNE 14 68.6 80.3 12:15p 62.0 11:50p 0.8 4.4 0.00 1.3 12.0 1:15p NNE 15 66.6 76.3 1:45p 60.9 12:00m 1.6 3.1 0.00 1.5 13.0 2:00p NE 16 67.0 79.8 3:25p 59.5 6:15a 2.2 4.2 0.00 1.2 11.0 2:05p NE 17 65.6 79.6 1:35p 57.6 5:40a 3.4 4.0 0.00 1.2 12.0 1:55p NW 18 65.5 79.2 1:15p 56.0 6:10a 3.8 4.3 0.00 1.1 12.0 2:35p NW 19 64.5 80.3 1:00p 53.9 1:55a 4.5 4.0 0.00 1.2 13.0 3:10p NW 20 62.3 74.6 1:05p 55.9 4:25a 4.8 2.1 0.00 1.5 14.0 2:40p NE 21 61.3 72.1 3:00p 54.8 6:05a 5.2 1.4 0.00 1.6 16.0 3:55p NW 22 68.0 86.3 3:15p 54.5 6:30a 3.4 6.4 0.00 0.9 11.0 4:05p WSW 23 68.6 86.7 1:35p 54.5 6:20a 3.0 6.5 0.00 1.0 11.0 2:30p NE 24 65.8 84.5 2:40p 49.8 6:10a 4.6 5.4 0.00 1.0 12.0 3:05p NNE 25 67.9 87.0 2:35p 51.0 6:10a 3.9 6.8 0.00 0.8 11.0 2:55p N 26 72.6 92.7 1:55p 54.2 6:05a 2.6 10.2 0.00 1.1 13.0 3:10p ENE 27 65.8 78.8 2:40p 57.2 11:35p 3.0 3.8 0.00 1.3 13.0 1:55p N 28 64.2 75.1 12:35p 57.2 12:05a 3.6 2.8 0.00 1.3 12.0 2:00p NE 29 66.3 78.8 12:30p 56.9 3:50a 3.1 4.4 0.00 1.2 13.0 1:30p NE 30 66.6 84.7 1:25p 52.2 6:20a 4.1 5.7 0.00 1.0 13.0 2:50p N 31 65.3 82.2 2:00p 51.9 6:10a 4.2 4.5 0.00 1.1 14.0 3:05p NNE ------------------------------------------------------------------------------------- 68.5 104.4 8 49.8 24 83.1 191.2 0.00 1.1 16.0 21 N Max >= 90.0: 6 Max <= 32.0: 0 Min <= 32.0: 0 Min <= 0.0: 0 Max Rain: 0.00 ON 07/01/08 Days of Rain: 0 (>.01 in) 0 (>.1 in) 0 (>1 in) Heat Base: 65.0 Cool Base: 65.0 Method: Integration

These reports are produced by WeatherLink V6.0.3.

deformed-offering