deformed-offering

NOAA-style climate reports

2018: Jan | Feb | Mar | Apr | May | Jun | Jul | Aug | Sep | Oct | Nov | Dec 
2017: Jan | Feb | Mar | Apr | May | Jun | Jul | Aug | Sep | Oct | Nov | Dec 
2016: Jan | Feb | Mar | Apr | May | Jun | Jul | Aug | Sep | Oct | Nov | Dec 
2015: Jan | Feb | Mar | Apr | May | Jun | Jul | Aug | Sep | Oct | Nov | Dec 
2014: Jan | Feb | Mar | Apr | May | Jun | Jul | Aug | Sep | Oct | Nov | Dec 
2013: Jan | Feb | Mar | Apr | May | Jun | Jul | Aug | Sep | Oct | Nov | Dec 
2012: Jan | Feb | Mar | Apr | May | Jun | Jul | Aug | Sep | Oct | Nov | Dec 
2011: Jan | Feb | Mar | Apr | May | Jun | Jul | Aug | Sep | Oct | Nov | Dec 
2010: Jan | Feb | Mar | Apr | May | Jun | Jul | Aug | Sep | Oct | Nov | Dec 
2009: Jan | Feb | Mar | Apr | May | Jun | Jul | Aug | Sep | Oct | Nov | Dec 
2008: Jan | Feb | Mar | Apr | May | Jun | Jul | Aug | Sep | Oct | Nov | Dec 
2007: Jan | Feb | Mar | Apr | May | Jun | Jul | Aug | Sep | Oct | Nov | Dec 
2006: Jan | Feb | Mar | Apr | May | Jun | Jul | Aug | Sep | Oct | Nov | Dec 
2005: Jan | Feb | Mar | Apr | May | Jun | Jul | Aug | Sep | Oct | Nov | Dec 
2004: Jan | Feb | Mar | Apr | May | Jun | Jul | Aug | Sep | Oct | Nov | Dec 

Report for 2008 06
MONTHLY CLIMATOLOGICAL SUMMARY for JUN. 2008 NAME: KCASARAT1 CITY: Saratoga STATE: CA ELEV: 375 ft LAT: 37 16' 28" N LONG: 122 01' 23" W TEMPERATURE (F), RAIN (in), WIND SPEED (mph) HEAT COOL AVG MEAN DEG DEG WIND DOM DAY TEMP HIGH TIME LOW TIME DAYS DAYS RAIN SPEED HIGH TIME DIR ------------------------------------------------------------------------------------ 1 58.5 72.7 3:45p 46.4 5:55a 7.9 1.4 0.00 1.5 14.0 3:05p N 2 58.9 72.1 3:00p 44.3 5:45a 7.8 1.8 0.00 1.3 13.0 1:55p NE 3 60.3 76.1 2:05p 48.6 4:55a 6.7 2.0 0.00 1.1 14.0 4:40p NE 4 60.6 75.1 2:45p 47.3 6:10a 6.6 2.2 0.00 1.7 18.0 8:50a NW 5 62.9 78.5 3:50p 46.8 5:40a 6.1 3.9 0.00 1.3 14.0 5:45p N 6 60.8 76.0 4:05p 49.2 5:45a 6.5 2.2 0.00 1.6 17.0 1:55p S 7 63.8 84.0 3:55p 44.6 5:40a 6.6 5.4 0.00 1.3 14.0 4:05p N 8 68.1 89.3 2:30p 49.6 5:45a 4.4 7.5 0.00 1.1 17.0 3:15p N 9 73.0 97.1 3:10p 51.6 5:10a 3.4 11.3 0.00 1.1 14.0 4:25p NNW 10 71.7 89.0 2:10p 54.7 6:00a 2.4 9.1 0.00 1.7 16.0 11:00a NW 11 72.5 90.3 4:10p 55.9 5:20a 1.9 9.5 0.00 1.7 17.0 4:30p NW 12 74.1 94.3 3:40p 53.9 6:05a 2.5 11.6 0.00 1.2 13.0 3:10p N 13 70.0 88.2 3:20p 55.1 6:10a 2.4 7.4 0.00 0.9 11.0 12:50p NNW 14 65.9 83.6 2:30p 55.4 5:50a 3.9 4.9 0.00 1.0 12.0 2:40p NNW 15 63.7 77.6 1:15p 53.6 12:00m 4.6 3.3 0.00 1.3 12.0 5:55p NNE 16 60.3 72.8 3:30p 52.3 1:05a 6.4 1.8 0.00 1.3 11.0 1:15p N 17 67.9 90.7 4:25p 51.9 6:20a 4.6 7.6 0.00 1.1 12.0 4:05p N 18 72.1 90.7 2:20p 52.2 6:00a 2.9 10.0 0.00 1.0 13.0 3:45p NNE 19 76.6 97.8 3:55p 55.1 5:30a 2.1 13.7 0.00 1.3 14.0 4:35p NW 20 83.7 104.9 3:40p 62.9 6:05a 0.1 18.8 0.00 0.9 12.0 5:45p WSW 21 82.6 99.7 12:00p 67.3 12:00m 0.0 17.6 0.00 1.6 16.0 4:15p NE 22 68.1 81.2 1:55p 56.5 6:00a 2.0 5.1 0.00 1.1 12.0 3:00p NNW 23 61.1 72.3 12:35p 50.7 4:15a 5.5 1.6 0.00 1.3 14.0 2:00p N 24 64.3 84.0 3:05p 48.8 5:35a 5.4 4.8 0.00 1.0 12.0 3:20p NE 25 61.9 78.5 2:05p 51.4 5:10a 5.6 2.5 0.00 1.2 13.0 3:55p NNE 26 65.2 83.4 2:50p 49.5 6:00a 5.1 5.3 0.00 0.8 12.0 3:00p NE 27 68.1 85.3 1:20p 56.2 5:50a 2.7 5.8 0.00 1.1 13.0 4:20p N 28 65.1 78.1 1:45p 57.0 4:10a 3.3 3.4 0.00 1.4 13.0 3:00p NW 29 65.2 78.8 2:10p 58.0 6:20a 3.1 3.3 0.00 1.3 13.0 2:40p NW 30 64.9 76.7 1:15p 57.8 5:10a 3.2 3.1 0.00 1.3 12.0 1:25p N ------------------------------------------------------------------------------------- 67.1 104.9 20 44.3 2 125.7 187.9 0.00 1.3 18.0 4 N Max >= 90.0: 8 Max <= 32.0: 0 Min <= 32.0: 0 Min <= 0.0: 0 Max Rain: 0.00 ON 06/01/08 Days of Rain: 0 (>.01 in) 0 (>.1 in) 0 (>1 in) Heat Base: 65.0 Cool Base: 65.0 Method: Integration

These reports are produced by WeatherLink V6.0.3.

deformed-offering