deformed-offering

NOAA-style climate reports

2018: Jan | Feb | Mar | Apr | May | Jun | Jul | Aug | Sep | Oct | Nov | Dec 
2017: Jan | Feb | Mar | Apr | May | Jun | Jul | Aug | Sep | Oct | Nov | Dec 
2016: Jan | Feb | Mar | Apr | May | Jun | Jul | Aug | Sep | Oct | Nov | Dec 
2015: Jan | Feb | Mar | Apr | May | Jun | Jul | Aug | Sep | Oct | Nov | Dec 
2014: Jan | Feb | Mar | Apr | May | Jun | Jul | Aug | Sep | Oct | Nov | Dec 
2013: Jan | Feb | Mar | Apr | May | Jun | Jul | Aug | Sep | Oct | Nov | Dec 
2012: Jan | Feb | Mar | Apr | May | Jun | Jul | Aug | Sep | Oct | Nov | Dec 
2011: Jan | Feb | Mar | Apr | May | Jun | Jul | Aug | Sep | Oct | Nov | Dec 
2010: Jan | Feb | Mar | Apr | May | Jun | Jul | Aug | Sep | Oct | Nov | Dec 
2009: Jan | Feb | Mar | Apr | May | Jun | Jul | Aug | Sep | Oct | Nov | Dec 
2008: Jan | Feb | Mar | Apr | May | Jun | Jul | Aug | Sep | Oct | Nov | Dec 
2007: Jan | Feb | Mar | Apr | May | Jun | Jul | Aug | Sep | Oct | Nov | Dec 
2006: Jan | Feb | Mar | Apr | May | Jun | Jul | Aug | Sep | Oct | Nov | Dec 
2005: Jan | Feb | Mar | Apr | May | Jun | Jul | Aug | Sep | Oct | Nov | Dec 
2004: Jan | Feb | Mar | Apr | May | Jun | Jul | Aug | Sep | Oct | Nov | Dec 

Report for 2008 04
MONTHLY CLIMATOLOGICAL SUMMARY for APR. 2008 NAME: KCASARAT1 CITY: Saratoga STATE: CA ELEV: 375 ft LAT: 37 16' 28" N LONG: 122 01' 23" W TEMPERATURE (F), RAIN (in), WIND SPEED (mph) HEAT COOL AVG MEAN DEG DEG WIND DOM DAY TEMP HIGH TIME LOW TIME DAYS DAYS RAIN SPEED HIGH TIME DIR ------------------------------------------------------------------------------------ 1 53.6 69.3 2:05p 42.5 2:55a 11.7 0.3 0.00 1.2 13.0 2:20p NE 2 51.8 65.8 2:00p 43.3 2:50a 13.2 0.0 0.05 0.2 10.0 3:25p SSW 3 55.4 71.1 2:20p 44.1 6:30a 10.4 0.7 0.01 0.9 13.0 4:20p NNE 4 52.3 64.3 1:55p 42.6 2:40a 12.7 0.0 0.00 1.3 13.0 10:10a NW 5 51.8 64.5 4:00p 42.2 4:25a 13.2 0.0 0.00 1.3 14.0 5:10p NW 6 51.5 65.0 1:35p 42.6 5:25a 13.5 0.0 0.00 1.4 18.0 1:40p NW 7 50.1 63.2 2:10p 37.5 6:35a 14.9 0.0 0.00 1.5 16.0 3:05p W 8 49.6 62.4 2:00p 42.3 3:00a 15.4 0.0 0.00 1.5 21.0 3:55p W 9 51.5 66.8 3:00p 38.9 6:20a 13.5 0.0 0.00 1.6 17.0 4:35p W 10 56.2 75.1 3:40p 39.8 6:25a 10.8 1.9 0.00 1.3 14.0 12:05p NW 11 64.2 82.8 3:45p 45.2 6:40a 6.4 5.6 0.00 1.1 13.0 12:10p NW 12 69.3 89.3 4:00p 50.2 6:40a 4.2 8.4 0.00 0.7 11.0 4:15p NW 13 69.6 90.1 1:35p 53.2 12:00m 3.6 8.3 0.00 1.0 16.0 3:10p N 14 54.5 65.2 1:35p 44.3 11:40p 10.5 0.0 0.00 1.6 18.0 3:35p NW 15 51.1 64.3 3:40p 38.8 6:45a 13.9 0.0 0.00 1.9 19.0 5:10p NW 16 55.9 73.7 4:10p 39.2 6:25a 10.8 1.7 0.00 1.4 14.0 1:35p NW 17 62.2 81.8 2:20p 43.5 6:25a 7.7 4.8 0.00 0.8 12.0 2:25p ENE 18 57.0 73.0 1:20p 46.2 4:30a 9.2 1.2 0.00 1.0 12.0 2:00p N 19 49.9 61.6 1:45p 43.2 12:00m 15.1 0.0 0.00 2.5 22.0 3:30p W 20 48.1 59.0 3:00p 39.1 6:25a 16.9 0.0 0.00 2.0 20.0 2:15p NW 21 47.8 59.8 4:00p 35.3 6:40a 17.2 0.0 0.00 1.6 14.0 10:30a N 22 51.8 64.2 2:20p 38.9 3:20a 13.2 0.0 0.00 1.0 12.0 2:35p NE 23 53.6 66.3 2:35p 40.5 12:00m 11.4 0.0 0.01 1.5 17.0 1:55p NW 24 53.1 70.1 4:25p 37.5 3:05a 12.7 0.8 0.00 1.5 16.0 3:00p NW 25 60.1 78.6 3:25p 42.2 6:25a 8.5 3.5 0.00 1.3 16.0 3:30p NW 26 66.0 85.7 4:10p 46.8 6:15a 5.8 6.8 0.00 1.2 17.0 2:25p NW 27 69.2 88.4 3:00p 52.2 5:45a 3.6 7.8 0.00 1.0 13.0 3:00p NE 28 62.8 79.0 2:25p 47.6 6:25a 5.9 3.7 0.00 1.1 13.0 4:35p N 29 55.0 66.8 2:35p 44.8 12:00m 10.0 0.0 0.00 2.6 21.0 2:05p NW 30 52.7 65.6 4:05p 43.8 2:50a 12.3 0.0 0.00 2.3 19.0 2:05p NW ------------------------------------------------------------------------------------- 55.9 90.1 13 35.3 21 328.2 55.5 0.07 1.4 22.0 19 NW Max >= 90.0: 1 Max <= 32.0: 0 Min <= 32.0: 0 Min <= 0.0: 0 Max Rain: 0.05 ON 04/02/08 Days of Rain: 1 (>.01 in) 0 (>.1 in) 0 (>1 in) Heat Base: 65.0 Cool Base: 65.0 Method: Integration

These reports are produced by WeatherLink V6.0.3.

deformed-offering