deformed-offering

NOAA-style climate reports

2018: Jan | Feb | Mar | Apr | May | Jun | Jul | Aug | Sep | Oct | Nov | Dec 
2017: Jan | Feb | Mar | Apr | May | Jun | Jul | Aug | Sep | Oct | Nov | Dec 
2016: Jan | Feb | Mar | Apr | May | Jun | Jul | Aug | Sep | Oct | Nov | Dec 
2015: Jan | Feb | Mar | Apr | May | Jun | Jul | Aug | Sep | Oct | Nov | Dec 
2014: Jan | Feb | Mar | Apr | May | Jun | Jul | Aug | Sep | Oct | Nov | Dec 
2013: Jan | Feb | Mar | Apr | May | Jun | Jul | Aug | Sep | Oct | Nov | Dec 
2012: Jan | Feb | Mar | Apr | May | Jun | Jul | Aug | Sep | Oct | Nov | Dec 
2011: Jan | Feb | Mar | Apr | May | Jun | Jul | Aug | Sep | Oct | Nov | Dec 
2010: Jan | Feb | Mar | Apr | May | Jun | Jul | Aug | Sep | Oct | Nov | Dec 
2009: Jan | Feb | Mar | Apr | May | Jun | Jul | Aug | Sep | Oct | Nov | Dec 
2008: Jan | Feb | Mar | Apr | May | Jun | Jul | Aug | Sep | Oct | Nov | Dec 
2007: Jan | Feb | Mar | Apr | May | Jun | Jul | Aug | Sep | Oct | Nov | Dec 
2006: Jan | Feb | Mar | Apr | May | Jun | Jul | Aug | Sep | Oct | Nov | Dec 
2005: Jan | Feb | Mar | Apr | May | Jun | Jul | Aug | Sep | Oct | Nov | Dec 
2004: Jan | Feb | Mar | Apr | May | Jun | Jul | Aug | Sep | Oct | Nov | Dec 

Report for 2008 02
MONTHLY CLIMATOLOGICAL SUMMARY for FEB. 2008 NAME: KCASARAT1 CITY: Saratoga STATE: CA ELEV: 375 ft LAT: 37 16' 28" N LONG: 122 01' 23" W TEMPERATURE (F), RAIN (in), WIND SPEED (mph) HEAT COOL AVG MEAN DEG DEG WIND DOM DAY TEMP HIGH TIME LOW TIME DAYS DAYS RAIN SPEED HIGH TIME DIR ------------------------------------------------------------------------------------ 1 44.0 53.1 12:05p 37.2 6:05a 21.0 0.0 0.01 0.7 11.0 11:45a NW 2 44.7 51.0 1:00p 36.6 5:10a 20.3 0.0 0.51 2.0 26.0 6:45p ESE 3 48.1 53.2 2:50p 42.5 10:50p 16.9 0.0 0.25 2.3 20.0 4:50a NW 4 44.9 55.1 2:40p 35.3 6:40a 20.1 0.0 0.00 2.2 20.0 12:55p NW 5 44.5 58.6 2:10p 32.8 6:35a 20.5 0.0 0.00 0.6 12.0 3:00p NW 6 46.6 59.3 12:50p 37.8 2:20a 18.4 0.0 0.00 0.6 12.0 1:30p NW 7 47.3 63.4 12:50p 36.3 6:35a 17.7 0.0 0.00 0.5 11.0 3:20p NW 8 51.2 65.5 3:05p 41.9 6:40a 13.8 0.0 0.01 0.9 13.0 1:55p NW 9 54.5 68.6 2:30p 40.5 7:20a 11.0 0.4 0.00 0.6 12.0 10:55a WSW 10 52.5 69.8 2:55p 40.1 7:30a 13.2 0.7 0.00 0.3 11.0 2:55p WNW 11 53.5 70.8 2:35p 40.9 6:45a 12.4 0.9 0.00 0.6 12.0 12:15p NW 12 54.6 74.4 3:15p 41.3 6:05a 11.8 1.4 0.00 0.5 11.0 3:20p NW 13 52.1 63.9 2:40p 42.3 5:05a 12.9 0.0 0.00 2.4 22.0 12:00m NW 14 50.4 60.2 2:45p 39.8 11:50p 14.6 0.0 0.00 3.3 21.0 12:35a NW 15 49.9 67.3 2:05p 35.9 5:05a 15.3 0.2 0.00 0.3 8.0 1:45p ENE 16 49.1 64.7 2:15p 37.9 3:15a 15.9 0.0 0.00 0.2 8.0 2:25p NW 17 47.8 61.0 2:05p 37.6 4:30a 17.2 0.0 0.00 0.2 8.0 3:10p NW 18 50.9 60.5 1:05p 47.0 6:30a 14.1 0.0 0.00 0.3 10.0 2:55p N 19 49.5 58.4 3:00p 40.3 4:35a 15.5 0.0 0.59 0.4 8.0 1:05p ESE 20 49.9 57.6 2:45p 44.3 4:00a 15.1 0.0 0.04 0.1 6.0 12:35p NW 21 51.4 59.3 3:00p 44.6 12:40a 13.6 0.0 0.16 2.5 18.0 3:25a ESE 22 48.0 55.1 3:45p 39.3 11:50p 17.0 0.0 0.16 0.4 14.0 1:35p NW 23 46.8 54.8 11:40a 38.0 2:20a 18.2 0.0 1.42 2.3 26.0 11:15p ESE 24 52.4 58.7 1:05p 47.7 10:05p 12.6 0.0 1.33 3.7 35.0 5:30a SSW 25 50.5 59.3 2:25p 43.8 12:00m 14.5 0.0 0.00 0.1 7.0 3:50p NW 26 52.6 69.1 2:50p 38.6 6:25a 12.8 0.4 0.01 0.1 9.0 3:20p NW 27 55.0 71.6 2:50p 43.6 5:55a 10.9 0.9 0.01 0.3 11.0 2:05p NW 28 56.1 74.4 2:30p 41.9 6:35a 10.9 2.0 0.00 0.2 12.0 1:15p NW 29 52.9 66.3 1:55p 43.8 2:35a 12.1 0.1 0.00 0.3 16.0 5:25p NW ------------------------------------------------------------------------------------- 50.1 74.4 12 32.8 5 440.3 7.0 4.50 1.0 35.0 24 NW Max >= 90.0: 0 Max <= 32.0: 0 Min <= 32.0: 0 Min <= 0.0: 0 Max Rain: 1.42 ON 02/23/08 Days of Rain: 8 (>.01 in) 7 (>.1 in) 2 (>1 in) Heat Base: 65.0 Cool Base: 65.0 Method: Integration

These reports are produced by WeatherLink V6.0.3.

deformed-offering