deformed-offering

NOAA-style climate reports

2018: Jan | Feb | Mar | Apr | May | Jun | Jul | Aug | Sep | Oct | Nov | Dec 
2017: Jan | Feb | Mar | Apr | May | Jun | Jul | Aug | Sep | Oct | Nov | Dec 
2016: Jan | Feb | Mar | Apr | May | Jun | Jul | Aug | Sep | Oct | Nov | Dec 
2015: Jan | Feb | Mar | Apr | May | Jun | Jul | Aug | Sep | Oct | Nov | Dec 
2014: Jan | Feb | Mar | Apr | May | Jun | Jul | Aug | Sep | Oct | Nov | Dec 
2013: Jan | Feb | Mar | Apr | May | Jun | Jul | Aug | Sep | Oct | Nov | Dec 
2012: Jan | Feb | Mar | Apr | May | Jun | Jul | Aug | Sep | Oct | Nov | Dec 
2011: Jan | Feb | Mar | Apr | May | Jun | Jul | Aug | Sep | Oct | Nov | Dec 
2010: Jan | Feb | Mar | Apr | May | Jun | Jul | Aug | Sep | Oct | Nov | Dec 
2009: Jan | Feb | Mar | Apr | May | Jun | Jul | Aug | Sep | Oct | Nov | Dec 
2008: Jan | Feb | Mar | Apr | May | Jun | Jul | Aug | Sep | Oct | Nov | Dec 
2007: Jan | Feb | Mar | Apr | May | Jun | Jul | Aug | Sep | Oct | Nov | Dec 
2006: Jan | Feb | Mar | Apr | May | Jun | Jul | Aug | Sep | Oct | Nov | Dec 
2005: Jan | Feb | Mar | Apr | May | Jun | Jul | Aug | Sep | Oct | Nov | Dec 
2004: Jan | Feb | Mar | Apr | May | Jun | Jul | Aug | Sep | Oct | Nov | Dec 

Report for 2008
ANNUAL CLIMATOLOGICAL SUMMARY NAME: KCASARAT1 CITY: Saratoga STATE: CA ELEV: 375 ft LAT: 37 16' 28" N LONG: 122 01' 23" W TEMPERATURE (F), HEAT BASE 65.0, COOL BASE 65.0 DEP. HEAT COOL MEAN MEAN FROM DEG DEG MAX MAX MIN MIN YR MO MAX MIN MEAN NORM DAYS DAYS HI DATE LOW DATE >=90 <=32 <=32 <=0 ------------------------------------------------------------------------------------ 08 1 55.5 39.3 46.5 -3.0 573 0 63.5 19 31.6 1 0 0 1 0 08 2 62.2 40.3 50.1 -1.0 440 7 74.4 12 32.8 5 0 0 0 0 08 3 67.5 41.3 53.2 -2.2 381 16 76.1 9 35.2 31 0 0 0 0 08 4 71.1 42.9 55.9 -0.1 328 56 90.1 13 35.3 21 1 0 0 0 08 5 77.0 49.0 61.5 1.4 215 106 99.9 16 40.6 1 5 0 0 0 08 6 84.0 52.8 67.1 2.1 126 188 104.9 20 44.3 2 8 0 0 0 08 7 84.0 56.9 68.5 1.2 83 191 104.4 8 49.8 24 6 0 0 0 08 8 85.8 56.3 69.0 1.7 83 209 105.4 28 48.9 10 8 0 0 0 08 9 83.9 54.4 67.0 0.5 110 170 100.7 5 47.4 18 6 0 0 0 08 10 77.5 49.9 61.7 1.2 194 92 87.4 1 44.1 13 0 0 0 0 08 11 67.4 46.6 55.6 1.6 304 23 81.1 15 39.2 22 0 0 0 0 08 12 56.5 37.8 46.0 -4.3 589 0 65.2 11 31.0 18 0 0 1 0 ------------------------------------------------------------------------------------ 72.7 47.3 58.5 -0.1 3425 1057 105.4 AUG 31.0 DEC 34 0 2 0 PRECIPITATION (in) DEP. MAX DAYS OF RAIN FROM OBS. OVER YR MO TOTAL NORM DAY DATE .01 .1 1 --------------------------------------------- 08 1 13.52 11.92 5.52 4 17 11 5 08 2 4.50 1.20 1.42 23 8 7 2 08 3 0.10 -1.20 0.07 15 2 0 0 08 4 0.07 -1.63 0.05 2 1 0 0 08 5 0.00 -0.50 0.00 1 0 0 0 08 6 0.00 0.00 0.00 1 0 0 0 08 7 0.00 0.00 0.00 1 0 0 0 08 8 0.00 0.00 0.00 1 0 0 0 08 9 0.00 0.00 0.00 1 0 0 0 08 10 0.55 0.55 0.28 31 3 2 0 08 11 1.91 -0.59 1.07 1 5 4 1 08 12 1.64 -7.76 0.64 25 10 4 0 --------------------------------------------- 22.29 1.99 5.52 JAN 46 28 8 WIND SPEED (mph) DOM YR MO AVG. HI DATE DIR --------------------------------- 08 1 1.1 48.0 4 NW 08 2 1.0 35.0 24 NW 08 3 1.1 26.0 16 NW 08 4 1.4 22.0 19 NW 08 5 1.3 26.0 22 NW 08 6 1.3 18.0 4 N 08 7 1.1 16.0 21 N 08 8 1.0 18.0 2 N 08 9 0.8 17.0 1 NW 08 10 0.9 26.0 30 NW 08 11 0.6 25.0 1 NW 08 12 0.7 28.0 25 NW --------------------------------- 1.0 48.0 JAN NW

These reports are produced by WeatherLink V6.0.3.

deformed-offering