deformed-offering

NOAA-style climate reports

2018: Jan | Feb | Mar | Apr | May | Jun | Jul | Aug | Sep | Oct | Nov | Dec 
2017: Jan | Feb | Mar | Apr | May | Jun | Jul | Aug | Sep | Oct | Nov | Dec 
2016: Jan | Feb | Mar | Apr | May | Jun | Jul | Aug | Sep | Oct | Nov | Dec 
2015: Jan | Feb | Mar | Apr | May | Jun | Jul | Aug | Sep | Oct | Nov | Dec 
2014: Jan | Feb | Mar | Apr | May | Jun | Jul | Aug | Sep | Oct | Nov | Dec 
2013: Jan | Feb | Mar | Apr | May | Jun | Jul | Aug | Sep | Oct | Nov | Dec 
2012: Jan | Feb | Mar | Apr | May | Jun | Jul | Aug | Sep | Oct | Nov | Dec 
2011: Jan | Feb | Mar | Apr | May | Jun | Jul | Aug | Sep | Oct | Nov | Dec 
2010: Jan | Feb | Mar | Apr | May | Jun | Jul | Aug | Sep | Oct | Nov | Dec 
2009: Jan | Feb | Mar | Apr | May | Jun | Jul | Aug | Sep | Oct | Nov | Dec 
2008: Jan | Feb | Mar | Apr | May | Jun | Jul | Aug | Sep | Oct | Nov | Dec 
2007: Jan | Feb | Mar | Apr | May | Jun | Jul | Aug | Sep | Oct | Nov | Dec 
2006: Jan | Feb | Mar | Apr | May | Jun | Jul | Aug | Sep | Oct | Nov | Dec 
2005: Jan | Feb | Mar | Apr | May | Jun | Jul | Aug | Sep | Oct | Nov | Dec 
2004: Jan | Feb | Mar | Apr | May | Jun | Jul | Aug | Sep | Oct | Nov | Dec 

Report for 2007 08
MONTHLY CLIMATOLOGICAL SUMMARY for AUG. 2007 NAME: KCASARAT1 CITY: Saratoga STATE: CA ELEV: 375 ft LAT: 37 16' 28" N LONG: 122 01' 23" W TEMPERATURE (F), RAIN (in), WIND SPEED (mph) HEAT COOL AVG MEAN DEG DEG WIND DOM DAY TEMP HIGH TIME LOW TIME DAYS DAYS RAIN SPEED HIGH TIME DIR ------------------------------------------------------------------------------------ 1 67.4 85.1 3:50p 56.7 7:20a 3.0 5.5 0.00 0.9 11.0 1:35p N 2 68.4 82.6 12:50p 59.6 6:45a 1.9 5.3 0.00 0.9 14.0 2:05p NNW 3 71.0 91.2 4:20p 56.0 3:05a 2.5 8.5 0.00 0.5 11.0 1:55p N 4 70.5 89.0 2:50p 55.3 6:25a 2.3 7.9 0.00 0.8 11.0 3:35p N 5 63.7 75.4 3:35p 55.7 6:30a 3.8 2.5 0.00 1.5 13.0 12:35p N 6 62.6 73.7 2:25p 55.3 12:00m 4.0 1.6 0.00 1.3 16.0 3:00p NW 7 62.5 74.9 2:35p 52.3 3:15a 4.7 2.2 0.00 1.1 13.0 3:20p N 8 62.6 77.2 1:45p 49.5 6:25a 5.3 2.8 0.00 1.0 13.0 3:25p N 9 68.0 84.9 3:45p 58.1 6:35a 2.6 5.6 0.00 0.8 11.0 3:10p N 10 67.2 86.1 2:25p 52.0 6:20a 3.8 6.0 0.00 0.6 11.0 3:40p N 11 63.4 75.8 3:35p 51.3 6:20a 4.6 2.9 0.00 1.0 14.0 5:50p N 12 63.7 77.7 12:50p 51.9 4:00a 4.6 3.2 0.00 0.8 13.0 2:15p N 13 65.2 81.8 4:25p 48.9 6:15a 4.9 5.1 0.00 0.7 11.0 1:55p N 14 65.8 84.0 2:05p 48.6 6:20a 4.6 5.3 0.00 0.7 10.0 2:20p N 15 66.2 79.9 2:05p 54.1 5:30a 3.3 4.5 0.00 0.8 12.0 1:30p N 16 66.3 83.6 4:25p 53.5 6:35a 3.5 4.9 0.00 0.8 13.0 12:10p NW 17 65.9 82.8 3:25p 49.8 6:10a 4.7 5.6 0.00 0.8 12.0 3:45p E 18 65.1 79.6 2:25p 50.5 5:55a 4.5 4.6 0.00 1.1 14.0 6:55p N 19 66.2 81.6 2:15p 51.0 5:50a 4.0 5.2 0.00 0.9 13.0 1:30p N 20 71.0 85.7 1:35p 58.7 5:45a 1.3 7.3 0.00 0.8 12.0 2:45p N 21 72.2 91.6 2:55p 56.3 6:10a 1.8 9.0 0.00 0.6 11.0 1:40p N 22 71.1 91.0 3:35p 58.4 5:10a 1.6 7.7 0.00 0.7 12.0 4:30p N 23 68.6 88.2 3:35p 54.5 6:35a 2.8 6.4 0.00 1.1 13.0 12:40p N 24 68.0 84.9 2:25p 56.2 5:40a 2.7 5.7 0.00 0.9 13.0 3:15p NNW 25 66.9 78.6 2:10p 58.1 4:50a 2.0 4.0 0.00 1.0 12.0 2:05p N 26 67.3 83.0 2:15p 59.9 12:00m 1.7 4.0 0.00 0.8 12.0 2:15p N 27 68.7 85.9 4:25p 53.6 4:25a 3.1 6.8 0.00 0.6 10.0 1:45p N 28 75.1 94.5 3:20p 58.7 6:05a 1.2 11.3 0.00 0.6 10.0 1:00p N 29 78.5 98.2 3:10p 63.2 6:50a 0.1 13.6 0.00 0.5 9.0 1:45p N 30 78.1 98.2 1:25p 64.3 6:50a 0.0 13.1 0.00 0.7 12.0 2:45p NW 31 76.3 90.3 1:30p 65.8 12:00m 0.0 11.3 0.00 0.7 11.0 2:00p N ------------------------------------------------------------------------------------- 68.2 98.2 29 48.6 14 90.9 189.4 0.00 0.8 16.0 6 N Max >= 90.0: 7 Max <= 32.0: 0 Min <= 32.0: 0 Min <= 0.0: 0 Max Rain: 0.00 ON 08/01/07 Days of Rain: 0 (>.01 in) 0 (>.1 in) 0 (>1 in) Heat Base: 65.0 Cool Base: 65.0 Method: Integration

These reports are produced by WeatherLink V6.0.3.

deformed-offering