deformed-offering

NOAA-style climate reports

2018: Jan | Feb | Mar | Apr | May | Jun | Jul | Aug | Sep | Oct | Nov | Dec 
2017: Jan | Feb | Mar | Apr | May | Jun | Jul | Aug | Sep | Oct | Nov | Dec 
2016: Jan | Feb | Mar | Apr | May | Jun | Jul | Aug | Sep | Oct | Nov | Dec 
2015: Jan | Feb | Mar | Apr | May | Jun | Jul | Aug | Sep | Oct | Nov | Dec 
2014: Jan | Feb | Mar | Apr | May | Jun | Jul | Aug | Sep | Oct | Nov | Dec 
2013: Jan | Feb | Mar | Apr | May | Jun | Jul | Aug | Sep | Oct | Nov | Dec 
2012: Jan | Feb | Mar | Apr | May | Jun | Jul | Aug | Sep | Oct | Nov | Dec 
2011: Jan | Feb | Mar | Apr | May | Jun | Jul | Aug | Sep | Oct | Nov | Dec 
2010: Jan | Feb | Mar | Apr | May | Jun | Jul | Aug | Sep | Oct | Nov | Dec 
2009: Jan | Feb | Mar | Apr | May | Jun | Jul | Aug | Sep | Oct | Nov | Dec 
2008: Jan | Feb | Mar | Apr | May | Jun | Jul | Aug | Sep | Oct | Nov | Dec 
2007: Jan | Feb | Mar | Apr | May | Jun | Jul | Aug | Sep | Oct | Nov | Dec 
2006: Jan | Feb | Mar | Apr | May | Jun | Jul | Aug | Sep | Oct | Nov | Dec 
2005: Jan | Feb | Mar | Apr | May | Jun | Jul | Aug | Sep | Oct | Nov | Dec 
2004: Jan | Feb | Mar | Apr | May | Jun | Jul | Aug | Sep | Oct | Nov | Dec 

Report for 2007 07
MONTHLY CLIMATOLOGICAL SUMMARY for JUL. 2007 NAME: KCASARAT1 CITY: Saratoga STATE: CA ELEV: 375 ft LAT: 37 16' 28" N LONG: 122 01' 23" W TEMPERATURE (F), RAIN (in), WIND SPEED (mph) HEAT COOL AVG MEAN DEG DEG WIND DOM DAY TEMP HIGH TIME LOW TIME DAYS DAYS RAIN SPEED HIGH TIME DIR ------------------------------------------------------------------------------------ 1 63.7 78.5 2:35p 48.2 5:45a 5.2 3.8 0.00 1.0 13.0 1:25p N 2 69.5 87.0 3:00p 51.6 5:25a 3.5 7.9 0.00 1.1 14.0 6:40p N 3 68.2 81.6 3:45p 54.8 6:00a 2.4 5.5 0.00 0.8 11.0 1:30p N 4 74.3 96.1 3:15p 54.4 5:35a 2.5 11.8 0.00 0.5 10.0 3:20p N 5 77.4 99.0 3:10p 59.2 6:05a 0.7 13.1 0.00 0.6 12.0 2:50p NNE 6 71.7 89.7 12:50p 58.9 6:20a 1.1 7.8 0.00 0.9 11.0 2:40p NNW 7 64.1 81.6 1:25p 55.4 4:55a 4.0 3.1 0.00 1.4 13.0 3:45p E 8 67.5 89.7 3:05p 53.1 6:05a 3.9 6.4 0.00 0.8 11.0 3:50p N 9 67.4 81.2 3:05p 55.9 3:20a 2.8 5.3 0.00 0.9 11.0 12:45p N 10 66.2 81.6 1:30p 56.7 3:25a 2.5 3.7 0.00 0.8 11.0 11:05a N 11 67.8 81.2 2:20p 58.7 6:20a 1.6 4.4 0.00 1.5 16.0 5:05p ESE 12 67.4 79.8 2:20p 56.7 2:15a 2.0 4.4 0.00 1.1 16.0 2:50p N 13 68.7 84.3 2:15p 54.5 4:55a 2.7 6.4 0.00 1.1 13.0 4:15p N 14 67.9 81.4 2:50p 56.7 6:10a 1.9 4.8 0.00 1.1 13.0 3:00p N 15 69.9 84.1 3:05p 56.0 6:00a 1.8 6.8 0.00 1.1 13.0 2:20p N 16 66.3 78.3 4:00p 56.6 4:30a 2.6 3.9 0.00 1.3 13.0 1:25p N 17 67.6 81.1 2:30p 54.7 6:10a 2.7 5.3 0.00 1.1 17.0 3:00p N 18 67.1 76.1 4:40p 57.3 12:00m 0.6 2.7 0.01 0.7 13.0 6:15p NW 19 67.1 82.0 4:30p 53.2 6:05a 3.5 5.6 0.00 1.3 14.0 3:10p N 20 67.4 81.6 3:35p 53.1 5:40a 3.0 5.4 0.00 1.2 16.0 3:15p N 21 69.8 82.0 3:15p 58.9 4:00a 1.1 5.9 0.00 1.1 13.0 1:40p N 22 70.2 83.4 2:40p 59.9 6:20a 0.7 5.9 0.00 0.9 12.0 5:10p N 23 72.4 85.9 2:35p 63.2 5:05a 0.2 7.6 0.00 0.8 13.0 12:05p N 24 69.3 83.4 11:55a 60.9 9:35p 1.0 5.4 0.00 1.0 14.0 2:15p N 25 65.7 77.7 2:15p 59.3 6:15a 2.5 3.2 0.00 1.0 13.0 3:00p NW 26 67.0 84.0 3:00p 58.7 7:45a 2.6 4.7 0.00 0.9 12.0 3:40p N 27 69.2 87.4 3:15p 58.3 7:05a 2.2 6.4 0.00 0.8 11.0 3:30p N 28 68.2 87.8 2:15p 54.7 3:40a 3.1 6.3 0.00 0.7 11.0 3:00p N 29 67.2 84.1 12:50p 53.1 5:45a 3.4 5.7 0.00 0.8 13.0 1:35p N 30 68.9 88.2 3:10p 53.5 5:25a 3.3 7.3 0.00 0.6 11.0 4:00p N 31 68.4 86.1 2:05p 55.0 5:35a 2.8 6.2 0.00 0.8 14.0 2:20p N ------------------------------------------------------------------------------------- 68.5 99.0 5 48.2 1 73.9 182.7 0.01 1.0 17.0 17 N Max >= 90.0: 2 Max <= 32.0: 0 Min <= 32.0: 0 Min <= 0.0: 0 Max Rain: 0.01 ON 07/18/07 Days of Rain: 0 (>.01 in) 0 (>.1 in) 0 (>1 in) Heat Base: 65.0 Cool Base: 65.0 Method: Integration

These reports are produced by WeatherLink V6.0.3.

deformed-offering