deformed-offering

NOAA-style climate reports

2018: Jan | Feb | Mar | Apr | May | Jun | Jul | Aug | Sep | Oct | Nov | Dec 
2017: Jan | Feb | Mar | Apr | May | Jun | Jul | Aug | Sep | Oct | Nov | Dec 
2016: Jan | Feb | Mar | Apr | May | Jun | Jul | Aug | Sep | Oct | Nov | Dec 
2015: Jan | Feb | Mar | Apr | May | Jun | Jul | Aug | Sep | Oct | Nov | Dec 
2014: Jan | Feb | Mar | Apr | May | Jun | Jul | Aug | Sep | Oct | Nov | Dec 
2013: Jan | Feb | Mar | Apr | May | Jun | Jul | Aug | Sep | Oct | Nov | Dec 
2012: Jan | Feb | Mar | Apr | May | Jun | Jul | Aug | Sep | Oct | Nov | Dec 
2011: Jan | Feb | Mar | Apr | May | Jun | Jul | Aug | Sep | Oct | Nov | Dec 
2010: Jan | Feb | Mar | Apr | May | Jun | Jul | Aug | Sep | Oct | Nov | Dec 
2009: Jan | Feb | Mar | Apr | May | Jun | Jul | Aug | Sep | Oct | Nov | Dec 
2008: Jan | Feb | Mar | Apr | May | Jun | Jul | Aug | Sep | Oct | Nov | Dec 
2007: Jan | Feb | Mar | Apr | May | Jun | Jul | Aug | Sep | Oct | Nov | Dec 
2006: Jan | Feb | Mar | Apr | May | Jun | Jul | Aug | Sep | Oct | Nov | Dec 
2005: Jan | Feb | Mar | Apr | May | Jun | Jul | Aug | Sep | Oct | Nov | Dec 
2004: Jan | Feb | Mar | Apr | May | Jun | Jul | Aug | Sep | Oct | Nov | Dec 

Report for 2007 05
MONTHLY CLIMATOLOGICAL SUMMARY for MAY. 2007 NAME: KCASARAT1 CITY: Saratoga STATE: CA ELEV: 375 ft LAT: 37 16' 28" N LONG: 122 01' 23" W TEMPERATURE (F), RAIN (in), WIND SPEED (mph) HEAT COOL AVG MEAN DEG DEG WIND DOM DAY TEMP HIGH TIME LOW TIME DAYS DAYS RAIN SPEED HIGH TIME DIR ------------------------------------------------------------------------------------ 1 58.3 73.7 4:15p 42.2 6:15a 8.3 1.6 0.00 0.8 14.0 2:35p NW 2 57.9 70.1 2:20p 47.3 11:55p 7.5 0.4 0.03 1.1 17.0 3:00p NW 3 53.3 66.4 2:25p 42.6 4:55a 11.7 0.0 0.00 1.3 14.0 8:25a NW 4 53.7 62.6 5:05p 46.0 11:50p 11.3 0.0 0.01 1.4 17.0 11:10a NW 5 58.5 73.3 2:45p 42.2 6:00a 8.4 1.9 0.00 2.6 24.0 1:55p NW 6 68.1 86.5 4:10p 47.1 5:30a 4.7 7.9 0.00 1.4 16.0 5:10p NW 7 74.3 92.9 3:30p 55.9 6:00a 1.7 11.0 0.00 0.7 11.0 1:40p N 8 72.5 89.5 2:15p 55.6 6:10a 1.9 9.4 0.00 0.8 13.0 3:40p N 9 65.0 82.2 2:25p 51.6 6:20a 4.7 4.6 0.00 1.0 11.0 12:05p NW 10 60.0 71.3 1:10p 51.7 12:00m 6.0 1.1 0.00 1.2 12.0 1:35p NW 11 57.0 72.7 12:45p 47.4 2:15a 8.8 0.8 0.00 1.0 13.0 1:35p N 12 55.8 68.1 2:15p 47.3 11:40p 9.5 0.3 0.00 1.3 18.0 3:35p W 13 58.8 80.1 2:20p 41.2 6:15a 9.2 3.0 0.00 1.0 14.0 2:35p N 14 59.4 76.8 2:50p 45.2 6:15a 8.0 2.4 0.00 0.8 10.0 12:35p N 15 56.2 66.1 3:50p 49.9 1:55a 8.8 0.0 0.00 1.0 13.0 4:20p N 16 59.1 73.9 1:15p 46.7 6:30a 7.5 1.6 0.00 0.8 12.0 2:30p NNW 17 59.3 71.5 3:35p 47.1 6:15a 7.0 1.3 0.00 1.0 12.0 4:10p N 18 60.5 74.9 3:25p 46.5 5:45a 6.7 2.3 0.00 1.3 17.0 4:30p N 19 60.3 73.7 1:45p 49.1 5:55a 6.4 1.7 0.00 0.9 12.0 2:20p N 20 61.0 79.0 3:30p 47.4 5:05a 6.7 2.7 0.00 0.7 16.0 2:45p E 21 64.7 82.2 3:15p 53.2 6:35a 4.8 4.5 0.00 1.1 18.0 3:45p NNW 22 65.3 84.5 3:55p 47.0 5:55a 5.6 5.9 0.00 1.4 15.0 3:10p NW 23 69.4 87.2 3:25p 51.1 4:45a 3.9 8.3 0.00 1.1 17.0 1:10p NW 24 66.1 90.5 1:45p 50.7 5:30a 4.4 5.5 0.00 0.8 13.0 2:05p N 25 61.1 77.6 2:25p 48.5 5:35a 6.3 2.5 0.00 0.9 10.0 12:25p N 26 61.9 78.3 2:40p 55.0 12:15a 5.6 2.5 0.00 1.0 11.0 2:40p N 27 61.9 76.8 1:35p 53.5 12:00m 5.1 2.0 0.00 1.1 16.0 1:50p ESE 28 62.9 80.5 1:50p 47.4 6:05a 6.1 3.9 0.00 0.9 11.0 2:30p N 29 61.3 78.1 2:20p 51.0 4:15a 6.1 2.3 0.00 1.1 13.0 2:30p N 30 59.4 71.1 1:05p 53.1 4:40a 6.2 0.7 0.00 1.4 14.0 2:15p ESE 31 59.6 70.8 1:00p 53.5 6:30a 6.1 0.6 0.00 1.0 13.0 1:30p N ------------------------------------------------------------------------------------- 61.4 92.9 7 41.2 13 205.0 92.7 0.04 1.1 24.0 5 N Max >= 90.0: 2 Max <= 32.0: 0 Min <= 32.0: 0 Min <= 0.0: 0 Max Rain: 0.03 ON 05/02/07 Days of Rain: 1 (>.01 in) 0 (>.1 in) 0 (>1 in) Heat Base: 65.0 Cool Base: 65.0 Method: Integration

These reports are produced by WeatherLink V6.0.3.

deformed-offering