deformed-offering

NOAA-style climate reports

2018: Jan | Feb | Mar | Apr | May | Jun | Jul | Aug | Sep | Oct | Nov | Dec 
2017: Jan | Feb | Mar | Apr | May | Jun | Jul | Aug | Sep | Oct | Nov | Dec 
2016: Jan | Feb | Mar | Apr | May | Jun | Jul | Aug | Sep | Oct | Nov | Dec 
2015: Jan | Feb | Mar | Apr | May | Jun | Jul | Aug | Sep | Oct | Nov | Dec 
2014: Jan | Feb | Mar | Apr | May | Jun | Jul | Aug | Sep | Oct | Nov | Dec 
2013: Jan | Feb | Mar | Apr | May | Jun | Jul | Aug | Sep | Oct | Nov | Dec 
2012: Jan | Feb | Mar | Apr | May | Jun | Jul | Aug | Sep | Oct | Nov | Dec 
2011: Jan | Feb | Mar | Apr | May | Jun | Jul | Aug | Sep | Oct | Nov | Dec 
2010: Jan | Feb | Mar | Apr | May | Jun | Jul | Aug | Sep | Oct | Nov | Dec 
2009: Jan | Feb | Mar | Apr | May | Jun | Jul | Aug | Sep | Oct | Nov | Dec 
2008: Jan | Feb | Mar | Apr | May | Jun | Jul | Aug | Sep | Oct | Nov | Dec 
2007: Jan | Feb | Mar | Apr | May | Jun | Jul | Aug | Sep | Oct | Nov | Dec 
2006: Jan | Feb | Mar | Apr | May | Jun | Jul | Aug | Sep | Oct | Nov | Dec 
2005: Jan | Feb | Mar | Apr | May | Jun | Jul | Aug | Sep | Oct | Nov | Dec 
2004: Jan | Feb | Mar | Apr | May | Jun | Jul | Aug | Sep | Oct | Nov | Dec 

Report for 2007
ANNUAL CLIMATOLOGICAL SUMMARY NAME: KCASARAT1 CITY: Saratoga STATE: CA ELEV: 375 ft LAT: 37 16' 28" N LONG: 122 01' 23" W TEMPERATURE (F), HEAT BASE 65.0, COOL BASE 65.0 DEP. HEAT COOL MEAN MEAN FROM DEG DEG MAX MAX MIN MIN YR MO MAX MIN MEAN NORM DAYS DAYS HI DATE LOW DATE >=90 <=32 <=32 <=0 ------------------------------------------------------------------------------------ 07 1 58.7 35.8 45.9 -3.6 592 0 66.6 8 25.1 13 0 0 7 0 07 2 60.9 42.1 50.5 -0.6 411 5 74.9 17 34.7 28 0 0 0 0 07 3 71.6 43.9 56.2 0.8 318 46 83.2 16 34.3 1 0 0 0 0 07 4 71.3 44.7 56.7 0.7 288 45 93.2 28 39.1 19 1 0 0 0 07 5 76.9 48.8 61.4 1.3 205 93 92.9 7 41.2 13 2 0 0 0 07 6 81.9 51.5 65.5 0.5 134 149 100.4 14 44.3 8 5 0 0 0 07 7 84.1 56.2 68.5 1.2 74 183 99.0 5 48.2 1 2 0 0 0 07 8 84.4 55.4 68.2 0.9 91 189 98.2 29 48.6 14 7 0 0 0 07 9 79.3 53.5 64.6 -1.9 129 116 97.3 2 45.1 20 4 0 0 0 07 10 72.6 48.1 58.6 -1.9 245 47 86.1 24 40.9 6 0 0 0 0 07 11 68.3 43.5 53.9 -0.1 351 19 79.0 3 36.0 30 0 0 0 0 07 12 56.9 38.6 47.2 -3.1 552 0 65.2 5 31.6 22 0 0 2 0 ------------------------------------------------------------------------------------ 72.3 46.9 58.1 -0.5 3391 892 100.4 JUN 25.1 JAN 21 0 9 0 PRECIPITATION (in) DEP. MAX DAYS OF RAIN FROM OBS. OVER YR MO TOTAL NORM DAY DATE .01 .1 1 --------------------------------------------- 07 1 0.67 -0.93 0.41 27 5 1 0 07 2 3.48 0.18 0.79 10 13 10 0 07 3 0.21 -1.09 0.09 20 3 0 0 07 4 0.53 -1.17 0.21 22 6 2 0 07 5 0.04 -0.46 0.03 2 1 0 0 07 6 0.00 0.00 0.00 1 0 0 0 07 7 0.01 0.01 0.01 18 0 0 0 07 8 0.00 0.00 0.00 1 0 0 0 07 9 0.41 0.41 0.40 22 1 1 0 07 10 0.92 0.92 0.47 10 4 2 0 07 11 0.36 -2.14 0.17 10 2 2 0 07 12 1.66 -7.74 0.79 18 8 5 0 --------------------------------------------- 8.29-12.01 0.79 FEB 43 23 0 WIND SPEED (mph) DOM YR MO AVG. HI DATE DIR --------------------------------- 07 1 0.5 24.0 5 NW 07 2 0.9 20.0 7 NW 07 3 0.7 25.0 27 NW 07 4 1.1 21.0 15 NW 07 5 1.1 24.0 5 N 07 6 1.0 25.0 6 N 07 7 1.0 17.0 17 N 07 8 0.8 16.0 6 N 07 9 0.7 20.0 19 NW 07 10 0.7 28.0 10 NW 07 11 0.5 19.0 28 NW 07 12 0.9 27.0 19 NW --------------------------------- 0.8 28.0 OCT NW

These reports are produced by WeatherLink V6.0.3.

deformed-offering